{"id":1024,"date":"2022-10-17T14:50:11","date_gmt":"2022-10-17T14:50:11","guid":{"rendered":"https:\/\/semanamundial.com\/directo\/"},"modified":"2025-04-03T13:41:12","modified_gmt":"2025-04-03T11:41:12","slug":"semana-mundial-2024","status":"publish","type":"page","link":"https:\/\/semanamundial.com\/ca\/semana-mundial-2024\/","title":{"rendered":"Semana Mundial 2024"},"content":{"rendered":"\t\t<div data-elementor-type=\"wp-page\" data-elementor-id=\"1024\" class=\"elementor elementor-1024 elementor-945\">\n\t\t\t\t\t\t<section class=\"elementor-section elementor-top-section elementor-element elementor-element-393e25e elementor-section-boxed elementor-section-height-default elementor-section-height-default\" data-id=\"393e25e\" data-element_type=\"section\">\n\t\t\t\t\t\t<div class=\"elementor-container elementor-column-gap-default\">\n\t\t\t\t\t<div class=\"aux-parallax-section elementor-column elementor-col-100 elementor-top-column elementor-element elementor-element-5aba191\" data-id=\"5aba191\" data-element_type=\"column\">\n\t\t\t<div class=\"elementor-widget-wrap elementor-element-populated\">\n\t\t\t\t\t\t<div class=\"elementor-element elementor-element-99135b5 elementor-widget elementor-widget-heading\" data-id=\"99135b5\" data-element_type=\"widget\" data-widget_type=\"heading.default\">\n\t\t\t\t<div class=\"elementor-widget-container\">\n\t\t\t\t\t<h2 class=\"elementor-heading-title elementor-size-default\">LA SEMANA MUNDIAL, PUNTO DE ENCUENTRO DEL SEGURO<\/h2>\t\t\t\t<\/div>\n\t\t\t\t<\/div>\n\t\t\t\t\t<\/div>\n\t\t<\/div>\n\t\t\t\t\t<\/div>\n\t\t<\/section>\n\t\t\t\t<section class=\"elementor-section elementor-top-section elementor-element elementor-element-2fcd7d3 elementor-section-boxed elementor-section-height-default elementor-section-height-default\" data-id=\"2fcd7d3\" data-element_type=\"section\">\n\t\t\t\t\t\t<div class=\"elementor-container elementor-column-gap-default\">\n\t\t\t\t\t<div class=\"aux-parallax-section elementor-column elementor-col-100 elementor-top-column elementor-element elementor-element-67d795d\" data-id=\"67d795d\" data-element_type=\"column\">\n\t\t\t<div class=\"elementor-widget-wrap elementor-element-populated\">\n\t\t\t\t\t\t<div class=\"elementor-element elementor-element-54157f2 elementor-widget elementor-widget-video\" data-id=\"54157f2\" data-element_type=\"widget\" data-settings=\"{&quot;youtube_url&quot;:&quot;https:\\\/\\\/youtu.be\\\/P7KJqE7stjw?si=ozvT8ETLG-gTY9Fx&quot;,&quot;video_type&quot;:&quot;youtube&quot;,&quot;controls&quot;:&quot;yes&quot;}\" data-widget_type=\"video.default\">\n\t\t\t\t<div class=\"elementor-widget-container\">\n\t\t\t\t\t\t\t<div class=\"elementor-wrapper elementor-open-inline\">\n\t\t\t<div class=\"elementor-video\"><\/div>\t\t<\/div>\n\t\t\t\t\t\t<\/div>\n\t\t\t\t<\/div>\n\t\t\t\t\t<\/div>\n\t\t<\/div>\n\t\t\t\t\t<\/div>\n\t\t<\/section>\n\t\t\t\t<section class=\"elementor-section elementor-top-section elementor-element elementor-element-0c25559 elementor-section-boxed elementor-section-height-default elementor-section-height-default\" data-id=\"0c25559\" data-element_type=\"section\">\n\t\t\t\t\t\t<div class=\"elementor-container elementor-column-gap-default\">\n\t\t\t\t\t<div class=\"aux-parallax-section elementor-column elementor-col-100 elementor-top-column elementor-element elementor-element-cc019c1\" data-id=\"cc019c1\" data-element_type=\"column\">\n\t\t\t<div class=\"elementor-widget-wrap elementor-element-populated\">\n\t\t\t\t\t\t<div class=\"elementor-element elementor-element-23b38e1 elementor-widget elementor-widget-text-editor\" data-id=\"23b38e1\" data-element_type=\"widget\" data-widget_type=\"text-editor.default\">\n\t\t\t\t<div class=\"elementor-widget-container\">\n\t\t\t\t\t\t\t\t\t<p>La Semana Mundial del Col\u00b7legi de Mediadors d\u2019Assegurances de Barcelona es un evento anual de gran relevancia en el \u00e1mbito de la mediaci\u00f3n de seguros. Organizado por el Col\u00b7legi, este acto tiene como objetivo principal promover y destacar la importancia de la figura del mediador en el sector asegurador. La edici\u00f3n de 2024 es especial porque se cumplen cincuenta a\u00f1os desde su nacimiento.<\/p><p>La duraci\u00f3n de la Semana Mundial suele ser de un d\u00eda, aunque durante a\u00f1os se ha extendido a una segunda jornada. El evento contiene diversas actividades en m\u00faltiples formatos como conferencias, talleres, mesas redondas o entrevistas a personas notables del mundo de los seguros y de las empresas en general. Expertos nacionales e internacionales son invitados cada a\u00f1o a compartir sus conocimientos y experiencias, ofreciendo una valiosa oportunidad de aprendizaje y networking para los asistentes.<\/p><p>La Semana Mundial del Col\u00b7legi de Barcelona es probablemente el mayor evento del mundo asegurador que se realiza en Espa\u00f1a. Cada a\u00f1o se re\u00fanen representantes de la mediaci\u00f3n junto a los principales ejecutivos de las compa\u00f1\u00edas y a representantes de las distintas Administraciones p\u00fablicas. Uno de los objetivos de este evento es poner en valor la figura de los mediadores, que son los intermediarios entre las compa\u00f1\u00edas aseguradoras y los clientes y proporcionan asesoramiento experto y personalizado para garantizar que se obtenga la cobertura m\u00e1s adecuada seg\u00fan las necesidades individuales.<\/p><p>A lo largo de los cincuenta a\u00f1os de existencia, la Semana Mundial ha tenido como sede diversos puntos emblem\u00e1ticos de Barcelona como el Gran Teatre del Liceu, el Teatre Nacional, el Camp Nou, el Palau de la M\u00fasica o el Museu Nacional d\u2019Art de Catalunya (MNAC), entre muchos otros.<\/p>\t\t\t\t\t\t\t\t<\/div>\n\t\t\t\t<\/div>\n\t\t\t\t\t<\/div>\n\t\t<\/div>\n\t\t\t\t\t<\/div>\n\t\t<\/section>\n\t\t\t\t<\/div>\n\t\t","protected":false},"excerpt":{"rendered":"<p>LA SEMANA MUNDIAL, PUNTO DE ENCUENTRO DEL SEGURO https:\/\/youtu.be\/P7KJqE7stjw?si=ozvT8ETLG-gTY9Fx La Semana Mundial del Col\u00b7legi de Mediadors d\u2019Assegurances de Barcelona es un evento anual de gran relevancia en el \u00e1mbito de la mediaci\u00f3n de seguros. Organizado por el Col\u00b7legi, este acto tiene como objetivo principal promover y destacar la importancia de la figura del mediador en [&hellip;]<\/p>\n","protected":false},"author":1,"featured_media":0,"parent":0,"menu_order":0,"comment_status":"closed","ping_status":"closed","template":"","meta":{"footnotes":""},"class_list":["post-1024","page","type-page","status-publish","hentry"],"yoast_head":"<!-- This site is optimized with the Yoast SEO plugin v26.6 - https:\/\/yoast.com\/wordpress\/plugins\/seo\/ -->\n<title>Semana Mundial 2024 - Semana Mundial 2025<\/title>\n<meta name=\"robots\" content=\"index, follow, max-snippet:-1, max-image-preview:large, max-video-preview:-1\" \/>\n<link rel=\"canonical\" href=\"https:\/\/semanamundial.com\/ca\/semana-mundial-2024\/\" \/>\n<meta property=\"og:locale\" content=\"ca_ES\" \/>\n<meta property=\"og:type\" content=\"article\" \/>\n<meta property=\"og:title\" content=\"Semana Mundial 2024 - Semana Mundial 2025\" \/>\n<meta property=\"og:description\" content=\"LA SEMANA MUNDIAL, PUNTO DE ENCUENTRO DEL SEGURO https:\/\/youtu.be\/P7KJqE7stjw?si=ozvT8ETLG-gTY9Fx La Semana Mundial del Col\u00b7legi de Mediadors d\u2019Assegurances de Barcelona es un evento anual de gran relevancia en el \u00e1mbito de la mediaci\u00f3n de seguros. Organizado por el Col\u00b7legi, este acto tiene como objetivo principal promover y destacar la importancia de la figura del mediador en [&hellip;]\" \/>\n<meta property=\"og:url\" content=\"https:\/\/semanamundial.com\/ca\/semana-mundial-2024\/\" \/>\n<meta property=\"og:site_name\" content=\"Semana Mundial 2025\" \/>\n<meta property=\"article:modified_time\" content=\"2025-04-03T11:41:12+00:00\" \/>\n<meta name=\"twitter:card\" content=\"summary_large_image\" \/>\n<meta name=\"twitter:label1\" content=\"Temps estimat de lectura\" \/>\n\t<meta name=\"twitter:data1\" content=\"1 minut\" \/>\n<script type=\"application\/ld+json\" class=\"yoast-schema-graph\">{\"@context\":\"https:\/\/schema.org\",\"@graph\":[{\"@type\":\"WebPage\",\"@id\":\"https:\/\/semanamundial.com\/ca\/semana-mundial-2024\/\",\"url\":\"https:\/\/semanamundial.com\/ca\/semana-mundial-2024\/\",\"name\":\"Semana Mundial 2024 - Semana Mundial 2025\",\"isPartOf\":{\"@id\":\"https:\/\/semanamundial.com\/ca\/#website\"},\"datePublished\":\"2022-10-17T14:50:11+00:00\",\"dateModified\":\"2025-04-03T11:41:12+00:00\",\"breadcrumb\":{\"@id\":\"https:\/\/semanamundial.com\/ca\/semana-mundial-2024\/#breadcrumb\"},\"inLanguage\":\"ca\",\"potentialAction\":[{\"@type\":\"ReadAction\",\"target\":[\"https:\/\/semanamundial.com\/ca\/semana-mundial-2024\/\"]}]},{\"@type\":\"BreadcrumbList\",\"@id\":\"https:\/\/semanamundial.com\/ca\/semana-mundial-2024\/#breadcrumb\",\"itemListElement\":[{\"@type\":\"ListItem\",\"position\":1,\"name\":\"Portada\",\"item\":\"https:\/\/semanamundial.com\/ca\/\"},{\"@type\":\"ListItem\",\"position\":2,\"name\":\"Semana Mundial 2024\"}]},{\"@type\":\"WebSite\",\"@id\":\"https:\/\/semanamundial.com\/ca\/#website\",\"url\":\"https:\/\/semanamundial.com\/ca\/\",\"name\":\"Semana Mundial 2025\",\"description\":\"\",\"publisher\":{\"@id\":\"https:\/\/semanamundial.com\/ca\/#organization\"},\"potentialAction\":[{\"@type\":\"SearchAction\",\"target\":{\"@type\":\"EntryPoint\",\"urlTemplate\":\"https:\/\/semanamundial.com\/ca\/?s={search_term_string}\"},\"query-input\":{\"@type\":\"PropertyValueSpecification\",\"valueRequired\":true,\"valueName\":\"search_term_string\"}}],\"inLanguage\":\"ca\"},{\"@type\":\"Organization\",\"@id\":\"https:\/\/semanamundial.com\/ca\/#organization\",\"name\":\"Semana Mundial 2025\",\"url\":\"https:\/\/semanamundial.com\/ca\/\",\"logo\":{\"@type\":\"ImageObject\",\"inLanguage\":\"ca\",\"@id\":\"https:\/\/semanamundial.com\/ca\/#\/schema\/logo\/image\/\",\"url\":\"https:\/\/semanamundial.com\/wp-content\/uploads\/2025\/03\/LOGOS-SM24-CAT-05-e1743008465107.png\",\"contentUrl\":\"https:\/\/semanamundial.com\/wp-content\/uploads\/2025\/03\/LOGOS-SM24-CAT-05-e1743008465107.png\",\"width\":150,\"height\":102,\"caption\":\"Semana Mundial 2025\"},\"image\":{\"@id\":\"https:\/\/semanamundial.com\/ca\/#\/schema\/logo\/image\/\"}}]}<\/script>\n<!-- \/ Yoast SEO plugin. -->","yoast_head_json":{"title":"Semana Mundial 2024 - Semana Mundial 2025","robots":{"index":"index","follow":"follow","max-snippet":"max-snippet:-1","max-image-preview":"max-image-preview:large","max-video-preview":"max-video-preview:-1"},"canonical":"https:\/\/semanamundial.com\/ca\/semana-mundial-2024\/","og_locale":"ca_ES","og_type":"article","og_title":"Semana Mundial 2024 - Semana Mundial 2025","og_description":"LA SEMANA MUNDIAL, PUNTO DE ENCUENTRO DEL SEGURO https:\/\/youtu.be\/P7KJqE7stjw?si=ozvT8ETLG-gTY9Fx La Semana Mundial del Col\u00b7legi de Mediadors d\u2019Assegurances de Barcelona es un evento anual de gran relevancia en el \u00e1mbito de la mediaci\u00f3n de seguros. Organizado por el Col\u00b7legi, este acto tiene como objetivo principal promover y destacar la importancia de la figura del mediador en [&hellip;]","og_url":"https:\/\/semanamundial.com\/ca\/semana-mundial-2024\/","og_site_name":"Semana Mundial 2025","article_modified_time":"2025-04-03T11:41:12+00:00","twitter_card":"summary_large_image","twitter_misc":{"Temps estimat de lectura":"1 minut"},"schema":{"@context":"https:\/\/schema.org","@graph":[{"@type":"WebPage","@id":"https:\/\/semanamundial.com\/ca\/semana-mundial-2024\/","url":"https:\/\/semanamundial.com\/ca\/semana-mundial-2024\/","name":"Semana Mundial 2024 - Semana Mundial 2025","isPartOf":{"@id":"https:\/\/semanamundial.com\/ca\/#website"},"datePublished":"2022-10-17T14:50:11+00:00","dateModified":"2025-04-03T11:41:12+00:00","breadcrumb":{"@id":"https:\/\/semanamundial.com\/ca\/semana-mundial-2024\/#breadcrumb"},"inLanguage":"ca","potentialAction":[{"@type":"ReadAction","target":["https:\/\/semanamundial.com\/ca\/semana-mundial-2024\/"]}]},{"@type":"BreadcrumbList","@id":"https:\/\/semanamundial.com\/ca\/semana-mundial-2024\/#breadcrumb","itemListElement":[{"@type":"ListItem","position":1,"name":"Portada","item":"https:\/\/semanamundial.com\/ca\/"},{"@type":"ListItem","position":2,"name":"Semana Mundial 2024"}]},{"@type":"WebSite","@id":"https:\/\/semanamundial.com\/ca\/#website","url":"https:\/\/semanamundial.com\/ca\/","name":"Semana Mundial 2025","description":"","publisher":{"@id":"https:\/\/semanamundial.com\/ca\/#organization"},"potentialAction":[{"@type":"SearchAction","target":{"@type":"EntryPoint","urlTemplate":"https:\/\/semanamundial.com\/ca\/?s={search_term_string}"},"query-input":{"@type":"PropertyValueSpecification","valueRequired":true,"valueName":"search_term_string"}}],"inLanguage":"ca"},{"@type":"Organization","@id":"https:\/\/semanamundial.com\/ca\/#organization","name":"Semana Mundial 2025","url":"https:\/\/semanamundial.com\/ca\/","logo":{"@type":"ImageObject","inLanguage":"ca","@id":"https:\/\/semanamundial.com\/ca\/#\/schema\/logo\/image\/","url":"https:\/\/semanamundial.com\/wp-content\/uploads\/2025\/03\/LOGOS-SM24-CAT-05-e1743008465107.png","contentUrl":"https:\/\/semanamundial.com\/wp-content\/uploads\/2025\/03\/LOGOS-SM24-CAT-05-e1743008465107.png","width":150,"height":102,"caption":"Semana Mundial 2025"},"image":{"@id":"https:\/\/semanamundial.com\/ca\/#\/schema\/logo\/image\/"}}]}},"_links":{"self":[{"href":"https:\/\/semanamundial.com\/ca\/wp-json\/wp\/v2\/pages\/1024","targetHints":{"allow":["GET"]}}],"collection":[{"href":"https:\/\/semanamundial.com\/ca\/wp-json\/wp\/v2\/pages"}],"about":[{"href":"https:\/\/semanamundial.com\/ca\/wp-json\/wp\/v2\/types\/page"}],"author":[{"embeddable":true,"href":"https:\/\/semanamundial.com\/ca\/wp-json\/wp\/v2\/users\/1"}],"replies":[{"embeddable":true,"href":"https:\/\/semanamundial.com\/ca\/wp-json\/wp\/v2\/comments?post=1024"}],"version-history":[{"count":54,"href":"https:\/\/semanamundial.com\/ca\/wp-json\/wp\/v2\/pages\/1024\/revisions"}],"predecessor-version":[{"id":2013,"href":"https:\/\/semanamundial.com\/ca\/wp-json\/wp\/v2\/pages\/1024\/revisions\/2013"}],"wp:attachment":[{"href":"https:\/\/semanamundial.com\/ca\/wp-json\/wp\/v2\/media?parent=1024"}],"curies":[{"name":"wp","href":"https:\/\/api.w.org\/{rel}","templated":true}]}}

<div data-elementor-type="wp-page" data-elementor-id="1024" class="elementor elementor-1024 elementor-945">
						<section class="elementor-section elementor-top-section elementor-element elementor-element-393e25e elementor-section-boxed elementor-section-height-default elementor-section-height-default" data-id="393e25e" data-element_type="section">
						<div class="elementor-container elementor-column-gap-default">
					<div class="aux-parallax-section elementor-column elementor-col-100 elementor-top-column elementor-element elementor-element-5aba191" data-id="5aba191" data-element_type="column">
			<div class="elementor-widget-wrap elementor-element-populated">
						<div class="elementor-element elementor-element-99135b5 elementor-widget elementor-widget-heading" data-id="99135b5" data-element_type="widget" data-widget_type="heading.default">
				<div class="elementor-widget-container">
					<h2 class="elementor-heading-title elementor-size-default">LA SEMANA MUNDIAL, PUNTO DE ENCUENTRO DEL SEGURO</h2>				</div>
				</div>
					</div>
		</div>
					</div>
		</section>
				<section class="elementor-section elementor-top-section elementor-element elementor-element-2fcd7d3 elementor-section-boxed elementor-section-height-default elementor-section-height-default" data-id="2fcd7d3" data-element_type="section">
						<div class="elementor-container elementor-column-gap-default">
					<div class="aux-parallax-section elementor-column elementor-col-100 elementor-top-column elementor-element elementor-element-67d795d" data-id="67d795d" data-element_type="column">
			<div class="elementor-widget-wrap elementor-element-populated">
						<div class="elementor-element elementor-element-54157f2 elementor-widget elementor-widget-video" data-id="54157f2" data-element_type="widget" data-settings="{&quot;youtube_url&quot;:&quot;https:\/\/youtu.be\/P7KJqE7stjw?si=ozvT8ETLG-gTY9Fx&quot;,&quot;video_type&quot;:&quot;youtube&quot;,&quot;controls&quot;:&quot;yes&quot;}" data-widget_type="video.default">
				<div class="elementor-widget-container">
							<div class="elementor-wrapper elementor-open-inline">
			<div class="elementor-video"></div>		</div>
						</div>
				</div>
					</div>
		</div>
					</div>
		</section>
				<section class="elementor-section elementor-top-section elementor-element elementor-element-0c25559 elementor-section-boxed elementor-section-height-default elementor-section-height-default" data-id="0c25559" data-element_type="section">
						<div class="elementor-container elementor-column-gap-default">
					<div class="aux-parallax-section elementor-column elementor-col-100 elementor-top-column elementor-element elementor-element-cc019c1" data-id="cc019c1" data-element_type="column">
			<div class="elementor-widget-wrap elementor-element-populated">
						<div class="elementor-element elementor-element-23b38e1 elementor-widget elementor-widget-text-editor" data-id="23b38e1" data-element_type="widget" data-widget_type="text-editor.default">
				<div class="elementor-widget-container">
									<p>La Semana Mundial del Col·legi de Mediadors d’Assegurances de Barcelona es un evento anual de gran relevancia en el ámbito de la mediación de seguros. Organizado por el Col·legi, este acto tiene como objetivo principal promover y destacar la importancia de la figura del mediador en el sector asegurador. La edición de 2024 es especial porque se cumplen cincuenta años desde su nacimiento.</p><p>La duración de la Semana Mundial suele ser de un día, aunque durante años se ha extendido a una segunda jornada. El evento contiene diversas actividades en múltiples formatos como conferencias, talleres, mesas redondas o entrevistas a personas notables del mundo de los seguros y de las empresas en general. Expertos nacionales e internacionales son invitados cada año a compartir sus conocimientos y experiencias, ofreciendo una valiosa oportunidad de aprendizaje y networking para los asistentes.</p><p>La Semana Mundial del Col·legi de Barcelona es probablemente el mayor evento del mundo asegurador que se realiza en España. Cada año se reúnen representantes de la mediación junto a los principales ejecutivos de las compañías y a representantes de las distintas Administraciones públicas. Uno de los objetivos de este evento es poner en valor la figura de los mediadores, que son los intermediarios entre las compañías aseguradoras y los clientes y proporcionan asesoramiento experto y personalizado para garantizar que se obtenga la cobertura más adecuada según las necesidades individuales.</p><p>A lo largo de los cincuenta años de existencia, la Semana Mundial ha tenido como sede diversos puntos emblemáticos de Barcelona como el Gran Teatre del Liceu, el Teatre Nacional, el Camp Nou, el Palau de la Música o el Museu Nacional d’Art de Catalunya (MNAC), entre muchos otros.</p>								</div>
				</div>
					</div>
		</div>
					</div>
		</section>
				</div>

<p>LA SEMANA MUNDIAL, PUNTO DE ENCUENTRO DEL SEGURO https://youtu.be/P7KJqE7stjw?si=ozvT8ETLG-gTY9Fx La Semana Mundial del Col·legi de Mediadors d’Assegurances de Barcelona es un evento anual de gran relevancia en el ámbito de la mediación de seguros. Organizado por el Col·legi, este acto tiene como objetivo principal promover y destacar la importancia de la figura del mediador en [&hellip;]</p>

<!-- This site is optimized with the Yoast SEO plugin v26.6 - https://yoast.com/wordpress/plugins/seo/ -->
<title>Semana Mundial 2024 - Semana Mundial 2025</title>
<meta name="robots" content="index, follow, max-snippet:-1, max-image-preview:large, max-video-preview:-1" />
<link rel="canonical" href="https://semanamundial.com/ca/semana-mundial-2024/" />
<meta property="og:locale" content="ca_ES" />
<meta property="og:type" content="article" />
<meta property="og:title" content="Semana Mundial 2024 - Semana Mundial 2025" />
<meta property="og:description" content="LA SEMANA MUNDIAL, PUNTO DE ENCUENTRO DEL SEGURO https://youtu.be/P7KJqE7stjw?si=ozvT8ETLG-gTY9Fx La Semana Mundial del Col·legi de Mediadors d’Assegurances de Barcelona es un evento anual de gran relevancia en el ámbito de la mediación de seguros. Organizado por el Col·legi, este acto tiene como objetivo principal promover y destacar la importancia de la figura del mediador en [&hellip;]" />
<meta property="og:url" content="https://semanamundial.com/ca/semana-mundial-2024/" />
<meta property="og:site_name" content="Semana Mundial 2025" />
<meta property="article:modified_time" content="2025-04-03T11:41:12+00:00" />
<meta name="twitter:card" content="summary_large_image" />
<meta name="twitter:label1" content="Temps estimat de lectura" />
	<meta name="twitter:data1" content="1 minut" />
<script type="application/ld+json" class="yoast-schema-graph">{"@context":"https://schema.org","@graph":[{"@type":"WebPage","@id":"https://semanamundial.com/ca/semana-mundial-2024/","url":"https://semanamundial.com/ca/semana-mundial-2024/","name":"Semana Mundial 2024 - Semana Mundial 2025","isPartOf":{"@id":"https://semanamundial.com/ca/#website"},"datePublished":"2022-10-17T14:50:11+00:00","dateModified":"2025-04-03T11:41:12+00:00","breadcrumb":{"@id":"https://semanamundial.com/ca/semana-mundial-2024/#breadcrumb"},"inLanguage":"ca","potentialAction":[{"@type":"ReadAction","target":["https://semanamundial.com/ca/semana-mundial-2024/"]}]},{"@type":"BreadcrumbList","@id":"https://semanamundial.com/ca/semana-mundial-2024/#breadcrumb","itemListElement":[{"@type":"ListItem","position":1,"name":"Portada","item":"https://semanamundial.com/ca/"},{"@type":"ListItem","position":2,"name":"Semana Mundial 2024"}]},{"@type":"WebSite","@id":"https://semanamundial.com/ca/#website","url":"https://semanamundial.com/ca/","name":"Semana Mundial 2025","description":"","publisher":{"@id":"https://semanamundial.com/ca/#organization"},"potentialAction":[{"@type":"SearchAction","target":{"@type":"EntryPoint","urlTemplate":"https://semanamundial.com/ca/?s={search_term_string}"},"query-input":{"@type":"PropertyValueSpecification","valueRequired":true,"valueName":"search_term_string"}}],"inLanguage":"ca"},{"@type":"Organization","@id":"https://semanamundial.com/ca/#organization","name":"Semana Mundial 2025","url":"https://semanamundial.com/ca/","logo":{"@type":"ImageObject","inLanguage":"ca","@id":"https://semanamundial.com/ca/#/schema/logo/image/","url":"https://semanamundial.com/wp-content/uploads/2025/03/LOGOS-SM24-CAT-05-e1743008465107.png","contentUrl":"https://semanamundial.com/wp-content/uploads/2025/03/LOGOS-SM24-CAT-05-e1743008465107.png","width":150,"height":102,"caption":"Semana Mundial 2025"},"image":{"@id":"https://semanamundial.com/ca/#/schema/logo/image/"}}]}</script>
<!-- / Yoast SEO plugin. -->

LA SEMANA MUNDIAL, PUNTO DE ENCUENTRO DEL SEGURO https://youtu.be/P7KJqE7stjw?si=ozvT8ETLG-gTY9Fx La Semana Mundial del Col·legi de Mediadors d’Assegurances de Barcelona es un evento anual de gran relevancia en el ámbito de la mediación de seguros. Organizado por el Col·legi, este acto tiene como objetivo principal promover y destacar la importancia de la figura del mediador en [&hellip;]
