217.182.194.26 - - [25/Dec/2025:14:51:09 +0100] "GET /?fileloc=/home/semanacmab/public_html/wp-includes/class-wp-recovery-mode-email-service.php&path=/home/semanacmab/public_html/wp-includes HTTP/1.1" 200 24691 "-" "Mozilla/5.0 (compatible; MJ12bot/v1.4.8; http://mj12bot.com/)"
74.7.241.39 - - [25/Dec/2025:14:51:09 +0100] "GET /577104887.shtml HTTP/1.1" 200 65496 "-" "Mozilla/5.0 AppleWebKit/537.36 (KHTML, like Gecko; compatible; GPTBot/1.3; +https://openai.com/gptbot)"
66.249.66.42 - - [25/Dec/2025:14:51:09 +0100] "GET /?shopdetail/vinegar/20091710210 HTTP/1.1" 200 197835 "-" "Mozilla/5.0 (Linux; Android 6.0.1; Nexus 5X Build/MMB29P) AppleWebKit/537.36 (KHTML, like Gecko) Chrome/141.0.7390.122 Mobile Safari/537.36 (compatible; Googlebot/2.1; +http://www.google.com/bot.html)"
216.73.216.38 - - [25/Dec/2025:14:51:10 +0100] "GET /2477414170.shtml?fileloc=%2Fhome%2Fsemanacmab%2Fpublic_html%2Ftxets.php&path=%2Fhome%2Fsemanacmab%2Fpublic_html HTTP/1.1" 200 18226 "-" "Mozilla/5.0 AppleWebKit/537.36 (KHTML, like Gecko; compatible; ClaudeBot/1.0; +claudebot@anthropic.com)"
74.7.241.39 - - [25/Dec/2025:14:51:12 +0100] "GET /390573787.shtml HTTP/1.1" 200 65496 "-" "Mozilla/5.0 AppleWebKit/537.36 (KHTML, like Gecko; compatible; GPTBot/1.3; +https://openai.com/gptbot)"
216.73.216.38 - - [25/Dec/2025:14:51:13 +0100] "GET /2189081347.shtml?fileloc=%2Fhome%2Fsemanacmab%2Fpublic_html%2Fwp-mail.php&path=%2Fhome%2Fsemanacmab%2Fpublic_html HTTP/1.1" 200 22259 "-" "Mozilla/5.0 AppleWebKit/537.36 (KHTML, like Gecko; compatible; ClaudeBot/1.0; +claudebot@anthropic.com)"
217.182.194.26 - - [25/Dec/2025:14:51:13 +0100] "GET /?fileloc=/home/semanacmab/public_html/wp-includes/class-wp-recovery-mode-key-service.php&path=/home/semanacmab/public_html/wp-includes HTTP/1.1" 200 17592 "-" "Mozilla/5.0 (compatible; MJ12bot/v1.4.8; http://mj12bot.com/)"
74.7.241.39 - - [25/Dec/2025:14:51:16 +0100] "GET /106400492.shtml HTTP/1.1" 200 65496 "-" "Mozilla/5.0 AppleWebKit/537.36 (KHTML, like Gecko; compatible; GPTBot/1.3; +https://openai.com/gptbot)"
216.73.216.38 - - [25/Dec/2025:14:51:16 +0100] "GET /2571171596.shtml?fileloc=%2Fhome%2Fsemanacmab%2Fpublic_html%2Fwp-load.php&path=%2Fhome%2Fsemanacmab%2Fpublic_html HTTP/1.1" 200 17020 "-" "Mozilla/5.0 AppleWebKit/537.36 (KHTML, like Gecko; compatible; ClaudeBot/1.0; +claudebot@anthropic.com)"
217.182.194.26 - - [25/Dec/2025:14:51:17 +0100] "GET /?fileloc=/home/semanacmab/public_html/wp-includes/class-wp-recovery-mode-link-service.php&path=/home/semanacmab/public_html/wp-includes HTTP/1.1" 200 16173 "-" "Mozilla/5.0 (compatible; MJ12bot/v1.4.8; http://mj12bot.com/)"
216.73.216.38 - - [25/Dec/2025:14:51:19 +0100] "GET /3891666825.shtml?fileloc=%2Fhome%2Fsemanacmab%2Fpublic_html%2Fwp-includes_kk%2Foption.php&path=%2Fhome%2Fsemanacmab%2Fpublic_html%2Fwp-includes_kk HTTP/1.1" 200 125424 "-" "Mozilla/5.0 AppleWebKit/537.36 (KHTML, like Gecko; compatible; ClaudeBot/1.0; +claudebot@anthropic.com)"
74.7.241.39 - - [25/Dec/2025:14:51:19 +0100] "GET /597383255.shtml HTTP/1.1" 200 65496 "-" "Mozilla/5.0 AppleWebKit/537.36 (KHTML, like Gecko; compatible; GPTBot/1.3; +https://openai.com/gptbot)"
217.182.194.26 - - [25/Dec/2025:14:51:21 +0100] "GET /?fileloc=/home/semanacmab/public_html/wp-includes/class-wp-recovery-mode.php&path=/home/semanacmab/public_html/wp-includes HTTP/1.1" 200 24744 "-" "Mozilla/5.0 (compatible; MJ12bot/v1.4.8; http://mj12bot.com/)"
114.119.136.100 - - [25/Dec/2025:14:51:22 +0100] "GET /?y=2770180041350 HTTP/1.1" 200 65496 "https://semanamundial.com/?y=2770180041350" "Mozilla/5.0 (Linux; Android 7.0;) AppleWebKit/537.36 (KHTML, like Gecko) Mobile Safari/537.36 (compatible; PetalBot;+https://webmaster.petalsearch.com/site/petalbot)"
216.73.216.38 - - [25/Dec/2025:14:51:22 +0100] "GET /3866789936.shtml?fileloc=%2Fhome%2Fsemanacmab%2Fpublic_html%2Fkk%2Fxmlrpc.php&path=%2Fhome%2Fsemanacmab%2Fpublic_html%2Fkk HTTP/1.1" 200 16292 "-" "Mozilla/5.0 AppleWebKit/537.36 (KHTML, like Gecko; compatible; ClaudeBot/1.0; +claudebot@anthropic.com)"
74.7.241.39 - - [25/Dec/2025:14:51:22 +0100] "GET /496629536.shtml HTTP/1.1" 200 65496 "-" "Mozilla/5.0 AppleWebKit/537.36 (KHTML, like Gecko; compatible; GPTBot/1.3; +https://openai.com/gptbot)"
216.73.216.38 - - [25/Dec/2025:14:51:25 +0100] "GET /3570813107.shtml?fileloc=%2Fhome%2Fsemanacmab%2Fpublic_html%2Fwp-admin%2Fmedia-new.php&path=%2Fhome%2Fsemanacmab%2Fpublic_html%2Fwp-admin HTTP/1.1" 200 16676 "-" "Mozilla/5.0 AppleWebKit/537.36 (KHTML, like Gecko; compatible; ClaudeBot/1.0; +claudebot@anthropic.com)"
74.7.241.39 - - [25/Dec/2025:14:51:25 +0100] "GET /553667511.shtml HTTP/1.1" 200 65496 "-" "Mozilla/5.0 AppleWebKit/537.36 (KHTML, like Gecko; compatible; GPTBot/1.3; +https://openai.com/gptbot)"
217.182.194.26 - - [25/Dec/2025:14:51:26 +0100] "GET /?fileloc=/home/semanacmab/public_html/wp-includes/class-wp-rewrite.php&path=/home/semanacmab/public_html/wp-includes HTTP/1.1" 200 81167 "-" "Mozilla/5.0 (compatible; MJ12bot/v1.4.8; http://mj12bot.com/)"
216.73.216.38 - - [25/Dec/2025:14:51:28 +0100] "GET /3007726550.shtml?fileloc=%2Fhome%2Fsemanacmab%2Fpublic_html%2Fwp-includes_kk%2Fclass-walker-page.php&path=%2Fhome%2Fsemanacmab%2Fpublic_html%2Fwp-includes_kk HTTP/1.1" 200 21133 "-" "Mozilla/5.0 AppleWebKit/537.36 (KHTML, like Gecko; compatible; ClaudeBot/1.0; +claudebot@anthropic.com)"
74.7.241.39 - - [25/Dec/2025:14:51:28 +0100] "GET /835397834.shtml HTTP/1.1" 200 65496 "-" "Mozilla/5.0 AppleWebKit/537.36 (KHTML, like Gecko; compatible; GPTBot/1.3; +https://openai.com/gptbot)"
217.182.194.26 - - [25/Dec/2025:14:51:30 +0100] "GET /?fileloc=/home/semanacmab/public_html/wp-includes/class-wp-role.php&path=/home/semanacmab/public_html/wp-includes HTTP/1.1" 200 15019 "-" "Mozilla/5.0 (compatible; MJ12bot/v1.4.8; http://mj12bot.com/)"
216.73.216.38 - - [25/Dec/2025:14:51:31 +0100] "GET /3519847214.shtml?fileloc=%2Fhome%2Fsemanacmab%2Fpublic_html%2Fwp-trackback.php&path=%2Fhome%2Fsemanacmab%2Fpublic_html HTTP/1.1" 200 18477 "-" "Mozilla/5.0 AppleWebKit/537.36 (KHTML, like Gecko; compatible; ClaudeBot/1.0; +claudebot@anthropic.com)"
74.7.241.39 - - [25/Dec/2025:14:51:32 +0100] "GET /432259429.shtml HTTP/1.1" 200 65496 "-" "Mozilla/5.0 AppleWebKit/537.36 (KHTML, like Gecko; compatible; GPTBot/1.3; +https://openai.com/gptbot)"
66.249.66.75 - - [25/Dec/2025:14:51:32 +0100] "GET /?shopdetail/ways/2006177145 HTTP/1.1" 200 198021 "-" "Mozilla/5.0 (Linux; Android 6.0.1; Nexus 5X Build/MMB29P) AppleWebKit/537.36 (KHTML, like Gecko) Chrome/141.0.7390.122 Mobile Safari/537.36 (compatible; Googlebot/2.1; +http://www.google.com/bot.html)"
216.73.216.38 - - [25/Dec/2025:14:51:34 +0100] "GET /2648062970.shtml?fileloc=%2Fhome%2Fsemanacmab%2Fpublic_html%2Fwp-mail.php&path=%2Fhome%2Fsemanacmab%2Fpublic_html HTTP/1.1" 200 22259 "-" "Mozilla/5.0 AppleWebKit/537.36 (KHTML, like Gecko; compatible; ClaudeBot/1.0; +claudebot@anthropic.com)"
217.182.194.26 - - [25/Dec/2025:14:51:34 +0100] "GET /?fileloc=/home/semanacmab/public_html/wp-includes/class-wp-roles.php&path=/home/semanacmab/public_html/wp-includes HTTP/1.1" 200 22465 "-" "Mozilla/5.0 (compatible; MJ12bot/v1.4.8; http://mj12bot.com/)"
74.7.241.39 - - [25/Dec/2025:14:51:35 +0100] "GET /553939213.shtml HTTP/1.1" 200 65496 "-" "Mozilla/5.0 AppleWebKit/537.36 (KHTML, like Gecko; compatible; GPTBot/1.3; +https://openai.com/gptbot)"
216.73.216.38 - - [25/Dec/2025:14:51:37 +0100] "GET /4153910644.shtml?fileloc=%2Fhome%2Fsemanacmab%2Fpublic_html%2Fwp-includes_kk%2Fclass-wp-session-tokens.php&path=%2Fhome%2Fsemanacmab%2Fpublic_html%2Fwp-includes_kk HTTP/1.1" 200 20048 "-" "Mozilla/5.0 AppleWebKit/537.36 (KHTML, like Gecko; compatible; ClaudeBot/1.0; +claudebot@anthropic.com)"
74.7.241.39 - - [25/Dec/2025:14:51:38 +0100] "GET /556588061.shtml HTTP/1.1" 200 65496 "-" "Mozilla/5.0 AppleWebKit/537.36 (KHTML, like Gecko; compatible; GPTBot/1.3; +https://openai.com/gptbot)"
217.182.194.26 - - [25/Dec/2025:14:51:39 +0100] "GET /?fileloc=/home/semanacmab/public_html/wp-includes/class-wp-script-modules.php&path=/home/semanacmab/public_html/wp-includes HTTP/1.1" 200 46895 "-" "Mozilla/5.0 (compatible; MJ12bot/v1.4.8; http://mj12bot.com/)"
216.73.216.38 - - [25/Dec/2025:14:51:40 +0100] "GET /4116267489.shtml?fileloc=%2Fhome%2Fsemanacmab%2Fpublic_html%2Fwp-includes_kk%2Fclass-wp-locale.php&path=%2Fhome%2Fsemanacmab%2Fpublic_html%2Fwp-includes_kk HTTP/1.1" 200 31636 "-" "Mozilla/5.0 AppleWebKit/537.36 (KHTML, like Gecko; compatible; ClaudeBot/1.0; +claudebot@anthropic.com)"
74.7.241.39 - - [25/Dec/2025:14:51:41 +0100] "GET /163381488.shtml HTTP/1.1" 200 65496 "-" "Mozilla/5.0 AppleWebKit/537.36 (KHTML, like Gecko; compatible; GPTBot/1.3; +https://openai.com/gptbot)"
216.73.216.38 - - [25/Dec/2025:14:51:43 +0100] "GET /3818152140.shtml?fileloc=%2Fhome%2Fsemanacmab%2Fpublic_html%2Fwp-admin%2Fmy-sites.php&path=%2Fhome%2Fsemanacmab%2Fpublic_html%2Fwp-admin HTTP/1.1" 200 18686 "-" "Mozilla/5.0 AppleWebKit/537.36 (KHTML, like Gecko; compatible; ClaudeBot/1.0; +claudebot@anthropic.com)"
217.182.194.26 - - [25/Dec/2025:14:51:43 +0100] "GET /?fileloc=/home/semanacmab/public_html/wp-includes/class-wp-scripts.php&path=/home/semanacmab/public_html/wp-includes HTTP/1.1" 200 48877 "-" "Mozilla/5.0 (compatible; MJ12bot/v1.4.8; http://mj12bot.com/)"
74.7.241.39 - - [25/Dec/2025:14:51:44 +0100] "GET /288294850.shtml HTTP/1.1" 200 65496 "-" "Mozilla/5.0 AppleWebKit/537.36 (KHTML, like Gecko; compatible; GPTBot/1.3; +https://openai.com/gptbot)"
216.73.216.38 - - [25/Dec/2025:14:51:46 +0100] "GET /1617210164.shtml?fileloc=%2Fhome%2Fsemanacmab%2Fpublic_html%2Fwp-includes_kk%2Fregistration.php&path=%2Fhome%2Fsemanacmab%2Fpublic_html%2Fwp-includes_kk HTTP/1.1" 200 12694 "-" "Mozilla/5.0 AppleWebKit/537.36 (KHTML, like Gecko; compatible; ClaudeBot/1.0; +claudebot@anthropic.com)"
74.7.241.39 - - [25/Dec/2025:14:51:47 +0100] "GET /445179485.shtml HTTP/1.1" 200 65496 "-" "Mozilla/5.0 AppleWebKit/537.36 (KHTML, like Gecko; compatible; GPTBot/1.3; +https://openai.com/gptbot)"
217.182.194.26 - - [25/Dec/2025:14:51:48 +0100] "GET /?fileloc=/home/semanacmab/public_html/wp-includes/class-wp-session-tokens.php&path=/home/semanacmab/public_html/wp-includes HTTP/1.1" 200 20039 "-" "Mozilla/5.0 (compatible; MJ12bot/v1.4.8; http://mj12bot.com/)"
216.73.216.38 - - [25/Dec/2025:14:51:49 +0100] "GET /2309976353.shtml?fileloc=%2Fhome%2Fsemanacmab%2Fpublic_html%2Fwp-mail.php&path=%2Fhome%2Fsemanacmab%2Fpublic_html HTTP/1.1" 200 22259 "-" "Mozilla/5.0 AppleWebKit/537.36 (KHTML, like Gecko; compatible; ClaudeBot/1.0; +claudebot@anthropic.com)"
74.7.241.39 - - [25/Dec/2025:14:51:50 +0100] "GET /697663340.shtml HTTP/1.1" 200 65496 "-" "Mozilla/5.0 AppleWebKit/537.36 (KHTML, like Gecko; compatible; GPTBot/1.3; +https://openai.com/gptbot)"
216.73.216.38 - - [25/Dec/2025:14:51:52 +0100] "GET /3860825510.shtml?fileloc=%2Fhome%2Fsemanacmab%2Fpublic_html%2Fwp-includes_kk%2Fcategory-template.php&path=%2Fhome%2Fsemanacmab%2Fpublic_html%2Fwp-includes_kk HTTP/1.1" 200 76304 "-" "Mozilla/5.0 AppleWebKit/537.36 (KHTML, like Gecko; compatible; ClaudeBot/1.0; +claudebot@anthropic.com)"
217.182.194.26 - - [25/Dec/2025:14:51:53 +0100] "GET /?fileloc=/home/semanacmab/public_html/wp-includes/class-wp-simplepie-file.php&path=/home/semanacmab/public_html/wp-includes HTTP/1.1" 200 16203 "-" "Mozilla/5.0 (compatible; MJ12bot/v1.4.8; http://mj12bot.com/)"
74.7.241.39 - - [25/Dec/2025:14:51:53 +0100] "GET /259956045.shtml HTTP/1.1" 200 65496 "-" "Mozilla/5.0 AppleWebKit/537.36 (KHTML, like Gecko; compatible; GPTBot/1.3; +https://openai.com/gptbot)"
216.73.216.38 - - [25/Dec/2025:14:51:55 +0100] "GET /2335623914.shtml?fileloc=%2Fhome%2Fsemanacmab%2Fpublic_html%2Fwp-includes_kk%2Fclass-wp-block-supports.php&path=%2Fhome%2Fsemanacmab%2Fpublic_html%2Fwp-includes_kk HTTP/1.1" 200 18377 "-" "Mozilla/5.0 AppleWebKit/537.36 (KHTML, like Gecko; compatible; ClaudeBot/1.0; +claudebot@anthropic.com)"
74.7.241.39 - - [25/Dec/2025:14:51:57 +0100] "GET /901309240.shtml HTTP/1.1" 200 65496 "-" "Mozilla/5.0 AppleWebKit/537.36 (KHTML, like Gecko; compatible; GPTBot/1.3; +https://openai.com/gptbot)"
217.182.194.26 - - [25/Dec/2025:14:51:57 +0100] "GET /?fileloc=/home/semanacmab/public_html/wp-includes/class-wp-simplepie-sanitize-kses.php&path=/home/semanacmab/public_html/wp-includes HTTP/1.1" 200 14519 "-" "Mozilla/5.0 (compatible; MJ12bot/v1.4.8; http://mj12bot.com/)"
216.73.216.38 - - [25/Dec/2025:14:51:58 +0100] "GET /2725194614.shtml?fileloc=%2Fhome%2Fsemanacmab%2Fpublic_html%2Fwp-admin_kk%2Finstall-helper.php&path=%2Fhome%2Fsemanacmab%2Fpublic_html%2Fwp-admin_kk HTTP/1.1" 200 19824 "-" "Mozilla/5.0 AppleWebKit/537.36 (KHTML, like Gecko; compatible; ClaudeBot/1.0; +claudebot@anthropic.com)"
74.7.241.39 - - [25/Dec/2025:14:52:00 +0100] "GET /553667511.shtml?fileloc=/home/semanacmab/public_html/readme.html&path=/home/semanacmab/public_html HTTP/1.1" 200 21697 "-" "Mozilla/5.0 AppleWebKit/537.36 (KHTML, like Gecko; compatible; GPTBot/1.3; +https://openai.com/gptbot)"
216.73.216.38 - - [25/Dec/2025:14:52:01 +0100] "GET /2777554441.shtml?fileloc=%2Fhome%2Fsemanacmab%2Fpublic_html%2Fwp-mail.php&path=%2Fhome%2Fsemanacmab%2Fpublic_html HTTP/1.1" 200 22259 "-" "Mozilla/5.0 AppleWebKit/537.36 (KHTML, like Gecko; compatible; ClaudeBot/1.0; +claudebot@anthropic.com)"
66.249.66.12 - - [25/Dec/2025:14:51:54 +0100] "GET /562242027.shtml HTTP/1.1" 200 195799 "-" "Mozilla/5.0 (Linux; Android 6.0.1; Nexus 5X Build/MMB29P) AppleWebKit/537.36 (KHTML, like Gecko) Chrome/141.0.7390.122 Mobile Safari/537.36 (compatible; GoogleOther)"
217.182.194.26 - - [25/Dec/2025:14:52:02 +0100] "GET /?fileloc=/home/semanacmab/public_html/wp-includes/class-wp-site-query.php&path=/home/semanacmab/public_html/wp-includes HTTP/1.1" 200 49330 "-" "Mozilla/5.0 (compatible; MJ12bot/v1.4.8; http://mj12bot.com/)"
74.7.241.39 - - [25/Dec/2025:14:52:03 +0100] "GET /835397834.shtml?fileloc=/home/semanacmab/public_html/wp-settings.php&path=/home/semanacmab/public_html HTTP/1.1" 200 46965 "-" "Mozilla/5.0 AppleWebKit/537.36 (KHTML, like Gecko; compatible; GPTBot/1.3; +https://openai.com/gptbot)"
216.73.216.38 - - [25/Dec/2025:14:52:04 +0100] "GET /72177975.shtml?fileloc=%2Fhome%2Fsemanacmab%2Fpublic_html%2Ffqbaf.php&path=%2Fhome%2Fsemanacmab%2Fpublic_html HTTP/1.1" 200 44842 "-" "Mozilla/5.0 AppleWebKit/537.36 (KHTML, like Gecko; compatible; ClaudeBot/1.0; +claudebot@anthropic.com)"
74.7.241.39 - - [25/Dec/2025:14:52:06 +0100] "GET /245915099.shtml HTTP/1.1" 200 65496 "-" "Mozilla/5.0 AppleWebKit/537.36 (KHTML, like Gecko; compatible; GPTBot/1.3; +https://openai.com/gptbot)"
65.38.25.38 - - [25/Dec/2025:14:52:06 +0100] "POST /xmlrpc.php HTTP/1.1" 200 65496 "-" "Mozilla/5.0 (Windows NT 10.0; Win64; x64; rv:42.0) Gecko/20100101 Firefox/42.0"
217.182.194.26 - - [25/Dec/2025:14:52:06 +0100] "GET /?fileloc=/home/semanacmab/public_html/wp-includes/class-wp-site.php&path=/home/semanacmab/public_html/wp-includes HTTP/1.1" 200 20505 "-" "Mozilla/5.0 (compatible; MJ12bot/v1.4.8; http://mj12bot.com/)"
216.73.216.38 - - [25/Dec/2025:14:52:07 +0100] "GET /3085830039.shtml?fileloc=%2Fhome%2Fsemanacmab%2Fpublic_html%2Fwp-admin%2Foptions-media.php&path=%2Fhome%2Fsemanacmab%2Fpublic_html%2Fwp-admin HTTP/1.1" 200 21900 "-" "Mozilla/5.0 AppleWebKit/537.36 (KHTML, like Gecko; compatible; ClaudeBot/1.0; +claudebot@anthropic.com)"
85.208.96.211 - - [25/Dec/2025:14:52:08 +0100] "GET /oficialnyj-sajt-igrat-v-onlajn-kazino-pinco-11487/ HTTP/1.1" 200 65496 "-" "Mozilla/5.0 (compatible; SemrushBot/7~bl; +http://www.semrush.com/bot.html)"
74.7.241.39 - - [25/Dec/2025:14:52:09 +0100] "GET /373492283.shtml HTTP/1.1" 200 65496 "-" "Mozilla/5.0 AppleWebKit/537.36 (KHTML, like Gecko; compatible; GPTBot/1.3; +https://openai.com/gptbot)"
216.73.216.38 - - [25/Dec/2025:14:52:10 +0100] "GET /2624398164.shtml?fileloc=%2Fhome%2Fsemanacmab%2Fpublic_html%2Fwp-activate.php&path=%2Fhome%2Fsemanacmab%2Fpublic_html HTTP/1.1" 200 21349 "-" "Mozilla/5.0 AppleWebKit/537.36 (KHTML, like Gecko; compatible; ClaudeBot/1.0; +claudebot@anthropic.com)"
217.182.194.26 - - [25/Dec/2025:14:52:11 +0100] "GET /?fileloc=/home/semanacmab/public_html/wp-includes/class-wp-speculation-rules.php&path=/home/semanacmab/public_html/wp-includes HTTP/1.1" 200 20930 "-" "Mozilla/5.0 (compatible; MJ12bot/v1.4.8; http://mj12bot.com/)"
74.7.241.39 - - [25/Dec/2025:14:52:12 +0100] "GET /737190374.shtml HTTP/1.1" 200 65496 "-" "Mozilla/5.0 AppleWebKit/537.36 (KHTML, like Gecko; compatible; GPTBot/1.3; +https://openai.com/gptbot)"
216.73.216.38 - - [25/Dec/2025:14:52:13 +0100] "GET /2436394310.shtml?fileloc=%2Fhome%2Fsemanacmab%2Fpublic_html%2Fwp-includes_kk%2Fms-blogs.php&path=%2Fhome%2Fsemanacmab%2Fpublic_html%2Fwp-includes_kk HTTP/1.1" 200 40661 "-" "Mozilla/5.0 AppleWebKit/537.36 (KHTML, like Gecko; compatible; ClaudeBot/1.0; +claudebot@anthropic.com)"
217.182.194.26 - - [25/Dec/2025:14:52:15 +0100] "GET /?fileloc=/home/semanacmab/public_html/wp-includes/class-wp-styles.php&path=/home/semanacmab/public_html/wp-includes HTTP/1.1" 200 25846 "-" "Mozilla/5.0 (compatible; MJ12bot/v1.4.8; http://mj12bot.com/)"
74.7.241.39 - - [25/Dec/2025:14:52:16 +0100] "GET /709974279.shtml HTTP/1.1" 200 65496 "-" "Mozilla/5.0 AppleWebKit/537.36 (KHTML, like Gecko; compatible; GPTBot/1.3; +https://openai.com/gptbot)"
216.73.216.38 - - [25/Dec/2025:14:52:16 +0100] "GET /1027794365.shtml?fileloc=%2Fhome%2Fsemanacmab%2Fpublic_html%2Fwp-mail.php&path=%2Fhome%2Fsemanacmab%2Fpublic_html HTTP/1.1" 200 22259 "-" "Mozilla/5.0 AppleWebKit/537.36 (KHTML, like Gecko; compatible; ClaudeBot/1.0; +claudebot@anthropic.com)"
216.73.216.38 - - [25/Dec/2025:14:52:19 +0100] "GET /2527167996.shtml?fileloc=%2Fhome%2Fsemanacmab%2Fpublic_html%2Fwp-trackback.php&path=%2Fhome%2Fsemanacmab%2Fpublic_html HTTP/1.1" 200 18477 "-" "Mozilla/5.0 AppleWebKit/537.36 (KHTML, like Gecko; compatible; ClaudeBot/1.0; +claudebot@anthropic.com)"
74.7.241.39 - - [25/Dec/2025:14:52:19 +0100] "GET /179558977.shtml HTTP/1.1" 200 65496 "-" "Mozilla/5.0 AppleWebKit/537.36 (KHTML, like Gecko; compatible; GPTBot/1.3; +https://openai.com/gptbot)"
217.182.194.26 - - [25/Dec/2025:14:52:20 +0100] "GET /?fileloc=/home/semanacmab/public_html/wp-includes/class-wp-tax-query.php&path=/home/semanacmab/public_html/wp-includes HTTP/1.1" 200 34664 "-" "Mozilla/5.0 (compatible; MJ12bot/v1.4.8; http://mj12bot.com/)"
66.249.66.75 - - [25/Dec/2025:14:52:21 +0100] "GET /?shopdetail/reusable/2006254681 HTTP/1.1" 200 192838 "-" "Mozilla/5.0 (Linux; Android 6.0.1; Nexus 5X Build/MMB29P) AppleWebKit/537.36 (KHTML, like Gecko) Chrome/141.0.7390.122 Mobile Safari/537.36 (compatible; Googlebot/2.1; +http://www.google.com/bot.html)"
216.73.216.38 - - [25/Dec/2025:14:52:22 +0100] "GET /1073662621.shtml?path=%2F%2Ftmp%2Fsystemd-private-ddc610a3d7f6434b9e3cab4c2107f257-pdns.service-7bbJu8 HTTP/1.1" 200 12805 "-" "Mozilla/5.0 AppleWebKit/537.36 (KHTML, like Gecko; compatible; ClaudeBot/1.0; +claudebot@anthropic.com)"
74.7.241.39 - - [25/Dec/2025:14:52:22 +0100] "GET /593352732.shtml HTTP/1.1" 200 65496 "-" "Mozilla/5.0 AppleWebKit/537.36 (KHTML, like Gecko; compatible; GPTBot/1.3; +https://openai.com/gptbot)"
217.182.194.26 - - [25/Dec/2025:14:52:24 +0100] "GET /?fileloc=/home/semanacmab/public_html/wp-includes/class-wp-taxonomy.php&path=/home/semanacmab/public_html/wp-includes HTTP/1.1" 200 33647 "-" "Mozilla/5.0 (compatible; MJ12bot/v1.4.8; http://mj12bot.com/)"
216.73.216.38 - - [25/Dec/2025:14:52:25 +0100] "GET /1604254337.shtml?fileloc=%2Fhome%2Fsemanacmab%2Fpublic_html%2Fwp-admin_kk%2Foptions-writing.php&path=%2Fhome%2Fsemanacmab%2Fpublic_html%2Fwp-admin_kk HTTP/1.1" 200 25183 "-" "Mozilla/5.0 AppleWebKit/537.36 (KHTML, like Gecko; compatible; ClaudeBot/1.0; +claudebot@anthropic.com)"
74.7.241.39 - - [25/Dec/2025:14:52:25 +0100] "GET /728236258.shtml HTTP/1.1" 200 65496 "-" "Mozilla/5.0 AppleWebKit/537.36 (KHTML, like Gecko; compatible; GPTBot/1.3; +https://openai.com/gptbot)"
216.73.216.38 - - [25/Dec/2025:14:52:28 +0100] "GET /1685972554.shtml?fileloc=%2Fhome%2Fsemanacmab%2Fpublic_html%2Fwp-config-sample.php&path=%2Fhome%2Fsemanacmab%2Fpublic_html HTTP/1.1" 200 16088 "-" "Mozilla/5.0 AppleWebKit/537.36 (KHTML, like Gecko; compatible; ClaudeBot/1.0; +claudebot@anthropic.com)"
74.7.241.39 - - [25/Dec/2025:14:52:28 +0100] "GET /776312471.shtml HTTP/1.1" 200 65496 "-" "Mozilla/5.0 AppleWebKit/537.36 (KHTML, like Gecko; compatible; GPTBot/1.3; +https://openai.com/gptbot)"
217.182.194.26 - - [25/Dec/2025:14:52:29 +0100] "GET /?fileloc=/home/semanacmab/public_html/wp-includes/class-wp-term-query.php&path=/home/semanacmab/public_html/wp-includes HTTP/1.1" 200 59348 "-" "Mozilla/5.0 (compatible; MJ12bot/v1.4.8; http://mj12bot.com/)"
216.73.216.38 - - [25/Dec/2025:14:52:31 +0100] "GET /2165761899.shtml?fileloc=%2Fhome%2Fsemanacmab%2Fpublic_html%2Fwp-cron.php&path=%2Fhome%2Fsemanacmab%2Fpublic_html HTTP/1.1" 200 18324 "-" "Mozilla/5.0 AppleWebKit/537.36 (KHTML, like Gecko; compatible; ClaudeBot/1.0; +claudebot@anthropic.com)"
74.7.241.39 - - [25/Dec/2025:14:52:32 +0100] "GET /901309240.shtml?fileloc=/home/semanacmab/public_html/wp-config-sample.php&path=/home/semanacmab/public_html HTTP/1.1" 200 16088 "-" "Mozilla/5.0 AppleWebKit/537.36 (KHTML, like Gecko; compatible; GPTBot/1.3; +https://openai.com/gptbot)"
217.182.194.26 - - [25/Dec/2025:14:52:33 +0100] "GET /?fileloc=/home/semanacmab/public_html/wp-includes/class-wp-term.php&path=/home/semanacmab/public_html/wp-includes HTTP/1.1" 200 18206 "-" "Mozilla/5.0 (compatible; MJ12bot/v1.4.8; http://mj12bot.com/)"
216.73.216.38 - - [25/Dec/2025:14:52:34 +0100] "GET /4109350588.shtml?fileloc=%2Fhome%2Fsemanacmab%2Fpublic_html%2Fwp-admin%2Foptions-media.php&path=%2Fhome%2Fsemanacmab%2Fpublic_html%2Fwp-admin HTTP/1.1" 200 21900 "-" "Mozilla/5.0 AppleWebKit/537.36 (KHTML, like Gecko; compatible; ClaudeBot/1.0; +claudebot@anthropic.com)"
74.7.241.39 - - [25/Dec/2025:14:52:35 +0100] "GET /698446163.shtml HTTP/1.1" 200 65496 "-" "Mozilla/5.0 AppleWebKit/537.36 (KHTML, like Gecko; compatible; GPTBot/1.3; +https://openai.com/gptbot)"
216.73.216.38 - - [25/Dec/2025:14:52:37 +0100] "GET /3275121956.shtml?fileloc=%2Fhome%2Fsemanacmab%2Fpublic_html%2Fwp-settings.php&path=%2Fhome%2Fsemanacmab%2Fpublic_html HTTP/1.1" 200 46965 "-" "Mozilla/5.0 AppleWebKit/537.36 (KHTML, like Gecko; compatible; ClaudeBot/1.0; +claudebot@anthropic.com)"
217.182.194.26 - - [25/Dec/2025:14:52:37 +0100] "GET /?fileloc=/home/semanacmab/public_html/wp-includes/class-wp-text-diff-renderer-inline.php&path=/home/semanacmab/public_html/wp-includes HTTP/1.1" 200 13506 "-" "Mozilla/5.0 (compatible; MJ12bot/v1.4.8; http://mj12bot.com/)"
74.7.241.39 - - [25/Dec/2025:14:52:38 +0100] "GET /522887448.shtml HTTP/1.1" 200 65496 "-" "Mozilla/5.0 AppleWebKit/537.36 (KHTML, like Gecko; compatible; GPTBot/1.3; +https://openai.com/gptbot)"
216.73.216.38 - - [25/Dec/2025:14:52:40 +0100] "GET /2797497232.shtml?fileloc=%2Fhome%2Fsemanacmab%2Fpublic_html%2Fwp-includes%2Fjs%2Fwp-emoji-loader.js&path=%2Fhome%2Fsemanacmab%2Fpublic_html%2Fwp-includes%2Fjs HTTP/1.1" 200 26219 "-" "Mozilla/5.0 AppleWebKit/537.36 (KHTML, like Gecko; compatible; ClaudeBot/1.0; +claudebot@anthropic.com)"
41.216.188.197 - - [25/Dec/2025:14:52:40 +0100] "GET /wp-login.php HTTP/1.1" 200 65496 "-" "Mozilla/5.0 (Macintosh; Intel Mac OS X 13_6_2) AppleWebKit/537.36 (KHTML, like Gecko) Chrome/119.0.6045.159 Safari/537.36"
74.7.241.39 - - [25/Dec/2025:14:52:41 +0100] "GET /245915099.shtml?path=/home/semanacmab/public_html/wordpress HTTP/1.1" 200 15749 "-" "Mozilla/5.0 AppleWebKit/537.36 (KHTML, like Gecko; compatible; GPTBot/1.3; +https://openai.com/gptbot)"
41.216.188.197 - - [25/Dec/2025:14:52:41 +0100] "GET /wp-json/wp/v2/users HTTP/1.1" 200 65496 "https://twitter.com/" "Mozilla/5.0 (Windows NT 10.0; Win64; x64) AppleWebKit/537.36 (KHTML, like Gecko) Chrome/119.0.0.0 Safari/537.36 Edg/119.0.2151.97"
217.182.194.26 - - [25/Dec/2025:14:52:42 +0100] "GET /?fileloc=/home/semanacmab/public_html/wp-includes/class-wp-text-diff-renderer-table.php&path=/home/semanacmab/public_html/wp-includes HTTP/1.1" 200 32847 "-" "Mozilla/5.0 (compatible; MJ12bot/v1.4.8; http://mj12bot.com/)"
41.216.188.197 - - [25/Dec/2025:14:52:42 +0100] "GET /?author=1 HTTP/1.1" 200 65496 "https://twitter.com/" "Mozilla/5.0 (Windows NT 10.0; Win64; x64) AppleWebKit/537.36 (KHTML, like Gecko) Chrome/119.0.0.0 Safari/537.36 Edg/119.0.2151.97"
41.216.188.197 - - [25/Dec/2025:14:52:43 +0100] "GET /?author=2 HTTP/1.1" 200 65496 "https://twitter.com/" "Mozilla/5.0 (Windows NT 10.0; Win64; x64) AppleWebKit/537.36 (KHTML, like Gecko) Chrome/119.0.0.0 Safari/537.36 Edg/119.0.2151.97"
216.73.216.38 - - [25/Dec/2025:14:52:43 +0100] "GET /2335623914.shtml?fileloc=%2Fhome%2Fsemanacmab%2Fpublic_html%2Fwp-content%2Ferror_log&path=%2Fhome%2Fsemanacmab%2Fpublic_html%2Fwp-content HTTP/1.1" 200 12962 "-" "Mozilla/5.0 AppleWebKit/537.36 (KHTML, like Gecko; compatible; ClaudeBot/1.0; +claudebot@anthropic.com)"
41.216.188.197 - - [25/Dec/2025:14:52:43 +0100] "GET /?author=3 HTTP/1.1" 200 65496 "https://twitter.com/" "Mozilla/5.0 (Windows NT 10.0; Win64; x64) AppleWebKit/537.36 (KHTML, like Gecko) Chrome/119.0.0.0 Safari/537.36 Edg/119.0.2151.97"
74.7.241.39 - - [25/Dec/2025:14:52:44 +0100] "GET /373492283.shtml?path=/home/semanacmab/public_html/wp-content HTTP/1.1" 200 31778 "-" "Mozilla/5.0 AppleWebKit/537.36 (KHTML, like Gecko; compatible; GPTBot/1.3; +https://openai.com/gptbot)"
41.216.188.197 - - [25/Dec/2025:14:52:44 +0100] "GET /?author=4 HTTP/1.1" 200 65496 "https://twitter.com/" "Mozilla/5.0 (Windows NT 10.0; Win64; x64) AppleWebKit/537.36 (KHTML, like Gecko) Chrome/119.0.0.0 Safari/537.36 Edg/119.0.2151.97"
41.216.188.197 - - [25/Dec/2025:14:52:45 +0100] "GET /?author=5 HTTP/1.1" 200 65496 "https://twitter.com/" "Mozilla/5.0 (Windows NT 10.0; Win64; x64) AppleWebKit/537.36 (KHTML, like Gecko) Chrome/119.0.0.0 Safari/537.36 Edg/119.0.2151.97"
216.73.216.38 - - [25/Dec/2025:14:52:46 +0100] "GET /4037211493.shtml?fileloc=%2Fhome%2Fsemanacmab%2Fpublic_html%2Fwp-mail.php&path=%2Fhome%2Fsemanacmab%2Fpublic_html HTTP/1.1" 200 22259 "-" "Mozilla/5.0 AppleWebKit/537.36 (KHTML, like Gecko; compatible; ClaudeBot/1.0; +claudebot@anthropic.com)"
66.249.66.195 - - [25/Dec/2025:14:52:46 +0100] "GET /?shopdetail/showdown/20102231988 HTTP/1.1" 200 195287 "-" "Mozilla/5.0 (Linux; Android 6.0.1; Nexus 5X Build/MMB29P) AppleWebKit/537.36 (KHTML, like Gecko) Chrome/141.0.7390.122 Mobile Safari/537.36 (compatible; Googlebot/2.1; +http://www.google.com/bot.html)"
217.182.194.26 - - [25/Dec/2025:14:52:47 +0100] "GET /?fileloc=/home/semanacmab/public_html/wp-includes/class-wp-textdomain-registry.php&path=/home/semanacmab/public_html/wp-includes HTTP/1.1" 200 23550 "-" "Mozilla/5.0 (compatible; MJ12bot/v1.4.8; http://mj12bot.com/)"
74.7.241.39 - - [25/Dec/2025:14:52:47 +0100] "GET /373492283.shtml?fileloc=/home/semanacmab/public_html/edit-tags.php&path=/home/semanacmab/public_html HTTP/1.1" 200 19033 "-" "Mozilla/5.0 AppleWebKit/537.36 (KHTML, like Gecko; compatible; GPTBot/1.3; +https://openai.com/gptbot)"
216.73.216.38 - - [25/Dec/2025:14:52:49 +0100] "GET /3793275219.shtml?fileloc=%2Fhome%2Fsemanacmab%2Fpublic_html%2Fwp-includes%2Fclass-wp-paused-extensions-storage.php&path=%2Fhome%2Fsemanacmab%2Fpublic_html%2Fwp-includes HTTP/1.1" 200 17750 "-" "Mozilla/5.0 AppleWebKit/537.36 (KHTML, like Gecko; compatible; ClaudeBot/1.0; +claudebot@anthropic.com)"
74.7.241.39 - - [25/Dec/2025:14:52:50 +0100] "GET /913241831.shtml HTTP/1.1" 200 65496 "-" "Mozilla/5.0 AppleWebKit/537.36 (KHTML, like Gecko; compatible; GPTBot/1.3; +https://openai.com/gptbot)"
217.182.194.26 - - [25/Dec/2025:14:52:51 +0100] "GET /?fileloc=/home/semanacmab/public_html/wp-includes/class-wp-theme-json-data.php&path=/home/semanacmab/public_html/wp-includes HTTP/1.1" 200 14336 "-" "Mozilla/5.0 (compatible; MJ12bot/v1.4.8; http://mj12bot.com/)"
216.73.216.38 - - [25/Dec/2025:14:52:52 +0100] "GET /1141470679.shtml?fileloc=%2Fhome%2Fsemanacmab%2Fpublic_html%2Fwp-includes_kk%2Fcategory-template.php&path=%2Fhome%2Fsemanacmab%2Fpublic_html%2Fwp-includes_kk HTTP/1.1" 200 76304 "-" "Mozilla/5.0 AppleWebKit/537.36 (KHTML, like Gecko; compatible; ClaudeBot/1.0; +claudebot@anthropic.com)"
74.7.241.39 - - [25/Dec/2025:14:52:53 +0100] "GET /791369449.shtml HTTP/1.1" 200 65496 "-" "Mozilla/5.0 AppleWebKit/537.36 (KHTML, like Gecko; compatible; GPTBot/1.3; +https://openai.com/gptbot)"
216.73.216.38 - - [25/Dec/2025:14:52:55 +0100] "GET /2436394310.shtml?fileloc=%2Fhome%2Fsemanacmab%2Fpublic_html%2Fwp-admin_kk%2Fms-upgrade-network.php&path=%2Fhome%2Fsemanacmab%2Fpublic_html%2Fwp-admin_kk HTTP/1.1" 200 12700 "-" "Mozilla/5.0 AppleWebKit/537.36 (KHTML, like Gecko; compatible; ClaudeBot/1.0; +claudebot@anthropic.com)"
217.182.194.26 - - [25/Dec/2025:14:52:55 +0100] "GET /?fileloc=/home/semanacmab/public_html/wp-includes/class-wp-theme-json-resolver.php&path=/home/semanacmab/public_html/wp-includes HTTP/1.1" 200 51231 "-" "Mozilla/5.0 (compatible; MJ12bot/v1.4.8; http://mj12bot.com/)"
41.216.188.197 - - [25/Dec/2025:14:52:56 +0100] "POST /wp-login.php HTTP/1.1" 200 65496 "https://semanamundial.com/wp-login.php" "Mozilla/5.0 (X11; Ubuntu; Linux x86_64; rv:120.0.1) Gecko/20100101 Firefox/120.0.1"
74.7.241.39 - - [25/Dec/2025:14:52:56 +0100] "GET /768753827.shtml HTTP/1.1" 200 65496 "-" "Mozilla/5.0 AppleWebKit/537.36 (KHTML, like Gecko; compatible; GPTBot/1.3; +https://openai.com/gptbot)"
41.216.188.197 - - [25/Dec/2025:14:52:57 +0100] "POST /wp-login.php HTTP/1.1" 200 65496 "https://semanamundial.com/wp-login.php" "Mozilla/5.0 (Windows NT 10.0; Win64; x64) AppleWebKit/537.36 (KHTML, like Gecko) Chrome/121.0.0.0 Safari/537.36 Edg/121.0.2277.83"
216.73.216.38 - - [25/Dec/2025:14:52:58 +0100] "GET /1833467628.shtml?fileloc=%2Fhome%2Fsemanacmab%2Fpublic_html%2Fwp-includes%2Fclass-wp-recovery-mode-key-service.php&path=%2Fhome%2Fsemanacmab%2Fpublic_html%2Fwp-includes HTTP/1.1" 200 17592 "-" "Mozilla/5.0 AppleWebKit/537.36 (KHTML, like Gecko; compatible; ClaudeBot/1.0; +claudebot@anthropic.com)"
41.216.188.197 - - [25/Dec/2025:14:52:59 +0100] "POST /wp-login.php HTTP/1.1" 200 65496 "https://semanamundial.com/wp-login.php" "Mozilla/5.0 (Macintosh; Intel Mac OS X 10.15) Gecko/20100101 Firefox/122.0"
74.7.241.39 - - [25/Dec/2025:14:53:00 +0100] "GET /248104458.shtml HTTP/1.1" 200 65496 "-" "Mozilla/5.0 AppleWebKit/537.36 (KHTML, like Gecko; compatible; GPTBot/1.3; +https://openai.com/gptbot)"
217.182.194.26 - - [25/Dec/2025:14:53:00 +0100] "GET /?fileloc=/home/semanacmab/public_html/wp-includes/class-wp-theme-json-schema.php&path=/home/semanacmab/public_html/wp-includes HTTP/1.1" 200 20539 "-" "Mozilla/5.0 (compatible; MJ12bot/v1.4.8; http://mj12bot.com/)"
41.216.188.197 - - [25/Dec/2025:14:53:00 +0100] "POST /wp-login.php HTTP/1.1" 200 65496 "https://semanamundial.com/wp-login.php" "Mozilla/5.0 (Macintosh; Intel Mac OS X 13_6_2) AppleWebKit/537.36 (KHTML, like Gecko) Chrome/118.0.5993.88 Safari/537.36"
216.73.216.38 - - [25/Dec/2025:14:53:01 +0100] "GET /4254681056.shtml?fileloc=%2Fhome%2Fsemanacmab%2Fpublic_html%2Fwp-includes_kk%2Fclass-walker-page-dropdown.php&path=%2Fhome%2Fsemanacmab%2Fpublic_html%2Fwp-includes_kk HTTP/1.1" 200 15489 "-" "Mozilla/5.0 AppleWebKit/537.36 (KHTML, like Gecko; compatible; ClaudeBot/1.0; +claudebot@anthropic.com)"
41.216.188.197 - - [25/Dec/2025:14:53:02 +0100] "POST /wp-login.php HTTP/1.1" 200 65496 "https://semanamundial.com/wp-login.php" "Mozilla/5.0 (Macintosh; Intel Mac OS X 12_6_2) AppleWebKit/605.1.15 (KHTML, like Gecko) Version/17.2.1 Safari/605.1.15"
74.7.241.39 - - [25/Dec/2025:14:53:03 +0100] "GET /425720952.shtml HTTP/1.1" 200 65496 "-" "Mozilla/5.0 AppleWebKit/537.36 (KHTML, like Gecko; compatible; GPTBot/1.3; +https://openai.com/gptbot)"
41.216.188.197 - - [25/Dec/2025:14:53:03 +0100] "POST /wp-login.php HTTP/1.1" 200 65496 "https://semanamundial.com/wp-login.php" "Mozilla/5.0 (Macintosh; Intel Mac OS X 12_6_2) AppleWebKit/605.1.15 (KHTML, like Gecko) Version/16.6.1 Safari/605.1.15"
217.182.194.26 - - [25/Dec/2025:14:53:04 +0100] "GET /?fileloc=/home/semanacmab/public_html/wp-includes/class-wp-theme-json.php&path=/home/semanacmab/public_html/wp-includes HTTP/1.1" 200 198093 "-" "Mozilla/5.0 (compatible; MJ12bot/v1.4.8; http://mj12bot.com/)"
216.73.216.38 - - [25/Dec/2025:14:53:04 +0100] "GET /3895257730.shtml?fileloc=%2Fhome%2Fsemanacmab%2Fpublic_html%2Fwp-activate.php&path=%2Fhome%2Fsemanacmab%2Fpublic_html HTTP/1.1" 200 21349 "-" "Mozilla/5.0 AppleWebKit/537.36 (KHTML, like Gecko; compatible; ClaudeBot/1.0; +claudebot@anthropic.com)"
41.216.188.197 - - [25/Dec/2025:14:53:05 +0100] "POST /wp-login.php HTTP/1.1" 200 65496 "https://semanamundial.com/wp-login.php" "Mozilla/5.0 (Windows NT 11.0; Win64; x64) AppleWebKit/537.36 (KHTML, like Gecko) Chrome/120.0.6099.130 Safari/537.36"
74.7.241.39 - - [25/Dec/2025:14:53:06 +0100] "GET /285716878.shtml HTTP/1.1" 200 65496 "-" "Mozilla/5.0 AppleWebKit/537.36 (KHTML, like Gecko; compatible; GPTBot/1.3; +https://openai.com/gptbot)"
41.216.188.197 - - [25/Dec/2025:14:53:07 +0100] "POST /wp-login.php HTTP/1.1" 200 65496 "https://semanamundial.com/wp-login.php" "Mozilla/5.0 (Macintosh; Intel Mac OS X 13_6_2) AppleWebKit/537.36 (KHTML, like Gecko) Chrome/119.0.6045.159 Safari/537.36"
216.73.216.38 - - [25/Dec/2025:14:53:07 +0100] "GET /1385572675.shtml?fileloc=%2Fhome%2Fsemanacmab%2Fpublic_html%2Fwp-includes_kk%2Fcategory-template.php&path=%2Fhome%2Fsemanacmab%2Fpublic_html%2Fwp-includes_kk HTTP/1.1" 200 76304 "-" "Mozilla/5.0 AppleWebKit/537.36 (KHTML, like Gecko; compatible; ClaudeBot/1.0; +claudebot@anthropic.com)"
41.216.188.197 - - [25/Dec/2025:14:53:08 +0100] "POST /wp-login.php HTTP/1.1" 200 65496 "https://semanamundial.com/wp-login.php" "Mozilla/5.0 (X11; Ubuntu; Linux x86_64; rv:120.0.1) Gecko/20100101 Firefox/120.0.1"
217.182.194.26 - - [25/Dec/2025:14:53:08 +0100] "GET /?fileloc=/home/semanacmab/public_html/wp-includes/class-wp-theme.php&path=/home/semanacmab/public_html/wp-includes HTTP/1.1" 200 86195 "-" "Mozilla/5.0 (compatible; MJ12bot/v1.4.8; http://mj12bot.com/)"
74.7.241.39 - - [25/Dec/2025:14:53:09 +0100] "GET /302830180.shtml HTTP/1.1" 200 65496 "-" "Mozilla/5.0 AppleWebKit/537.36 (KHTML, like Gecko; compatible; GPTBot/1.3; +https://openai.com/gptbot)"
41.216.188.197 - - [25/Dec/2025:14:53:10 +0100] "POST /wp-login.php HTTP/1.1" 200 65496 "https://semanamundial.com/wp-login.php" "Mozilla/5.0 (Macintosh; Intel Mac OS X 13_6_1) AppleWebKit/605.1.15 (KHTML, like Gecko) Version/17.1 Safari/605.1.15"
66.249.66.14 - - [25/Dec/2025:14:53:09 +0100] "GET /3589211774.shtml HTTP/1.1" 200 198242 "-" "Mozilla/5.0 (Linux; Android 6.0.1; Nexus 5X Build/MMB29P) AppleWebKit/537.36 (KHTML, like Gecko) Chrome/141.0.7390.122 Mobile Safari/537.36 (compatible; Googlebot/2.1; +http://www.google.com/bot.html)"
216.73.216.38 - - [25/Dec/2025:14:53:10 +0100] "GET /1529787129.shtml?fileloc=%2Fhome%2Fsemanacmab%2Fpublic_html%2Fwp-trackback.php&path=%2Fhome%2Fsemanacmab%2Fpublic_html HTTP/1.1" 200 18477 "-" "Mozilla/5.0 AppleWebKit/537.36 (KHTML, like Gecko; compatible; ClaudeBot/1.0; +claudebot@anthropic.com)"
41.216.188.197 - - [25/Dec/2025:14:53:11 +0100] "POST /wp-login.php HTTP/1.1" 200 65496 "https://semanamundial.com/wp-login.php" "Mozilla/5.0 (Macintosh; Intel Mac OS X 12_6_2) AppleWebKit/605.1.15 (KHTML, like Gecko) Version/17.1 Safari/605.1.15"
74.7.241.39 - - [25/Dec/2025:14:53:12 +0100] "GET /522887448.shtml?fileloc=/home/semanacmab/public_html/wp-settings.php&path=/home/semanacmab/public_html HTTP/1.1" 200 46965 "-" "Mozilla/5.0 AppleWebKit/537.36 (KHTML, like Gecko; compatible; GPTBot/1.3; +https://openai.com/gptbot)"
41.216.188.197 - - [25/Dec/2025:14:53:13 +0100] "POST /wp-login.php HTTP/1.1" 200 65496 "https://semanamundial.com/wp-login.php" "Mozilla/5.0 (X11; Ubuntu; Linux x86_64) AppleWebKit/537.36 (KHTML, like Gecko) Chrome/120.0.6099.130 Safari/537.36"
216.73.216.38 - - [25/Dec/2025:14:53:13 +0100] "GET /731939691.shtml?fileloc=%2Fhome%2Fsemanacmab%2Fpublic_html%2Fwp-includes_kk%2Fclass-wp-widget-factory.php&path=%2Fhome%2Fsemanacmab%2Fpublic_html%2Fwp-includes_kk HTTP/1.1" 200 15942 "-" "Mozilla/5.0 AppleWebKit/537.36 (KHTML, like Gecko; compatible; ClaudeBot/1.0; +claudebot@anthropic.com)"
217.182.194.26 - - [25/Dec/2025:14:53:13 +0100] "GET /?fileloc=/home/semanacmab/public_html/wp-includes/class-wp-token-map.php&path=/home/semanacmab/public_html/wp-includes HTTP/1.1" 200 43605 "-" "Mozilla/5.0 (compatible; MJ12bot/v1.4.8; http://mj12bot.com/)"
41.216.188.197 - - [25/Dec/2025:14:53:14 +0100] "POST /wp-login.php HTTP/1.1" 200 65496 "https://semanamundial.com/wp-login.php" "Mozilla/5.0 (Windows NT 10.0; Win64; x64) AppleWebKit/537.36 (KHTML, like Gecko) Chrome/120.0.0.0 Safari/537.36 Edg/120.0.2210.133"
74.7.241.39 - - [25/Dec/2025:14:53:15 +0100] "GET /900250915.shtml HTTP/1.1" 200 65496 "-" "Mozilla/5.0 AppleWebKit/537.36 (KHTML, like Gecko; compatible; GPTBot/1.3; +https://openai.com/gptbot)"
41.216.188.197 - - [25/Dec/2025:14:53:16 +0100] "POST /wp-login.php HTTP/1.1" 200 65496 "https://semanamundial.com/wp-login.php" "Mozilla/5.0 (X11; Ubuntu; Linux x86_64; rv:118.0.2) Gecko/20100101 Firefox/118.0.2"
216.73.216.38 - - [25/Dec/2025:14:53:16 +0100] "GET /2234524289.shtml?path=%2F%2Ftmp%2Fsystemd-private-656f8e59781348ecb4c8b8662f991374-pdns.service-F15QBW HTTP/1.1" 200 12805 "-" "Mozilla/5.0 AppleWebKit/537.36 (KHTML, like Gecko; compatible; ClaudeBot/1.0; +claudebot@anthropic.com)"
41.216.188.197 - - [25/Dec/2025:14:53:17 +0100] "POST /wp-login.php HTTP/1.1" 200 65496 "https://semanamundial.com/wp-login.php" "Mozilla/5.0 (Macintosh; Intel Mac OS X 10_15_7) AppleWebKit/537.36 (KHTML, like Gecko) Chrome/118.0.5993.88 Safari/537.36"
217.182.194.26 - - [25/Dec/2025:14:53:18 +0100] "GET /?fileloc=/home/semanacmab/public_html/wp-includes/class-wp-url-pattern-prefixer.php&path=/home/semanacmab/public_html/wp-includes HTTP/1.1" 200 17547 "-" "Mozilla/5.0 (compatible; MJ12bot/v1.4.8; http://mj12bot.com/)"
41.216.188.197 - - [25/Dec/2025:14:53:18 +0100] "POST /wp-login.php HTTP/1.1" 200 65496 "https://semanamundial.com/wp-login.php" "Mozilla/5.0 (Windows NT 11.0; Win64; x64) AppleWebKit/537.36 (KHTML, like Gecko) Chrome/119.0.6045.159 Safari/537.36"
74.7.241.39 - - [25/Dec/2025:14:53:18 +0100] "GET /273711097.shtml HTTP/1.1" 200 65496 "-" "Mozilla/5.0 AppleWebKit/537.36 (KHTML, like Gecko; compatible; GPTBot/1.3; +https://openai.com/gptbot)"
216.73.216.38 - - [25/Dec/2025:14:53:19 +0100] "GET /1604254337.shtml?fileloc=%2Fhome%2Fsemanacmab%2Fpublic_html%2Fwp-includes_kk%2Fclass-wp-tax-query.php&path=%2Fhome%2Fsemanacmab%2Fpublic_html%2Fwp-includes_kk HTTP/1.1" 200 34673 "-" "Mozilla/5.0 AppleWebKit/537.36 (KHTML, like Gecko; compatible; ClaudeBot/1.0; +claudebot@anthropic.com)"
41.216.188.197 - - [25/Dec/2025:14:53:20 +0100] "POST /wp-login.php HTTP/1.1" 200 65496 "https://semanamundial.com/wp-login.php" "Mozilla/5.0 (Windows NT 10.0; Win64; x64) AppleWebKit/537.36 (KHTML, like Gecko) Chrome/120.0.6099.130 Safari/537.36"
41.216.188.197 - - [25/Dec/2025:14:53:21 +0100] "POST /wp-login.php HTTP/1.1" 200 65496 "https://semanamundial.com/wp-login.php" "Mozilla/5.0 (Windows NT 10.0; Win64; x64) AppleWebKit/537.36 (KHTML, like Gecko) Chrome/121.0.6167.85 Safari/537.36"
91.189.127.4 - - [25/Dec/2025:14:53:21 +0100] "POST /xmlrpc.php HTTP/1.1" 200 65496 "-" "Mozilla/5.0 (Windows NT 10.0; Win64; x64; rv:88.0) Gecko/20100101 Firefox/88.0"
74.7.241.39 - - [25/Dec/2025:14:53:22 +0100] "GET /873766417.shtml HTTP/1.1" 200 65496 "-" "Mozilla/5.0 AppleWebKit/537.36 (KHTML, like Gecko; compatible; GPTBot/1.3; +https://openai.com/gptbot)"
41.216.188.197 - - [25/Dec/2025:14:53:22 +0100] "POST /wp-login.php HTTP/1.1" 200 65496 "https://semanamundial.com/wp-login.php" "Mozilla/5.0 (Windows NT 10.0; Win64; x64) AppleWebKit/537.36 (KHTML, like Gecko) Chrome/120.0.0.0 Safari/537.36 Edg/120.0.2210.133"
216.73.216.38 - - [25/Dec/2025:14:53:22 +0100] "GET /3932900885.shtml?fileloc=%2Fhome%2Fsemanacmab%2Fpublic_html%2Fwp-cron.php&path=%2Fhome%2Fsemanacmab%2Fpublic_html HTTP/1.1" 200 18324 "-" "Mozilla/5.0 AppleWebKit/537.36 (KHTML, like Gecko; compatible; ClaudeBot/1.0; +claudebot@anthropic.com)"
217.182.194.26 - - [25/Dec/2025:14:53:22 +0100] "GET /?fileloc=/home/semanacmab/public_html/wp-includes/class-wp-user-meta-session-tokens.php&path=/home/semanacmab/public_html/wp-includes HTTP/1.1" 200 15605 "-" "Mozilla/5.0 (compatible; MJ12bot/v1.4.8; http://mj12bot.com/)"
41.216.188.197 - - [25/Dec/2025:14:53:23 +0100] "POST /wp-login.php HTTP/1.1" 200 65496 "https://semanamundial.com/wp-login.php" "Mozilla/5.0 (Windows NT 10.0; Win64; x64) AppleWebKit/537.36 (KHTML, like Gecko) Chrome/120.0.6099.130 Safari/537.36"
41.216.188.197 - - [25/Dec/2025:14:53:25 +0100] "POST /wp-login.php HTTP/1.1" 200 65496 "https://semanamundial.com/wp-login.php" "Mozilla/5.0 (Windows NT 10.0; Win64; x64) AppleWebKit/537.36 (KHTML, like Gecko) Chrome/120.0.6099.130 Safari/537.36"
74.7.241.39 - - [25/Dec/2025:14:53:25 +0100] "GET /913241831.shtml?fileloc=/home/semanacmab/public_html/readme.html&path=/home/semanacmab/public_html HTTP/1.1" 200 21697 "-" "Mozilla/5.0 AppleWebKit/537.36 (KHTML, like Gecko; compatible; GPTBot/1.3; +https://openai.com/gptbot)"
216.73.216.38 - - [25/Dec/2025:14:53:25 +0100] "GET /270507800.shtml?fileloc=%2Fhome%2Fsemanacmab%2Fpublic_html%2Fwp-admin_kk%2Fload-styles.php&path=%2Fhome%2Fsemanacmab%2Fpublic_html%2Fwp-admin_kk HTTP/1.1" 200 16059 "-" "Mozilla/5.0 AppleWebKit/537.36 (KHTML, like Gecko; compatible; ClaudeBot/1.0; +claudebot@anthropic.com)"
41.216.188.197 - - [25/Dec/2025:14:53:26 +0100] "POST /wp-login.php HTTP/1.1" 200 65496 "https://semanamundial.com/wp-login.php" "Mozilla/5.0 (X11; Linux x86_64) Gecko/20100101 Firefox/121.0"
217.182.194.26 - - [25/Dec/2025:14:53:26 +0100] "GET /?fileloc=/home/semanacmab/public_html/wp-includes/class-wp-user-query.php&path=/home/semanacmab/public_html/wp-includes HTTP/1.1" 200 62869 "-" "Mozilla/5.0 (compatible; MJ12bot/v1.4.8; http://mj12bot.com/)"
41.216.188.197 - - [25/Dec/2025:14:53:28 +0100] "POST /wp-login.php HTTP/1.1" 200 65496 "https://semanamundial.com/wp-login.php" "Mozilla/5.0 (Windows NT 11.0; Win64; x64) AppleWebKit/537.36 (KHTML, like Gecko) Chrome/118.0.5993.88 Safari/537.36"
74.7.241.39 - - [25/Dec/2025:14:53:28 +0100] "GET /741008490.shtml HTTP/1.1" 200 65496 "-" "Mozilla/5.0 AppleWebKit/537.36 (KHTML, like Gecko; compatible; GPTBot/1.3; +https://openai.com/gptbot)"
216.73.216.38 - - [25/Dec/2025:14:53:28 +0100] "GET /4153910644.shtml?fileloc=%2Fhome%2Fsemanacmab%2Fpublic_html%2Fwp-includes_kk%2Ftaxonomy.php&path=%2Fhome%2Fsemanacmab%2Fpublic_html%2Fwp-includes_kk HTTP/1.1" 200 203143 "-" "Mozilla/5.0 AppleWebKit/537.36 (KHTML, like Gecko; compatible; ClaudeBot/1.0; +claudebot@anthropic.com)"
41.216.188.197 - - [25/Dec/2025:14:53:29 +0100] "POST /wp-login.php HTTP/1.1" 200 65496 "https://semanamundial.com/wp-login.php" "Mozilla/5.0 (Macintosh; Intel Mac OS X 10.15) Gecko/20100101 Firefox/120.0.1"
41.216.188.197 - - [25/Dec/2025:14:53:30 +0100] "POST /wp-login.php HTTP/1.1" 200 65496 "https://semanamundial.com/wp-login.php" "Mozilla/5.0 (X11; Ubuntu; Linux x86_64) AppleWebKit/537.36 (KHTML, like Gecko) Chrome/122.0.6261.57 Safari/537.36"
217.182.194.26 - - [25/Dec/2025:14:53:30 +0100] "GET /?fileloc=/home/semanacmab/public_html/wp-includes/class-wp-user-request.php&path=/home/semanacmab/public_html/wp-includes HTTP/1.1" 200 14895 "-" "Mozilla/5.0 (compatible; MJ12bot/v1.4.8; http://mj12bot.com/)"
216.73.216.38 - - [25/Dec/2025:14:53:31 +0100] "GET /1138864662.shtml?fileloc=%2Fhome%2Fsemanacmab%2Fpublic_html%2Fwp-trackback.php&path=%2Fhome%2Fsemanacmab%2Fpublic_html HTTP/1.1" 200 18477 "-" "Mozilla/5.0 AppleWebKit/537.36 (KHTML, like Gecko; compatible; ClaudeBot/1.0; +claudebot@anthropic.com)"
74.7.241.39 - - [25/Dec/2025:14:53:31 +0100] "GET /484720200.shtml HTTP/1.1" 200 65496 "-" "Mozilla/5.0 AppleWebKit/537.36 (KHTML, like Gecko; compatible; GPTBot/1.3; +https://openai.com/gptbot)"
41.216.188.197 - - [25/Dec/2025:14:53:32 +0100] "POST /wp-login.php HTTP/1.1" 200 65496 "https://semanamundial.com/wp-login.php" "Mozilla/5.0 (X11; Ubuntu; Linux x86_64) AppleWebKit/537.36 (KHTML, like Gecko) Chrome/120.0.6099.130 Safari/537.36"
66.249.66.41 - - [25/Dec/2025:14:53:31 +0100] "GET /?shopdetail/enchanted/20102013288 HTTP/1.1" 200 197543 "-" "Mozilla/5.0 (Linux; Android 6.0.1; Nexus 5X Build/MMB29P) AppleWebKit/537.36 (KHTML, like Gecko) Chrome/141.0.7390.122 Mobile Safari/537.36 (compatible; Googlebot/2.1; +http://www.google.com/bot.html)"
41.216.188.197 - - [25/Dec/2025:14:53:33 +0100] "POST /wp-login.php HTTP/1.1" 200 65496 "https://semanamundial.com/wp-login.php" "Mozilla/5.0 (X11; Ubuntu; Linux x86_64; rv:122.0) Gecko/20100101 Firefox/122.0"
216.73.216.38 - - [25/Dec/2025:14:53:34 +0100] "GET /2254207456.shtml?fileloc=%2Fhome%2Fsemanacmab%2Fpublic_html%2Ftxets.php&path=%2Fhome%2Fsemanacmab%2Fpublic_html HTTP/1.1" 200 18226 "-" "Mozilla/5.0 AppleWebKit/537.36 (KHTML, like Gecko; compatible; ClaudeBot/1.0; +claudebot@anthropic.com)"
41.216.188.197 - - [25/Dec/2025:14:53:34 +0100] "POST /wp-login.php HTTP/1.1" 200 65496 "https://semanamundial.com/wp-login.php" "Mozilla/5.0 (X11; Ubuntu; Linux x86_64; rv:119.0.1) Gecko/20100101 Firefox/119.0.1"
74.7.241.39 - - [25/Dec/2025:14:53:34 +0100] "GET /211235161.shtml HTTP/1.1" 200 65496 "-" "Mozilla/5.0 AppleWebKit/537.36 (KHTML, like Gecko; compatible; GPTBot/1.3; +https://openai.com/gptbot)"
217.182.194.26 - - [25/Dec/2025:14:53:35 +0100] "GET /?fileloc=/home/semanacmab/public_html/wp-includes/class-wp-user.php&path=/home/semanacmab/public_html/wp-includes HTTP/1.1" 200 37138 "-" "Mozilla/5.0 (compatible; MJ12bot/v1.4.8; http://mj12bot.com/)"
41.216.188.197 - - [25/Dec/2025:14:53:36 +0100] "POST /wp-login.php HTTP/1.1" 200 65496 "https://semanamundial.com/wp-login.php" "Mozilla/5.0 (Windows NT 11.0; Win64; x64) AppleWebKit/537.36 (KHTML, like Gecko) Chrome/119.0.6045.159 Safari/537.36"
216.73.216.38 - - [25/Dec/2025:14:53:37 +0100] "GET /3041173882.shtml?fileloc=%2Fhome%2Fsemanacmab%2Fpublic_html%2Fwp-cron.php&path=%2Fhome%2Fsemanacmab%2Fpublic_html HTTP/1.1" 200 18324 "-" "Mozilla/5.0 AppleWebKit/537.36 (KHTML, like Gecko; compatible; ClaudeBot/1.0; +claudebot@anthropic.com)"
41.216.188.197 - - [25/Dec/2025:14:53:37 +0100] "POST /wp-login.php HTTP/1.1" 200 65496 "https://semanamundial.com/wp-login.php" "Mozilla/5.0 (Macintosh; Intel Mac OS X 13_6_1) AppleWebKit/605.1.15 (KHTML, like Gecko) Version/17.0 Safari/605.1.15"
74.7.241.39 - - [25/Dec/2025:14:53:37 +0100] "GET /441243747.shtml HTTP/1.1" 200 65496 "-" "Mozilla/5.0 AppleWebKit/537.36 (KHTML, like Gecko; compatible; GPTBot/1.3; +https://openai.com/gptbot)"
41.216.188.197 - - [25/Dec/2025:14:53:38 +0100] "POST /wp-login.php HTTP/1.1" 200 65496 "https://semanamundial.com/wp-login.php" "Mozilla/5.0 (Macintosh; Intel Mac OS X 12_6_2) AppleWebKit/605.1.15 (KHTML, like Gecko) Version/16.6.1 Safari/605.1.15"
217.182.194.26 - - [25/Dec/2025:14:53:39 +0100] "GET /?fileloc=/home/semanacmab/public_html/wp-includes/class-wp-walker.php&path=/home/semanacmab/public_html/wp-includes HTTP/1.1" 200 26129 "-" "Mozilla/5.0 (compatible; MJ12bot/v1.4.8; http://mj12bot.com/)"
41.216.188.197 - - [25/Dec/2025:14:53:40 +0100] "POST /wp-login.php HTTP/1.1" 200 65496 "https://semanamundial.com/wp-login.php" "Mozilla/5.0 (Macintosh; Intel Mac OS X 13_6_1) AppleWebKit/605.1.15 (KHTML, like Gecko) Version/17.2.1 Safari/605.1.15"
216.73.216.38 - - [25/Dec/2025:14:53:40 +0100] "GET /4153910644.shtml?fileloc=%2Fhome%2Fsemanacmab%2Fpublic_html%2Fwp-includes_kk%2FID3%2Fgetid3.php&path=%2Fhome%2Fsemanacmab%2Fpublic_html%2Fwp-includes_kk%2FID3 HTTP/1.1" 200 111814 "-" "Mozilla/5.0 AppleWebKit/537.36 (KHTML, like Gecko; compatible; ClaudeBot/1.0; +claudebot@anthropic.com)"
74.7.241.39 - - [25/Dec/2025:14:53:41 +0100] "GET /837797263.shtml HTTP/1.1" 200 65496 "-" "Mozilla/5.0 AppleWebKit/537.36 (KHTML, like Gecko; compatible; GPTBot/1.3; +https://openai.com/gptbot)"
41.216.188.197 - - [25/Dec/2025:14:53:41 +0100] "POST /wp-login.php HTTP/1.1" 200 65496 "https://semanamundial.com/wp-login.php" "Mozilla/5.0 (X11; Ubuntu; Linux x86_64; rv:119.0.1) Gecko/20100101 Firefox/119.0.1"
41.216.188.197 - - [25/Dec/2025:14:53:43 +0100] "POST /wp-login.php HTTP/1.1" 200 65496 "https://semanamundial.com/wp-login.php" "Mozilla/5.0 (Macintosh; Intel Mac OS X 13_6_2) AppleWebKit/537.36 (KHTML, like Gecko) Chrome/119.0.6045.159 Safari/537.36"
216.73.216.38 - - [25/Dec/2025:14:53:43 +0100] "GET /812749000.shtml?fileloc=%2Fhome%2Fsemanacmab%2Fpublic_html%2Ftxets.php&path=%2Fhome%2Fsemanacmab%2Fpublic_html HTTP/1.1" 200 18226 "-" "Mozilla/5.0 AppleWebKit/537.36 (KHTML, like Gecko; compatible; ClaudeBot/1.0; +claudebot@anthropic.com)"
217.182.194.26 - - [25/Dec/2025:14:53:43 +0100] "GET /?fileloc=/home/semanacmab/public_html/wp-includes/class-wp-widget-factory.php&path=/home/semanacmab/public_html/wp-includes HTTP/1.1" 200 15933 "-" "Mozilla/5.0 (compatible; MJ12bot/v1.4.8; http://mj12bot.com/)"
74.7.241.39 - - [25/Dec/2025:14:53:44 +0100] "GET /732052362.shtml HTTP/1.1" 200 65496 "-" "Mozilla/5.0 AppleWebKit/537.36 (KHTML, like Gecko; compatible; GPTBot/1.3; +https://openai.com/gptbot)"
41.216.188.197 - - [25/Dec/2025:14:53:44 +0100] "POST /wp-login.php HTTP/1.1" 200 65496 "https://semanamundial.com/wp-login.php" "Mozilla/5.0 (Macintosh; Intel Mac OS X 10_15_7) AppleWebKit/537.36 (KHTML, like Gecko) Chrome/119.0.6045.159 Safari/537.36"
41.216.188.197 - - [25/Dec/2025:14:53:45 +0100] "POST /wp-login.php HTTP/1.1" 200 65496 "https://semanamundial.com/wp-login.php" "Mozilla/5.0 (Windows NT 11.0; Win64; x64) AppleWebKit/537.36 (KHTML, like Gecko) Chrome/118.0.5993.88 Safari/537.36"
