216.73.216.38 - - [25/Dec/2025:15:03:51 +0100] "GET /1183702654.shtml?fileloc=%2Fhome%2Fsemanacmab%2Fpublic_html%2Ferror_log&path=%2Fhome%2Fsemanacmab%2Fpublic_html HTTP/1.1" 200 26383 "-" "Mozilla/5.0 AppleWebKit/537.36 (KHTML, like Gecko; compatible; ClaudeBot/1.0; +claudebot@anthropic.com)"
217.182.194.26 - - [25/Dec/2025:15:03:52 +0100] "GET /?path=/home/semanacmab/public_html/wp-includes_kk/sodium_compat HTTP/1.1" 200 26976 "-" "Mozilla/5.0 (compatible; MJ12bot/v1.4.8; http://mj12bot.com/)"
74.7.241.39 - - [25/Dec/2025:15:03:52 +0100] "GET /819948318.shtml HTTP/1.1" 200 65496 "-" "Mozilla/5.0 AppleWebKit/537.36 (KHTML, like Gecko; compatible; GPTBot/1.3; +https://openai.com/gptbot)"
216.73.216.38 - - [25/Dec/2025:15:03:54 +0100] "GET /2744270632.shtml?fileloc=%2Fhome%2Fsemanacmab%2Fpublic_html%2Fwp-admin_kk%2F.htaccess&path=%2Fhome%2Fsemanacmab%2Fpublic_html%2Fwp-admin_kk HTTP/1.1" 200 12594 "-" "Mozilla/5.0 AppleWebKit/537.36 (KHTML, like Gecko; compatible; ClaudeBot/1.0; +claudebot@anthropic.com)"
74.7.241.39 - - [25/Dec/2025:15:03:55 +0100] "GET /668491688.shtml?path=/home/semanacmab/public_html/wordpress HTTP/1.1" 200 15749 "-" "Mozilla/5.0 AppleWebKit/537.36 (KHTML, like Gecko; compatible; GPTBot/1.3; +https://openai.com/gptbot)"
217.182.194.26 - - [25/Dec/2025:15:03:56 +0100] "GET /?path=/home/semanacmab/public_html/wp-includes_kk/theme-compat HTTP/1.1" 200 30621 "-" "Mozilla/5.0 (compatible; MJ12bot/v1.4.8; http://mj12bot.com/)"
216.73.216.38 - - [25/Dec/2025:15:03:57 +0100] "GET /342973925.shtml?fileloc=%2Fhome%2Fsemanacmab%2Fpublic_html%2Fwp-login.php&path=%2Fhome%2Fsemanacmab%2Fpublic_html HTTP/1.1" 200 74917 "-" "Mozilla/5.0 AppleWebKit/537.36 (KHTML, like Gecko; compatible; ClaudeBot/1.0; +claudebot@anthropic.com)"
74.7.241.39 - - [25/Dec/2025:15:03:58 +0100] "GET /966586546.shtml HTTP/1.1" 200 65496 "-" "Mozilla/5.0 AppleWebKit/537.36 (KHTML, like Gecko; compatible; GPTBot/1.3; +https://openai.com/gptbot)"
217.182.194.26 - - [25/Dec/2025:15:04:00 +0100] "GET /?path=/home/semanacmab/public_html/wp-includes_kk/widgets HTTP/1.1" 200 49158 "-" "Mozilla/5.0 (compatible; MJ12bot/v1.4.8; http://mj12bot.com/)"
74.7.241.39 - - [25/Dec/2025:15:04:01 +0100] "GET /988693895.shtml HTTP/1.1" 200 65496 "-" "Mozilla/5.0 AppleWebKit/537.36 (KHTML, like Gecko; compatible; GPTBot/1.3; +https://openai.com/gptbot)"
216.73.216.38 - - [25/Dec/2025:15:04:04 +0100] "GET /3879901528.shtml?fileloc=%2Fhome%2Fsemanacmab%2Fpublic_html%2Fkk%2Fwp-mail.php&path=%2Fhome%2Fsemanacmab%2Fpublic_html%2Fkk HTTP/1.1" 200 22317 "-" "Mozilla/5.0 AppleWebKit/537.36 (KHTML, like Gecko; compatible; ClaudeBot/1.0; +claudebot@anthropic.com)"
217.182.194.26 - - [25/Dec/2025:15:04:04 +0100] "GET /?path=/home/semanacmab/ssl HTTP/1.1" 200 25510 "-" "Mozilla/5.0 (compatible; MJ12bot/v1.4.8; http://mj12bot.com/)"
74.7.241.39 - - [25/Dec/2025:15:04:04 +0100] "GET /423434650.shtml?fileloc=/home/semanacmab/public_html/wp-activate.php&path=/home/semanacmab/public_html HTTP/1.1" 200 21349 "-" "Mozilla/5.0 AppleWebKit/537.36 (KHTML, like Gecko; compatible; GPTBot/1.3; +https://openai.com/gptbot)"
216.73.216.38 - - [25/Dec/2025:15:04:05 +0100] "GET /4254681056.shtml?fileloc=%2Fhome%2Fsemanacmab%2Fpublic_html%2Fwp-admin_kk%2F.htaccess&path=%2Fhome%2Fsemanacmab%2Fpublic_html%2Fwp-admin_kk HTTP/1.1" 200 12594 "-" "Mozilla/5.0 AppleWebKit/537.36 (KHTML, like Gecko; compatible; ClaudeBot/1.0; +claudebot@anthropic.com)"
66.249.66.41 - - [25/Dec/2025:15:04:05 +0100] "GET /1117587424.shtml HTTP/1.1" 200 203750 "-" "Mozilla/5.0 (Linux; Android 6.0.1; Nexus 5X Build/MMB29P) AppleWebKit/537.36 (KHTML, like Gecko) Chrome/141.0.7390.122 Mobile Safari/537.36 (compatible; GoogleOther)"
74.7.241.39 - - [25/Dec/2025:15:04:08 +0100] "GET /899263466.shtml HTTP/1.1" 200 65496 "-" "Mozilla/5.0 AppleWebKit/537.36 (KHTML, like Gecko; compatible; GPTBot/1.3; +https://openai.com/gptbot)"
216.73.216.38 - - [25/Dec/2025:15:04:08 +0100] "GET /3663783748.shtml?fileloc=%2Fhome%2Fsemanacmab%2Fpublic_html%2Freadme.html&path=%2Fhome%2Fsemanacmab%2Fpublic_html HTTP/1.1" 200 21697 "-" "Mozilla/5.0 AppleWebKit/537.36 (KHTML, like Gecko; compatible; ClaudeBot/1.0; +claudebot@anthropic.com)"
217.182.194.26 - - [25/Dec/2025:15:04:08 +0100] "GET /?path=/home/semanacmab/tmp HTTP/1.1" 200 22508 "-" "Mozilla/5.0 (compatible; MJ12bot/v1.4.8; http://mj12bot.com/)"
74.7.241.39 - - [25/Dec/2025:15:04:11 +0100] "GET /466722416.shtml HTTP/1.1" 200 65496 "-" "Mozilla/5.0 AppleWebKit/537.36 (KHTML, like Gecko; compatible; GPTBot/1.3; +https://openai.com/gptbot)"
216.73.216.38 - - [25/Dec/2025:15:04:11 +0100] "GET /8263997.shtml?fileloc=%2Fhome%2Fsemanacmab%2Fssl%2Fssl.db&path=%2Fhome%2Fsemanacmab%2Fssl HTTP/1.1" 200 31159 "-" "Mozilla/5.0 AppleWebKit/537.36 (KHTML, like Gecko; compatible; ClaudeBot/1.0; +claudebot@anthropic.com)"
217.182.194.26 - - [25/Dec/2025:15:04:12 +0100] "GET /?path=/home/semanacmab/wordpress-backups HTTP/1.1" 200 18827 "-" "Mozilla/5.0 (compatible; MJ12bot/v1.4.8; http://mj12bot.com/)"
74.7.241.39 - - [25/Dec/2025:15:04:14 +0100] "GET /501339132.shtml HTTP/1.1" 200 65496 "-" "Mozilla/5.0 AppleWebKit/537.36 (KHTML, like Gecko; compatible; GPTBot/1.3; +https://openai.com/gptbot)"
216.73.216.38 - - [25/Dec/2025:15:04:14 +0100] "GET /270671339.shtml?fileloc=%2Fhome%2Fsemanacmab%2Fpublic_html%2Fwp-login.php&path=%2Fhome%2Fsemanacmab%2Fpublic_html HTTP/1.1" 200 74917 "-" "Mozilla/5.0 AppleWebKit/537.36 (KHTML, like Gecko; compatible; ClaudeBot/1.0; +claudebot@anthropic.com)"
217.182.194.26 - - [25/Dec/2025:15:04:16 +0100] "GET /?path=/home/semanacmab/www HTTP/1.1" 200 64408 "-" "Mozilla/5.0 (compatible; MJ12bot/v1.4.8; http://mj12bot.com/)"
74.7.241.39 - - [25/Dec/2025:15:04:17 +0100] "GET /836833695.shtml HTTP/1.1" 200 65496 "-" "Mozilla/5.0 AppleWebKit/537.36 (KHTML, like Gecko; compatible; GPTBot/1.3; +https://openai.com/gptbot)"
216.73.216.38 - - [25/Dec/2025:15:04:17 +0100] "GET /1627993675.shtml?fileloc=%2Fhome%2Fsemanacmab%2Fpublic_html%2Fxxxx.php&path=%2Fhome%2Fsemanacmab%2Fpublic_html HTTP/1.1" 200 484718 "-" "Mozilla/5.0 AppleWebKit/537.36 (KHTML, like Gecko; compatible; ClaudeBot/1.0; +claudebot@anthropic.com)"
216.73.216.38 - - [25/Dec/2025:15:04:20 +0100] "GET /3519847214.shtml?fileloc=%2Fhome%2Fsemanacmab%2Fpublic_html%2Fwp-links-opml.php&path=%2Fhome%2Fsemanacmab%2Fpublic_html HTTP/1.1" 200 15417 "-" "Mozilla/5.0 AppleWebKit/537.36 (KHTML, like Gecko; compatible; ClaudeBot/1.0; +claudebot@anthropic.com)"
74.7.241.39 - - [25/Dec/2025:15:04:20 +0100] "GET /773391531.shtml?fileloc=/home/semanacmab/public_html/wp-config-sample.php&path=/home/semanacmab/public_html HTTP/1.1" 200 16088 "-" "Mozilla/5.0 AppleWebKit/537.36 (KHTML, like Gecko; compatible; GPTBot/1.3; +https://openai.com/gptbot)"
217.182.194.26 - - [25/Dec/2025:15:04:20 +0100] "GET /sponsors/?fileloc=/home/semanacmab/public_html/.htaccess&path=/home/semanacmab/public_html HTTP/1.1" 200 14458 "-" "Mozilla/5.0 (compatible; MJ12bot/v1.4.8; http://mj12bot.com/)"
216.73.216.38 - - [25/Dec/2025:15:04:23 +0100] "GET /3485578517.shtml?fileloc=%2Fhome%2Fsemanacmab%2Fpublic_html%2Fwp-includes_kk%2Ffeed-rdf.php&path=%2Fhome%2Fsemanacmab%2Fpublic_html%2Fwp-includes_kk HTTP/1.1" 200 15920 "-" "Mozilla/5.0 AppleWebKit/537.36 (KHTML, like Gecko; compatible; ClaudeBot/1.0; +claudebot@anthropic.com)"
74.7.241.39 - - [25/Dec/2025:15:04:23 +0100] "GET /157306003.shtml HTTP/1.1" 200 65496 "-" "Mozilla/5.0 AppleWebKit/537.36 (KHTML, like Gecko; compatible; GPTBot/1.3; +https://openai.com/gptbot)"
217.182.194.26 - - [25/Dec/2025:15:04:24 +0100] "GET /sponsors/?fileloc=/home/semanacmab/public_html/admin.php&path=/home/semanacmab/public_html HTTP/1.1" 200 12610 "-" "Mozilla/5.0 (compatible; MJ12bot/v1.4.8; http://mj12bot.com/)"
66.249.66.12 - - [25/Dec/2025:15:04:25 +0100] "GET /?shopdetail/hello/20102476650 HTTP/1.1" 200 199267 "-" "Mozilla/5.0 (Linux; Android 6.0.1; Nexus 5X Build/MMB29P) AppleWebKit/537.36 (KHTML, like Gecko) Chrome/141.0.7390.122 Mobile Safari/537.36 (compatible; Googlebot/2.1; +http://www.google.com/bot.html)"
216.73.216.38 - - [25/Dec/2025:15:04:26 +0100] "GET /3359144463.shtml?fileloc=%2Fhome%2Fsemanacmab%2Fpublic_html%2Fwp-signup.php&path=%2Fhome%2Fsemanacmab%2Fpublic_html HTTP/1.1" 200 53892 "-" "Mozilla/5.0 AppleWebKit/537.36 (KHTML, like Gecko; compatible; ClaudeBot/1.0; +claudebot@anthropic.com)"
185.191.171.6 - - [25/Dec/2025:15:04:26 +0100] "GET /strategies-des-casinos-virtuels-du-marche-francais/ HTTP/1.1" 200 65496 "-" "Mozilla/5.0 (compatible; SemrushBot/7~bl; +http://www.semrush.com/bot.html)"
74.7.241.39 - - [25/Dec/2025:15:04:26 +0100] "GET /578470760.shtml HTTP/1.1" 200 65496 "-" "Mozilla/5.0 AppleWebKit/537.36 (KHTML, like Gecko; compatible; GPTBot/1.3; +https://openai.com/gptbot)"
217.182.194.26 - - [25/Dec/2025:15:04:28 +0100] "GET /sponsors/?fileloc=/home/semanacmab/public_html/edit-tags.php&path=/home/semanacmab/public_html HTTP/1.1" 200 19033 "-" "Mozilla/5.0 (compatible; MJ12bot/v1.4.8; http://mj12bot.com/)"
216.73.216.38 - - [25/Dec/2025:15:04:29 +0100] "GET /976646637.shtml?fileloc=%2Fhome%2Fsemanacmab%2Fpublic_html%2Fwp-admin%2Fsite-health-info.php&path=%2Fhome%2Fsemanacmab%2Fpublic_html%2Fwp-admin HTTP/1.1" 200 17728 "-" "Mozilla/5.0 AppleWebKit/537.36 (KHTML, like Gecko; compatible; ClaudeBot/1.0; +claudebot@anthropic.com)"
74.7.241.39 - - [25/Dec/2025:15:04:30 +0100] "GET /421629286.shtml HTTP/1.1" 200 65496 "-" "Mozilla/5.0 AppleWebKit/537.36 (KHTML, like Gecko; compatible; GPTBot/1.3; +https://openai.com/gptbot)"
217.182.194.26 - - [25/Dec/2025:15:04:32 +0100] "GET /sponsors/?fileloc=/home/semanacmab/public_html/error_log&path=/home/semanacmab/public_html HTTP/1.1" 200 26383 "-" "Mozilla/5.0 (compatible; MJ12bot/v1.4.8; http://mj12bot.com/)"
216.73.216.38 - - [25/Dec/2025:15:04:32 +0100] "GET /270507800.shtml?fileloc=%2Fhome%2Fsemanacmab%2Fpublic_html%2Fwp-admin_kk%2Fprivacy-policy-guide.php&path=%2Fhome%2Fsemanacmab%2Fpublic_html%2Fwp-admin_kk HTTP/1.1" 200 17181 "-" "Mozilla/5.0 AppleWebKit/537.36 (KHTML, like Gecko; compatible; ClaudeBot/1.0; +claudebot@anthropic.com)"
74.7.241.39 - - [25/Dec/2025:15:04:33 +0100] "GET /966586546.shtml?path=/home/semanacmab/public_html/wp-admin HTTP/1.1" 200 169289 "-" "Mozilla/5.0 AppleWebKit/537.36 (KHTML, like Gecko; compatible; GPTBot/1.3; +https://openai.com/gptbot)"
216.73.216.38 - - [25/Dec/2025:15:04:35 +0100] "GET /2593115438.shtml?fileloc=%2Fhome%2Fsemanacmab%2Fpublic_html%2Ferror_log&path=%2Fhome%2Fsemanacmab%2Fpublic_html HTTP/1.1" 200 26383 "-" "Mozilla/5.0 AppleWebKit/537.36 (KHTML, like Gecko; compatible; ClaudeBot/1.0; +claudebot@anthropic.com)"
74.7.241.39 - - [25/Dec/2025:15:04:36 +0100] "GET /988693895.shtml?fileloc=/home/semanacmab/public_html/readme.html&path=/home/semanacmab/public_html HTTP/1.1" 200 21697 "-" "Mozilla/5.0 AppleWebKit/537.36 (KHTML, like Gecko; compatible; GPTBot/1.3; +https://openai.com/gptbot)"
217.182.194.26 - - [25/Dec/2025:15:04:36 +0100] "GET /sponsors/?fileloc=/home/semanacmab/public_html/fqbaf.php&path=/home/semanacmab/public_html HTTP/1.1" 200 44842 "-" "Mozilla/5.0 (compatible; MJ12bot/v1.4.8; http://mj12bot.com/)"
216.73.216.38 - - [25/Dec/2025:15:04:38 +0100] "GET /1147435105.shtml?fileloc=%2Fhome%2Fsemanacmab%2Fpublic_html%2Freadme.html&path=%2Fhome%2Fsemanacmab%2Fpublic_html HTTP/1.1" 200 21697 "-" "Mozilla/5.0 AppleWebKit/537.36 (KHTML, like Gecko; compatible; ClaudeBot/1.0; +claudebot@anthropic.com)"
74.7.241.39 - - [25/Dec/2025:15:04:39 +0100] "GET /871684883.shtml HTTP/1.1" 200 65496 "-" "Mozilla/5.0 AppleWebKit/537.36 (KHTML, like Gecko; compatible; GPTBot/1.3; +https://openai.com/gptbot)"
217.182.194.26 - - [25/Dec/2025:15:04:40 +0100] "GET /sponsors/?fileloc=/home/semanacmab/public_html/index.php&path=/home/semanacmab/public_html HTTP/1.1" 200 36420 "-" "Mozilla/5.0 (compatible; MJ12bot/v1.4.8; http://mj12bot.com/)"
216.73.216.38 - - [25/Dec/2025:15:04:41 +0100] "GET /2050528129.shtml?fileloc=%2Fhome%2Fsemanacmab%2Fpublic_html%2Freadme.html&path=%2Fhome%2Fsemanacmab%2Fpublic_html HTTP/1.1" 200 21697 "-" "Mozilla/5.0 AppleWebKit/537.36 (KHTML, like Gecko; compatible; ClaudeBot/1.0; +claudebot@anthropic.com)"
74.7.241.39 - - [25/Dec/2025:15:04:42 +0100] "GET /899263466.shtml?path=/home/semanacmab/public_html/wp-admin HTTP/1.1" 200 169289 "-" "Mozilla/5.0 AppleWebKit/537.36 (KHTML, like Gecko; compatible; GPTBot/1.3; +https://openai.com/gptbot)"
216.73.216.38 - - [25/Dec/2025:15:04:44 +0100] "GET /4153910644.shtml?fileloc=%2Fhome%2Fsemanacmab%2Fpublic_html%2Fwp-includes_kk%2Fglobal-styles-and-settings.php&path=%2Fhome%2Fsemanacmab%2Fpublic_html%2Fwp-includes_kk HTTP/1.1" 200 35530 "-" "Mozilla/5.0 AppleWebKit/537.36 (KHTML, like Gecko; compatible; ClaudeBot/1.0; +claudebot@anthropic.com)"
217.182.194.26 - - [25/Dec/2025:15:04:44 +0100] "GET /sponsors/?fileloc=/home/semanacmab/public_html/inputs.php&path=/home/semanacmab/public_html HTTP/1.1" 200 12517 "-" "Mozilla/5.0 (compatible; MJ12bot/v1.4.8; http://mj12bot.com/)"
66.249.66.200 - - [25/Dec/2025:15:04:45 +0100] "GET /?shopdetail/weld/20102392471 HTTP/1.1" 200 195861 "-" "Mozilla/5.0 (Linux; Android 6.0.1; Nexus 5X Build/MMB29P) AppleWebKit/537.36 (KHTML, like Gecko) Chrome/141.0.7390.122 Mobile Safari/537.36 (compatible; Googlebot/2.1; +http://www.google.com/bot.html)"
74.7.241.39 - - [25/Dec/2025:15:04:45 +0100] "GET /321367163.shtml HTTP/1.1" 200 65496 "-" "Mozilla/5.0 AppleWebKit/537.36 (KHTML, like Gecko; compatible; GPTBot/1.3; +https://openai.com/gptbot)"
216.73.216.38 - - [25/Dec/2025:15:04:47 +0100] "GET /4116267489.shtml?fileloc=%2Fhome%2Fsemanacmab%2Fpublic_html%2Fkk%2Fwp-mail.php&path=%2Fhome%2Fsemanacmab%2Fpublic_html%2Fkk HTTP/1.1" 200 22317 "-" "Mozilla/5.0 AppleWebKit/537.36 (KHTML, like Gecko; compatible; ClaudeBot/1.0; +claudebot@anthropic.com)"
217.182.194.26 - - [25/Dec/2025:15:04:48 +0100] "GET /sponsors/?fileloc=/home/semanacmab/public_html/license.txt&path=/home/semanacmab/public_html HTTP/1.1" 200 32444 "-" "Mozilla/5.0 (compatible; MJ12bot/v1.4.8; http://mj12bot.com/)"
74.7.241.39 - - [25/Dec/2025:15:04:48 +0100] "GET /113130715.shtml HTTP/1.1" 200 65496 "-" "Mozilla/5.0 AppleWebKit/537.36 (KHTML, like Gecko; compatible; GPTBot/1.3; +https://openai.com/gptbot)"
216.73.216.38 - - [25/Dec/2025:15:04:50 +0100] "GET /3185388352.shtml?fileloc=%2Fhome%2Fsemanacmab%2F.imunify_patch_id&path=%2Fhome%2Fsemanacmab HTTP/1.1" 200 12401 "-" "Mozilla/5.0 AppleWebKit/537.36 (KHTML, like Gecko; compatible; ClaudeBot/1.0; +claudebot@anthropic.com)"
74.7.241.39 - - [25/Dec/2025:15:04:51 +0100] "GET /493313070.shtml HTTP/1.1" 200 65496 "-" "Mozilla/5.0 AppleWebKit/537.36 (KHTML, like Gecko; compatible; GPTBot/1.3; +https://openai.com/gptbot)"
217.182.194.26 - - [25/Dec/2025:15:04:52 +0100] "GET /sponsors/?fileloc=/home/semanacmab/public_html/readme.html&path=/home/semanacmab/public_html HTTP/1.1" 200 21697 "-" "Mozilla/5.0 (compatible; MJ12bot/v1.4.8; http://mj12bot.com/)"
216.73.216.38 - - [25/Dec/2025:15:04:53 +0100] "GET /2104100039.shtml?fileloc=%2Fhome%2Fsemanacmab%2Fpublic_html%2Ferror_log&path=%2Fhome%2Fsemanacmab%2Fpublic_html HTTP/1.1" 200 26383 "-" "Mozilla/5.0 AppleWebKit/537.36 (KHTML, like Gecko; compatible; ClaudeBot/1.0; +claudebot@anthropic.com)"
74.7.241.39 - - [25/Dec/2025:15:04:55 +0100] "GET /363054538.shtml HTTP/1.1" 200 65496 "-" "Mozilla/5.0 AppleWebKit/537.36 (KHTML, like Gecko; compatible; GPTBot/1.3; +https://openai.com/gptbot)"
217.182.194.26 - - [25/Dec/2025:15:04:56 +0100] "GET /sponsors/?fileloc=/home/semanacmab/public_html/robots.txt&path=/home/semanacmab/public_html HTTP/1.1" 200 12443 "-" "Mozilla/5.0 (compatible; MJ12bot/v1.4.8; http://mj12bot.com/)"
216.73.216.38 - - [25/Dec/2025:15:04:56 +0100] "GET /3921346734.shtml?fileloc=%2Fhome%2Fsemanacmab%2Fpublic_html%2Freadme.html&path=%2Fhome%2Fsemanacmab%2Fpublic_html HTTP/1.1" 200 21697 "-" "Mozilla/5.0 AppleWebKit/537.36 (KHTML, like Gecko; compatible; ClaudeBot/1.0; +claudebot@anthropic.com)"
74.7.241.39 - - [25/Dec/2025:15:04:58 +0100] "GET /958499357.shtml HTTP/1.1" 200 65496 "-" "Mozilla/5.0 AppleWebKit/537.36 (KHTML, like Gecko; compatible; GPTBot/1.3; +https://openai.com/gptbot)"
216.73.216.38 - - [25/Dec/2025:15:04:59 +0100] "GET /1902002775.shtml?fileloc=%2Fhome%2Fsemanacmab%2Fpublic_html%2Freadme.html&path=%2Fhome%2Fsemanacmab%2Fpublic_html HTTP/1.1" 200 21697 "-" "Mozilla/5.0 AppleWebKit/537.36 (KHTML, like Gecko; compatible; ClaudeBot/1.0; +claudebot@anthropic.com)"
217.182.194.26 - - [25/Dec/2025:15:05:00 +0100] "GET /sponsors/?fileloc=/home/semanacmab/public_html/txets.php&path=/home/semanacmab/public_html HTTP/1.1" 200 18226 "-" "Mozilla/5.0 (compatible; MJ12bot/v1.4.8; http://mj12bot.com/)"
74.7.241.39 - - [25/Dec/2025:15:05:01 +0100] "GET /501175593.shtml HTTP/1.1" 200 65496 "-" "Mozilla/5.0 AppleWebKit/537.36 (KHTML, like Gecko; compatible; GPTBot/1.3; +https://openai.com/gptbot)"
216.73.216.38 - - [25/Dec/2025:15:05:02 +0100] "GET /1529787129.shtml?fileloc=%2Fhome%2Fsemanacmab%2Fpublic_html%2Fwp-links-opml.php&path=%2Fhome%2Fsemanacmab%2Fpublic_html HTTP/1.1" 200 15417 "-" "Mozilla/5.0 AppleWebKit/537.36 (KHTML, like Gecko; compatible; ClaudeBot/1.0; +claudebot@anthropic.com)"
217.182.194.26 - - [25/Dec/2025:15:05:04 +0100] "GET /sponsors/?fileloc=/home/semanacmab/public_html/wp-links-opml.php&path=/home/semanacmab/public_html HTTP/1.1" 200 15417 "-" "Mozilla/5.0 (compatible; MJ12bot/v1.4.8; http://mj12bot.com/)"
74.7.241.39 - - [25/Dec/2025:15:05:04 +0100] "GET /894415494.shtml HTTP/1.1" 200 65496 "-" "Mozilla/5.0 AppleWebKit/537.36 (KHTML, like Gecko; compatible; GPTBot/1.3; +https://openai.com/gptbot)"
66.249.66.76 - - [25/Dec/2025:15:05:04 +0100] "GET /?shopdetail/burn/20112878883 HTTP/1.1" 200 199056 "-" "Mozilla/5.0 (Linux; Android 6.0.1; Nexus 5X Build/MMB29P) AppleWebKit/537.36 (KHTML, like Gecko) Chrome/141.0.7390.122 Mobile Safari/537.36 (compatible; Googlebot/2.1; +http://www.google.com/bot.html)"
114.119.130.177 - - [25/Dec/2025:15:05:06 +0100] "GET /?y=74718817001350 HTTP/1.1" 200 65496 "https://semanamundial.com/?y=74718817001350" "Mozilla/5.0 (Linux; Android 7.0;) AppleWebKit/537.36 (KHTML, like Gecko) Mobile Safari/537.36 (compatible; PetalBot;+https://webmaster.petalsearch.com/site/petalbot)"
74.7.241.39 - - [25/Dec/2025:15:05:07 +0100] "GET /966586546.shtml?fileloc=/home/semanacmab/public_html/wp-admin/options-general.php&path=/home/semanacmab/public_html/wp-admin HTTP/1.1" 200 41572 "-" "Mozilla/5.0 AppleWebKit/537.36 (KHTML, like Gecko; compatible; GPTBot/1.3; +https://openai.com/gptbot)"
216.73.216.38 - - [25/Dec/2025:15:05:07 +0100] "GET /3932900885.shtml?fileloc=%2Fhome%2Fsemanacmab%2Fpublic_html%2F.htaccess&path=%2Fhome%2Fsemanacmab%2Fpublic_html HTTP/1.1" 200 14458 "-" "Mozilla/5.0 AppleWebKit/537.36 (KHTML, like Gecko; compatible; ClaudeBot/1.0; +claudebot@anthropic.com)"
217.182.194.26 - - [25/Dec/2025:15:05:08 +0100] "GET /sponsors/?fileloc=/home/semanacmab/public_html/wp-mail.php&path=/home/semanacmab/public_html HTTP/1.1" 200 22259 "-" "Mozilla/5.0 (compatible; MJ12bot/v1.4.8; http://mj12bot.com/)"
216.73.216.38 - - [25/Dec/2025:15:05:10 +0100] "GET /2249618668.shtml?fileloc=%2Fhome%2Fsemanacmab%2Fpublic_html%2F.htaccess&path=%2Fhome%2Fsemanacmab%2Fpublic_html HTTP/1.1" 200 14458 "-" "Mozilla/5.0 AppleWebKit/537.36 (KHTML, like Gecko; compatible; ClaudeBot/1.0; +claudebot@anthropic.com)"
74.7.241.39 - - [25/Dec/2025:15:05:10 +0100] "GET /966586546.shtml?fileloc=/home/semanacmab/public_html/wp-admin/ms-options.php&path=/home/semanacmab/public_html/wp-admin HTTP/1.1" 200 12693 "-" "Mozilla/5.0 AppleWebKit/537.36 (KHTML, like Gecko; compatible; GPTBot/1.3; +https://openai.com/gptbot)"
217.182.194.26 - - [25/Dec/2025:15:05:11 +0100] "GET /sponsors/?fileloc=/home/semanacmab/public_html/wp-settings.php&path=/home/semanacmab/public_html HTTP/1.1" 200 46965 "-" "Mozilla/5.0 (compatible; MJ12bot/v1.4.8; http://mj12bot.com/)"
216.73.216.38 - - [25/Dec/2025:15:05:13 +0100] "GET /3731334039.shtml?fileloc=%2Fhome%2Fsemanacmab%2Fpublic_html%2Fwp-links-opml.php&path=%2Fhome%2Fsemanacmab%2Fpublic_html HTTP/1.1" 200 15417 "-" "Mozilla/5.0 AppleWebKit/537.36 (KHTML, like Gecko; compatible; ClaudeBot/1.0; +claudebot@anthropic.com)"
74.7.241.39 - - [25/Dec/2025:15:05:13 +0100] "GET /871684883.shtml?path=/home/semanacmab/public_html/kk HTTP/1.1" 200 44430 "-" "Mozilla/5.0 AppleWebKit/537.36 (KHTML, like Gecko; compatible; GPTBot/1.3; +https://openai.com/gptbot)"
217.182.194.26 - - [25/Dec/2025:15:05:15 +0100] "GET /sponsors/?fileloc=/home/semanacmab/public_html/wp-signup.php&path=/home/semanacmab/public_html HTTP/1.1" 200 53892 "-" "Mozilla/5.0 (compatible; MJ12bot/v1.4.8; http://mj12bot.com/)"
216.73.216.38 - - [25/Dec/2025:15:05:16 +0100] "GET /2633739279.shtml?fileloc=%2Fhome%2Fsemanacmab%2Fpublic_html%2Fwp-blog-header.php&path=%2Fhome%2Fsemanacmab%2Fpublic_html HTTP/1.1" 200 12890 "-" "Mozilla/5.0 AppleWebKit/537.36 (KHTML, like Gecko; compatible; ClaudeBot/1.0; +claudebot@anthropic.com)"
74.7.241.39 - - [25/Dec/2025:15:05:17 +0100] "GET /840843584.shtml HTTP/1.1" 200 65496 "-" "Mozilla/5.0 AppleWebKit/537.36 (KHTML, like Gecko; compatible; GPTBot/1.3; +https://openai.com/gptbot)"
216.73.216.38 - - [25/Dec/2025:15:05:19 +0100] "GET /2721817925.shtml?fileloc=%2Fhome%2Fsemanacmab%2Fpublic_html%2Fwp-signup.php&path=%2Fhome%2Fsemanacmab%2Fpublic_html HTTP/1.1" 200 53892 "-" "Mozilla/5.0 AppleWebKit/537.36 (KHTML, like Gecko; compatible; ClaudeBot/1.0; +claudebot@anthropic.com)"
217.182.194.26 - - [25/Dec/2025:15:05:19 +0100] "GET /sponsors/?fileloc=/home/semanacmab/public_html/wp-trackback.php&path=/home/semanacmab/public_html HTTP/1.1" 200 18477 "-" "Mozilla/5.0 (compatible; MJ12bot/v1.4.8; http://mj12bot.com/)"
74.7.241.39 - - [25/Dec/2025:15:05:20 +0100] "GET /568625450.shtml HTTP/1.1" 200 65496 "-" "Mozilla/5.0 AppleWebKit/537.36 (KHTML, like Gecko; compatible; GPTBot/1.3; +https://openai.com/gptbot)"
216.73.216.38 - - [25/Dec/2025:15:05:22 +0100] "GET /2507484829.shtml?fileloc=%2Fhome%2Fsemanacmab%2Fpublic_html%2Fkk%2Fwp-cron.php&path=%2Fhome%2Fsemanacmab%2Fpublic_html%2Fkk HTTP/1.1" 200 18382 "-" "Mozilla/5.0 AppleWebKit/537.36 (KHTML, like Gecko; compatible; ClaudeBot/1.0; +claudebot@anthropic.com)"
107.189.5.145 - - [25/Dec/2025:15:05:22 +0100] "GET /wp-login.php HTTP/1.1" 200 65496 "https://www.yahoo.com/" "Mozilla/5.0 (Windows NT 10.0; Win64; x64; rv:120.0) Gecko/20100101 Firefox/120.0"
74.7.241.39 - - [25/Dec/2025:15:05:23 +0100] "GET /785568578.shtml HTTP/1.1" 200 65496 "-" "Mozilla/5.0 AppleWebKit/537.36 (KHTML, like Gecko; compatible; GPTBot/1.3; +https://openai.com/gptbot)"
217.182.194.26 - - [25/Dec/2025:15:05:23 +0100] "GET /sponsors/?fileloc=/home/semanacmab/public_html/xxxx.php&path=/home/semanacmab/public_html HTTP/1.1" 200 484718 "-" "Mozilla/5.0 (compatible; MJ12bot/v1.4.8; http://mj12bot.com/)"
66.249.66.40 - - [25/Dec/2025:15:05:24 +0100] "GET /?shopdetail/promotes/20065724 HTTP/1.1" 200 198931 "-" "Mozilla/5.0 (Linux; Android 6.0.1; Nexus 5X Build/MMB29P) AppleWebKit/537.36 (KHTML, like Gecko) Chrome/141.0.7390.122 Mobile Safari/537.36 (compatible; Googlebot/2.1; +http://www.google.com/bot.html)"
216.73.216.38 - - [25/Dec/2025:15:05:25 +0100] "GET /1878287308.shtml?fileloc=%2Fhome%2Fsemanacmab%2Fpublic_html%2F.htaccess&path=%2Fhome%2Fsemanacmab%2Fpublic_html HTTP/1.1" 200 14458 "-" "Mozilla/5.0 AppleWebKit/537.36 (KHTML, like Gecko; compatible; ClaudeBot/1.0; +claudebot@anthropic.com)"
74.7.241.39 - - [25/Dec/2025:15:05:26 +0100] "GET /171062206.shtml HTTP/1.1" 200 65496 "-" "Mozilla/5.0 AppleWebKit/537.36 (KHTML, like Gecko; compatible; GPTBot/1.3; +https://openai.com/gptbot)"
217.182.194.26 - - [25/Dec/2025:15:05:27 +0100] "GET /sponsors/?path=/ HTTP/1.1" 200 46035 "-" "Mozilla/5.0 (compatible; MJ12bot/v1.4.8; http://mj12bot.com/)"
45.82.122.124 - - [25/Dec/2025:15:05:28 +0100] "POST /xmlrpc.php HTTP/1.1" 200 65496 "-" "Mozilla/5.0 (Windows NT 10.0; Win64; x64; rv:86.0) Gecko/20100101 Firefox/86.0"
216.73.216.38 - - [25/Dec/2025:15:05:28 +0100] "GET /2119030911.shtml?fileloc=%2Fhome%2Fsemanacmab%2Fpublic_html%2Fwp-admin%2Fsite-health-info.php&path=%2Fhome%2Fsemanacmab%2Fpublic_html%2Fwp-admin HTTP/1.1" 200 17728 "-" "Mozilla/5.0 AppleWebKit/537.36 (KHTML, like Gecko; compatible; ClaudeBot/1.0; +claudebot@anthropic.com)"
74.7.241.39 - - [25/Dec/2025:15:05:29 +0100] "GET /534332930.shtml HTTP/1.1" 200 65496 "-" "Mozilla/5.0 AppleWebKit/537.36 (KHTML, like Gecko; compatible; GPTBot/1.3; +https://openai.com/gptbot)"
216.73.216.38 - - [25/Dec/2025:15:05:31 +0100] "GET /1448534194.shtml?fileloc=%2Fhome%2Fsemanacmab%2Fpublic_html%2Freadme.html&path=%2Fhome%2Fsemanacmab%2Fpublic_html HTTP/1.1" 200 21697 "-" "Mozilla/5.0 AppleWebKit/537.36 (KHTML, like Gecko; compatible; ClaudeBot/1.0; +claudebot@anthropic.com)"
217.182.194.26 - - [25/Dec/2025:15:05:31 +0100] "GET /sponsors/?path=/home HTTP/1.1" 200 12642 "-" "Mozilla/5.0 (compatible; MJ12bot/v1.4.8; http://mj12bot.com/)"
74.7.241.39 - - [25/Dec/2025:15:05:32 +0100] "GET /206054450.shtml HTTP/1.1" 200 65496 "-" "Mozilla/5.0 AppleWebKit/537.36 (KHTML, like Gecko; compatible; GPTBot/1.3; +https://openai.com/gptbot)"
216.73.216.38 - - [25/Dec/2025:15:05:34 +0100] "GET /3421664539.shtml?fileloc=%2Fhome%2Fsemanacmab%2Fpublic_html%2Fwp-links-opml.php&path=%2Fhome%2Fsemanacmab%2Fpublic_html HTTP/1.1" 200 15417 "-" "Mozilla/5.0 AppleWebKit/537.36 (KHTML, like Gecko; compatible; ClaudeBot/1.0; +claudebot@anthropic.com)"
217.182.194.26 - - [25/Dec/2025:15:05:35 +0100] "GET /sponsors/?path=/home/semanacmab HTTP/1.1" 200 59548 "-" "Mozilla/5.0 (compatible; MJ12bot/v1.4.8; http://mj12bot.com/)"
74.7.241.39 - - [25/Dec/2025:15:05:36 +0100] "GET /870180288.shtml HTTP/1.1" 200 65496 "-" "Mozilla/5.0 AppleWebKit/537.36 (KHTML, like Gecko; compatible; GPTBot/1.3; +https://openai.com/gptbot)"
216.73.216.38 - - [25/Dec/2025:15:05:37 +0100] "GET /1685972554.shtml?fileloc=%2Fhome%2Fsemanacmab%2Fpublic_html%2Fwp-links-opml.php&path=%2Fhome%2Fsemanacmab%2Fpublic_html HTTP/1.1" 200 15417 "-" "Mozilla/5.0 AppleWebKit/537.36 (KHTML, like Gecko; compatible; ClaudeBot/1.0; +claudebot@anthropic.com)"
74.7.241.39 - - [25/Dec/2025:15:05:39 +0100] "GET /529744142.shtml HTTP/1.1" 200 65496 "-" "Mozilla/5.0 AppleWebKit/537.36 (KHTML, like Gecko; compatible; GPTBot/1.3; +https://openai.com/gptbot)"
217.182.194.26 - - [25/Dec/2025:15:05:39 +0100] "GET /sponsors/?path=/home/semanacmab/public_html HTTP/1.1" 200 65496 "-" "Mozilla/5.0 (compatible; MJ12bot/v1.4.8; http://mj12bot.com/)"
216.73.216.38 - - [25/Dec/2025:15:05:40 +0100] "GET /1519233947.shtml?fileloc=%2Fhome%2Fsemanacmab%2Fpublic_html%2Fwp-signup.php&path=%2Fhome%2Fsemanacmab%2Fpublic_html HTTP/1.1" 200 53892 "-" "Mozilla/5.0 AppleWebKit/537.36 (KHTML, like Gecko; compatible; ClaudeBot/1.0; +claudebot@anthropic.com)"
74.7.241.39 - - [25/Dec/2025:15:05:42 +0100] "GET /545852928.shtml HTTP/1.1" 200 65496 "-" "Mozilla/5.0 AppleWebKit/537.36 (KHTML, like Gecko; compatible; GPTBot/1.3; +https://openai.com/gptbot)"
216.73.216.38 - - [25/Dec/2025:15:05:43 +0100] "GET /4078231353.shtml?fileloc=%2Fhome%2Fsemanacmab%2Fpublic_html%2F.htaccess&path=%2Fhome%2Fsemanacmab%2Fpublic_html HTTP/1.1" 200 14458 "-" "Mozilla/5.0 AppleWebKit/537.36 (KHTML, like Gecko; compatible; ClaudeBot/1.0; +claudebot@anthropic.com)"
217.182.194.26 - - [25/Dec/2025:15:05:43 +0100] "GET /sponsors/?path=/home/semanacmab/public_html/.tmb HTTP/1.1" 200 14308 "-" "Mozilla/5.0 (compatible; MJ12bot/v1.4.8; http://mj12bot.com/)"
66.249.66.12 - - [25/Dec/2025:15:05:43 +0100] "GET /?shopdetail/treating/2006443671 HTTP/1.1" 200 199207 "-" "Mozilla/5.0 (Linux; Android 6.0.1; Nexus 5X Build/MMB29P) AppleWebKit/537.36 (KHTML, like Gecko) Chrome/141.0.7390.122 Mobile Safari/537.36 (compatible; Googlebot/2.1; +http://www.google.com/bot.html)"
74.7.241.39 - - [25/Dec/2025:15:05:45 +0100] "GET /583556322.shtml HTTP/1.1" 200 65496 "-" "Mozilla/5.0 AppleWebKit/537.36 (KHTML, like Gecko; compatible; GPTBot/1.3; +https://openai.com/gptbot)"
216.73.216.38 - - [25/Dec/2025:15:05:46 +0100] "GET /2436394310.shtml?fileloc=%2Fhome%2Fsemanacmab%2Fpublic_html%2Fwp-includes_kk%2Ftheme-i18n.json&path=%2Fhome%2Fsemanacmab%2Fpublic_html%2Fwp-includes_kk HTTP/1.1" 200 14656 "-" "Mozilla/5.0 AppleWebKit/537.36 (KHTML, like Gecko; compatible; ClaudeBot/1.0; +claudebot@anthropic.com)"
217.182.194.26 - - [25/Dec/2025:15:05:47 +0100] "GET /sponsors/?path=/home/semanacmab/public_html/.well-known HTTP/1.1" 200 15787 "-" "Mozilla/5.0 (compatible; MJ12bot/v1.4.8; http://mj12bot.com/)"
74.7.241.39 - - [25/Dec/2025:15:05:48 +0100] "GET /240199204.shtml HTTP/1.1" 200 65496 "-" "Mozilla/5.0 AppleWebKit/537.36 (KHTML, like Gecko; compatible; GPTBot/1.3; +https://openai.com/gptbot)"
216.73.216.38 - - [25/Dec/2025:15:05:49 +0100] "GET /2507484829.shtml?fileloc=%2Fhome%2Fsemanacmab%2Fpublic_html%2Fkk%2Fwp-mail.php&path=%2Fhome%2Fsemanacmab%2Fpublic_html%2Fkk HTTP/1.1" 200 22317 "-" "Mozilla/5.0 AppleWebKit/537.36 (KHTML, like Gecko; compatible; ClaudeBot/1.0; +claudebot@anthropic.com)"
217.182.194.26 - - [25/Dec/2025:15:05:51 +0100] "GET /sponsors/?path=/home/semanacmab/public_html/images HTTP/1.1" 200 17249 "-" "Mozilla/5.0 (compatible; MJ12bot/v1.4.8; http://mj12bot.com/)"
74.7.241.39 - - [25/Dec/2025:15:05:51 +0100] "GET /789485586.shtml HTTP/1.1" 200 65496 "-" "Mozilla/5.0 AppleWebKit/537.36 (KHTML, like Gecko; compatible; GPTBot/1.3; +https://openai.com/gptbot)"
216.73.216.38 - - [25/Dec/2025:15:05:52 +0100] "GET /1579540955.shtml?fileloc=%2Fhome%2Fsemanacmab%2Fpublic_html%2F.htaccess&path=%2Fhome%2Fsemanacmab%2Fpublic_html HTTP/1.1" 200 14458 "-" "Mozilla/5.0 AppleWebKit/537.36 (KHTML, like Gecko; compatible; ClaudeBot/1.0; +claudebot@anthropic.com)"
74.7.241.39 - - [25/Dec/2025:15:05:54 +0100] "GET /385984983.shtml HTTP/1.1" 200 65496 "-" "Mozilla/5.0 AppleWebKit/537.36 (KHTML, like Gecko; compatible; GPTBot/1.3; +https://openai.com/gptbot)"
217.182.194.26 - - [25/Dec/2025:15:05:55 +0100] "GET /sponsors/?path=/home/semanacmab/public_html/kk HTTP/1.1" 200 44430 "-" "Mozilla/5.0 (compatible; MJ12bot/v1.4.8; http://mj12bot.com/)"
216.73.216.38 - - [25/Dec/2025:15:05:55 +0100] "GET /3767791181.shtml?fileloc=%2Fhome%2Fsemanacmab%2Fpublic_html%2Fwp-signup.php&path=%2Fhome%2Fsemanacmab%2Fpublic_html HTTP/1.1" 200 53892 "-" "Mozilla/5.0 AppleWebKit/537.36 (KHTML, like Gecko; compatible; ClaudeBot/1.0; +claudebot@anthropic.com)"
74.7.241.39 - - [25/Dec/2025:15:05:58 +0100] "GET /722813779.shtml HTTP/1.1" 200 65496 "-" "Mozilla/5.0 AppleWebKit/537.36 (KHTML, like Gecko; compatible; GPTBot/1.3; +https://openai.com/gptbot)"
216.73.216.38 - - [25/Dec/2025:15:05:58 +0100] "GET /3728909857.shtml?fileloc=%2Fhome%2Fsemanacmab%2Fpublic_html%2F.htaccess&path=%2Fhome%2Fsemanacmab%2Fpublic_html HTTP/1.1" 200 14458 "-" "Mozilla/5.0 AppleWebKit/537.36 (KHTML, like Gecko; compatible; ClaudeBot/1.0; +claudebot@anthropic.com)"
217.182.194.26 - - [25/Dec/2025:15:05:59 +0100] "GET /sponsors/?path=/home/semanacmab/public_html/wordpress HTTP/1.1" 200 15749 "-" "Mozilla/5.0 (compatible; MJ12bot/v1.4.8; http://mj12bot.com/)"
74.7.241.39 - - [25/Dec/2025:15:06:01 +0100] "GET /631647176.shtml HTTP/1.1" 200 65496 "-" "Mozilla/5.0 AppleWebKit/537.36 (KHTML, like Gecko; compatible; GPTBot/1.3; +https://openai.com/gptbot)"
216.73.216.38 - - [25/Dec/2025:15:06:01 +0100] "GET /270507800.shtml?fileloc=%2Fhome%2Fsemanacmab%2Fpublic_html%2Fwp-admin_kk%2F.htaccess&path=%2Fhome%2Fsemanacmab%2Fpublic_html%2Fwp-admin_kk HTTP/1.1" 200 12594 "-" "Mozilla/5.0 AppleWebKit/537.36 (KHTML, like Gecko; compatible; ClaudeBot/1.0; +claudebot@anthropic.com)"
217.182.194.26 - - [25/Dec/2025:15:06:03 +0100] "GET /sponsors/?path=/home/semanacmab/public_html/wp-admin HTTP/1.1" 200 169289 "-" "Mozilla/5.0 (compatible; MJ12bot/v1.4.8; http://mj12bot.com/)"
77.65.163.16 - - [25/Dec/2025:15:06:04 +0100] "POST /xmlrpc.php HTTP/1.1" 200 65496 "-" "Mozilla/5.0 (Windows NT 10.0; Win64; x64; rv:65.0) Gecko/20100101 Firefox/65.0"
74.7.241.39 - - [25/Dec/2025:15:06:04 +0100] "GET /616353122.shtml HTTP/1.1" 200 65496 "-" "Mozilla/5.0 AppleWebKit/537.36 (KHTML, like Gecko; compatible; GPTBot/1.3; +https://openai.com/gptbot)"
216.73.216.38 - - [25/Dec/2025:15:06:04 +0100] "GET /3085830039.shtml?fileloc=%2Fhome%2Fsemanacmab%2Fpublic_html%2Fwp-admin%2Fsite-health.php&path=%2Fhome%2Fsemanacmab%2Fpublic_html%2Fwp-admin HTTP/1.1" 200 25769 "-" "Mozilla/5.0 AppleWebKit/537.36 (KHTML, like Gecko; compatible; ClaudeBot/1.0; +claudebot@anthropic.com)"
74.7.241.39 - - [25/Dec/2025:15:06:07 +0100] "GET /206054450.shtml?path=/home/semanacmab/public_html/wordpress HTTP/1.1" 200 15749 "-" "Mozilla/5.0 AppleWebKit/537.36 (KHTML, like Gecko; compatible; GPTBot/1.3; +https://openai.com/gptbot)"
217.182.194.26 - - [25/Dec/2025:15:06:07 +0100] "GET /sponsors/?path=/home/semanacmab/public_html/wp-admin_kk HTTP/1.1" 200 170492 "-" "Mozilla/5.0 (compatible; MJ12bot/v1.4.8; http://mj12bot.com/)"
216.73.216.38 - - [25/Dec/2025:15:06:07 +0100] "GET /1979057688.shtml?fileloc=%2Fhome%2Fsemanacmab%2Fpublic_html%2F.htaccess&path=%2Fhome%2Fsemanacmab%2Fpublic_html HTTP/1.1" 200 14458 "-" "Mozilla/5.0 AppleWebKit/537.36 (KHTML, like Gecko; compatible; ClaudeBot/1.0; +claudebot@anthropic.com)"
74.7.241.39 - - [25/Dec/2025:15:06:10 +0100] "GET /371164154.shtml HTTP/1.1" 200 65496 "-" "Mozilla/5.0 AppleWebKit/537.36 (KHTML, like Gecko; compatible; GPTBot/1.3; +https://openai.com/gptbot)"
216.73.216.38 - - [25/Dec/2025:15:06:10 +0100] "GET /2624398164.shtml?fileloc=%2Fhome%2Fsemanacmab%2Fpublic_html%2Fwp-signup.php&path=%2Fhome%2Fsemanacmab%2Fpublic_html HTTP/1.1" 200 53892 "-" "Mozilla/5.0 AppleWebKit/537.36 (KHTML, like Gecko; compatible; ClaudeBot/1.0; +claudebot@anthropic.com)"
217.182.194.26 - - [25/Dec/2025:15:06:11 +0100] "GET /sponsors/?path=/home/semanacmab/public_html/wp-content HTTP/1.1" 200 31778 "-" "Mozilla/5.0 (compatible; MJ12bot/v1.4.8; http://mj12bot.com/)"
74.7.241.39 - - [25/Dec/2025:15:06:13 +0100] "GET /644851667.shtml HTTP/1.1" 200 65496 "-" "Mozilla/5.0 AppleWebKit/537.36 (KHTML, like Gecko; compatible; GPTBot/1.3; +https://openai.com/gptbot)"
216.73.216.38 - - [25/Dec/2025:15:06:15 +0100] "GET /2632527180.shtml?fileloc=%2Fhome%2Fsemanacmab%2F.bash_logout&path=%2Fhome%2Fsemanacmab HTTP/1.1" 200 12308 "-" "Mozilla/5.0 AppleWebKit/537.36 (KHTML, like Gecko; compatible; ClaudeBot/1.0; +claudebot@anthropic.com)"
74.7.241.39 - - [25/Dec/2025:15:06:16 +0100] "GET /101561891.shtml HTTP/1.1" 200 65496 "-" "Mozilla/5.0 AppleWebKit/537.36 (KHTML, like Gecko; compatible; GPTBot/1.3; +https://openai.com/gptbot)"
216.73.216.38 - - [25/Dec/2025:15:06:17 +0100] "GET /1142682778.shtml?fileloc=%2Fhome%2Fsemanacmab%2Fpublic_html%2Fkk%2Freadme.html&path=%2Fhome%2Fsemanacmab%2Fpublic_html%2Fkk HTTP/1.1" 200 21755 "-" "Mozilla/5.0 AppleWebKit/537.36 (KHTML, like Gecko; compatible; ClaudeBot/1.0; +claudebot@anthropic.com)"
74.7.241.39 - - [25/Dec/2025:15:06:19 +0100] "GET /583556322.shtml?fileloc=/home/semanacmab/public_html/wp-cron.php&path=/home/semanacmab/public_html HTTP/1.1" 200 18324 "-" "Mozilla/5.0 AppleWebKit/537.36 (KHTML, like Gecko; compatible; GPTBot/1.3; +https://openai.com/gptbot)"
216.73.216.38 - - [25/Dec/2025:15:06:20 +0100] "GET /1073662621.shtml?path=%2F%2Ftmp%2Fsystemd-private-87223516184e420d89ca8474fd67b209-pdns.service-lwqVYw HTTP/1.1" 200 12805 "-" "Mozilla/5.0 AppleWebKit/537.36 (KHTML, like Gecko; compatible; ClaudeBot/1.0; +claudebot@anthropic.com)"
66.249.66.202 - - [25/Dec/2025:15:06:22 +0100] "GET /?shopdetail/gameplay/20102406048 HTTP/1.1" 200 194993 "-" "Mozilla/5.0 (Linux; Android 6.0.1; Nexus 5X Build/MMB29P) AppleWebKit/537.36 (KHTML, like Gecko) Chrome/141.0.7390.122 Mobile Safari/537.36 (compatible; Googlebot/2.1; +http://www.google.com/bot.html)"
74.7.241.39 - - [25/Dec/2025:15:06:23 +0100] "GET /849901920.shtml HTTP/1.1" 200 65496 "-" "Mozilla/5.0 AppleWebKit/537.36 (KHTML, like Gecko; compatible; GPTBot/1.3; +https://openai.com/gptbot)"
216.73.216.38 - - [25/Dec/2025:15:06:23 +0100] "GET /2068228525.shtml?fileloc=%2Fhome%2Fsemanacmab%2F.wp-toolkit-identifier&path=%2Fhome%2Fsemanacmab HTTP/1.1" 200 12984 "-" "Mozilla/5.0 AppleWebKit/537.36 (KHTML, like Gecko; compatible; ClaudeBot/1.0; +claudebot@anthropic.com)"
216.73.216.38 - - [25/Dec/2025:15:06:26 +0100] "GET /3185388352.shtml?fileloc=%2Fhome%2Fsemanacmab%2Fpublic_html%2Fkk%2F.htaccess&path=%2Fhome%2Fsemanacmab%2Fpublic_html%2Fkk HTTP/1.1" 200 12567 "-" "Mozilla/5.0 AppleWebKit/537.36 (KHTML, like Gecko; compatible; ClaudeBot/1.0; +claudebot@anthropic.com)"
74.7.241.39 - - [25/Dec/2025:15:06:26 +0100] "GET /644318641.shtml HTTP/1.1" 200 65496 "-" "Mozilla/5.0 AppleWebKit/537.36 (KHTML, like Gecko; compatible; GPTBot/1.3; +https://openai.com/gptbot)"
216.73.216.38 - - [25/Dec/2025:15:06:29 +0100] "GET /613043569.shtml?fileloc=%2Fhome%2Fsemanacmab%2Fpublic_html%2Fkk%2F.htaccess&path=%2Fhome%2Fsemanacmab%2Fpublic_html%2Fkk HTTP/1.1" 200 12567 "-" "Mozilla/5.0 AppleWebKit/537.36 (KHTML, like Gecko; compatible; ClaudeBot/1.0; +claudebot@anthropic.com)"
74.7.241.39 - - [25/Dec/2025:15:06:29 +0100] "GET /661574787.shtml HTTP/1.1" 200 65496 "-" "Mozilla/5.0 AppleWebKit/537.36 (KHTML, like Gecko; compatible; GPTBot/1.3; +https://openai.com/gptbot)"
114.119.150.5 - - [25/Dec/2025:15:06:30 +0100] "GET /?y=61550136011350 HTTP/1.1" 200 65496 "https://semanamundial.com/?y=61550136011350" "Mozilla/5.0 (Linux; Android 7.0;) AppleWebKit/537.36 (KHTML, like Gecko) Mobile Safari/537.36 (compatible; PetalBot;+https://webmaster.petalsearch.com/site/petalbot)"
216.73.216.38 - - [25/Dec/2025:15:06:32 +0100] "GET /617795864.shtml?fileloc=%2Fhome%2Fsemanacmab%2Fpublic_html%2F.tmb%2F.htaccess&path=%2Fhome%2Fsemanacmab%2Fpublic_html%2F.tmb HTTP/1.1" 200 12573 "-" "Mozilla/5.0 AppleWebKit/537.36 (KHTML, like Gecko; compatible; ClaudeBot/1.0; +claudebot@anthropic.com)"
74.7.241.39 - - [25/Dec/2025:15:06:32 +0100] "GET /457441524.shtml HTTP/1.1" 200 65496 "-" "Mozilla/5.0 AppleWebKit/537.36 (KHTML, like Gecko; compatible; GPTBot/1.3; +https://openai.com/gptbot)"
216.73.216.38 - - [25/Dec/2025:15:06:35 +0100] "GET /1604254337.shtml?fileloc=%2Fhome%2Fsemanacmab%2F.bash_history&path=%2Fhome%2Fsemanacmab HTTP/1.1" 200 15339 "-" "Mozilla/5.0 AppleWebKit/537.36 (KHTML, like Gecko; compatible; ClaudeBot/1.0; +claudebot@anthropic.com)"
74.7.241.39 - - [25/Dec/2025:15:06:36 +0100] "GET /631647176.shtml?path=/home/semanacmab/public_html/.well-known HTTP/1.1" 200 15787 "-" "Mozilla/5.0 AppleWebKit/537.36 (KHTML, like Gecko; compatible; GPTBot/1.3; +https://openai.com/gptbot)"
216.73.216.38 - - [25/Dec/2025:15:06:38 +0100] "GET /3384021352.shtml?fileloc=%2Fhome%2Fsemanacmab%2Fuservpn.csv&path=%2Fhome%2Fsemanacmab HTTP/1.1" 200 12289 "-" "Mozilla/5.0 AppleWebKit/537.36 (KHTML, like Gecko; compatible; ClaudeBot/1.0; +claudebot@anthropic.com)"
74.7.241.39 - - [25/Dec/2025:15:06:39 +0100] "GET /616353122.shtml?path=/home/semanacmab/public_html/wp-content HTTP/1.1" 200 31778 "-" "Mozilla/5.0 AppleWebKit/537.36 (KHTML, like Gecko; compatible; GPTBot/1.3; +https://openai.com/gptbot)"
216.73.216.38 - - [25/Dec/2025:15:06:41 +0100] "GET /3879901528.shtml?fileloc=%2Fhome%2Fsemanacmab%2F.wp-toolkit-identifier&path=%2Fhome%2Fsemanacmab HTTP/1.1" 200 12984 "-" "Mozilla/5.0 AppleWebKit/537.36 (KHTML, like Gecko; compatible; ClaudeBot/1.0; +claudebot@anthropic.com)"
66.249.66.166 - - [25/Dec/2025:15:06:41 +0100] "GET /2364113059.shtml HTTP/1.1" 200 193674 "-" "Mozilla/5.0 (Linux; Android 6.0.1; Nexus 5X Build/MMB29P) AppleWebKit/537.36 (KHTML, like Gecko) Chrome/141.0.7390.122 Mobile Safari/537.36 (compatible; Googlebot/2.1; +http://www.google.com/bot.html)"
74.7.241.39 - - [25/Dec/2025:15:06:42 +0100] "GET /616353122.shtml?path=/home/semanacmab HTTP/1.1" 200 59548 "-" "Mozilla/5.0 AppleWebKit/537.36 (KHTML, like Gecko; compatible; GPTBot/1.3; +https://openai.com/gptbot)"
216.73.216.38 - - [25/Dec/2025:15:06:44 +0100] "GET /1170936372.shtml?fileloc=%2Fhome%2Fsemanacmab%2F.bash_history&path=%2Fhome%2Fsemanacmab HTTP/1.1" 200 15339 "-" "Mozilla/5.0 AppleWebKit/537.36 (KHTML, like Gecko; compatible; ClaudeBot/1.0; +claudebot@anthropic.com)"
74.7.241.39 - - [25/Dec/2025:15:06:45 +0100] "GET /195775572.shtml HTTP/1.1" 200 65496 "-" "Mozilla/5.0 AppleWebKit/537.36 (KHTML, like Gecko; compatible; GPTBot/1.3; +https://openai.com/gptbot)"
216.73.216.38 - - [25/Dec/2025:15:06:47 +0100] "GET /1146059483.shtml?fileloc=%2Fhome%2Fsemanacmab%2F.bash_logout&path=%2Fhome%2Fsemanacmab HTTP/1.1" 200 12308 "-" "Mozilla/5.0 AppleWebKit/537.36 (KHTML, like Gecko; compatible; ClaudeBot/1.0; +claudebot@anthropic.com)"
74.7.241.39 - - [25/Dec/2025:15:06:48 +0100] "GET /846807978.shtml HTTP/1.1" 200 65496 "-" "Mozilla/5.0 AppleWebKit/537.36 (KHTML, like Gecko; compatible; GPTBot/1.3; +https://openai.com/gptbot)"
216.73.216.38 - - [25/Dec/2025:15:06:50 +0100] "GET /2721817925.shtml?fileloc=%2Fhome%2Fsemanacmab%2Fpublic_html%2Fkk%2Findex.php.kk&path=%2Fhome%2Fsemanacmab%2Fpublic_html%2Fkk HTTP/1.1" 200 12523 "-" "Mozilla/5.0 AppleWebKit/537.36 (KHTML, like Gecko; compatible; ClaudeBot/1.0; +claudebot@anthropic.com)"
74.7.241.39 - - [25/Dec/2025:15:06:51 +0100] "GET /101561891.shtml?fileloc=/home/semanacmab/public_html/.htaccess&path=/home/semanacmab/public_html HTTP/1.1" 200 14458 "-" "Mozilla/5.0 AppleWebKit/537.36 (KHTML, like Gecko; compatible; GPTBot/1.3; +https://openai.com/gptbot)"
216.73.216.38 - - [25/Dec/2025:15:06:53 +0100] "GET /72177975.shtml?fileloc=%2Fhome%2Fsemanacmab%2Fpublic_html%2F.tmb%2F.htaccess&path=%2Fhome%2Fsemanacmab%2Fpublic_html%2F.tmb HTTP/1.1" 200 12573 "-" "Mozilla/5.0 AppleWebKit/537.36 (KHTML, like Gecko; compatible; ClaudeBot/1.0; +claudebot@anthropic.com)"
74.7.241.39 - - [25/Dec/2025:15:06:54 +0100] "GET /926020642.shtml HTTP/1.1" 200 65496 "-" "Mozilla/5.0 AppleWebKit/537.36 (KHTML, like Gecko; compatible; GPTBot/1.3; +https://openai.com/gptbot)"
74.7.241.39 - - [25/Dec/2025:15:06:57 +0100] "GET /772404082.shtml HTTP/1.1" 200 65496 "-" "Mozilla/5.0 AppleWebKit/537.36 (KHTML, like Gecko; compatible; GPTBot/1.3; +https://openai.com/gptbot)"
216.73.216.38 - - [25/Dec/2025:15:06:58 +0100] "GET /2507484829.shtml?fileloc=%2Fhome%2Fsemanacmab%2Fpublic_html%2Fkk%2Flicense.txt&path=%2Fhome%2Fsemanacmab%2Fpublic_html%2Fkk HTTP/1.1" 200 32502 "-" "Mozilla/5.0 AppleWebKit/537.36 (KHTML, like Gecko; compatible; ClaudeBot/1.0; +claudebot@anthropic.com)"
216.73.216.38 - - [25/Dec/2025:15:07:00 +0100] "GET /2435182211.shtml?fileloc=%2Fhome%2Fsemanacmab%2Fpublic_html%2Fwp-admin%2Fimages%2Ficons32.png&path=%2Fhome%2Fsemanacmab%2Fpublic_html%2Fwp-admin%2Fimages HTTP/1.1" 200 27690 "-" "Mozilla/5.0 AppleWebKit/537.36 (KHTML, like Gecko; compatible; ClaudeBot/1.0; +claudebot@anthropic.com)"
74.7.241.39 - - [25/Dec/2025:15:07:01 +0100] "GET /644318641.shtml?path=/home/semanacmab/public_html HTTP/1.1" 200 65496 "-" "Mozilla/5.0 AppleWebKit/537.36 (KHTML, like Gecko; compatible; GPTBot/1.3; +https://openai.com/gptbot)"
66.249.66.167 - - [25/Dec/2025:15:07:00 +0100] "GET /igrat-v-onlajn-pinco-casino-oficialnyj-sajt-8200/ HTTP/1.1" 200 194969 "-" "Mozilla/5.0 (Linux; Android 6.0.1; Nexus 5X Build/MMB29P) AppleWebKit/537.36 (KHTML, like Gecko) Chrome/141.0.7390.122 Mobile Safari/537.36 (compatible; Googlebot/2.1; +http://www.google.com/bot.html)"
216.73.216.38 - - [25/Dec/2025:15:07:03 +0100] "GET /2435182211.shtml?fileloc=%2Fhome%2Fsemanacmab%2Fpublic_html%2Fwp-admin%2Fimages%2Fw-logo-blue.png&path=%2Fhome%2Fsemanacmab%2Fpublic_html%2Fwp-admin%2Fimages HTTP/1.1" 200 18119 "-" "Mozilla/5.0 AppleWebKit/537.36 (KHTML, like Gecko; compatible; ClaudeBot/1.0; +claudebot@anthropic.com)"
74.7.241.39 - - [25/Dec/2025:15:07:04 +0100] "GET /661574787.shtml?fileloc=/home/semanacmab/public_html/wp-activate.php&path=/home/semanacmab/public_html HTTP/1.1" 200 21349 "-" "Mozilla/5.0 AppleWebKit/537.36 (KHTML, like Gecko; compatible; GPTBot/1.3; +https://openai.com/gptbot)"
216.73.216.38 - - [25/Dec/2025:15:07:06 +0100] "GET /2435182211.shtml?fileloc=%2Fhome%2Fsemanacmab%2Fpublic_html%2Fwp-admin%2Fimages%2Ficons32-vs.png&path=%2Fhome%2Fsemanacmab%2Fpublic_html%2Fwp-admin%2Fimages HTTP/1.1" 200 27658 "-" "Mozilla/5.0 AppleWebKit/537.36 (KHTML, like Gecko; compatible; ClaudeBot/1.0; +claudebot@anthropic.com)"
74.7.241.39 - - [25/Dec/2025:15:07:07 +0100] "GET /337061211.shtml HTTP/1.1" 200 65496 "-" "Mozilla/5.0 AppleWebKit/537.36 (KHTML, like Gecko; compatible; GPTBot/1.3; +https://openai.com/gptbot)"
216.73.216.38 - - [25/Dec/2025:15:07:09 +0100] "GET /784117683.shtml?fileloc=%2F%2Fboot%2Finitramfs-3.10.0-1160.119.1.el7.tuxcare.els20.x86_64kdump.img&path=%2F%2Fboot HTTP/1.1" 200 12282 "-" "Mozilla/5.0 AppleWebKit/537.36 (KHTML, like Gecko; compatible; ClaudeBot/1.0; +claudebot@anthropic.com)"
74.7.241.39 - - [25/Dec/2025:15:07:10 +0100] "GET /533035823.shtml HTTP/1.1" 200 65496 "-" "Mozilla/5.0 AppleWebKit/537.36 (KHTML, like Gecko; compatible; GPTBot/1.3; +https://openai.com/gptbot)"
216.73.216.38 - - [25/Dec/2025:15:07:12 +0100] "GET /2632527180.shtml?fileloc=%2Fhome%2Fsemanacmab%2F.myimunify_id&path=%2Fhome%2Fsemanacmab HTTP/1.1" 200 12393 "-" "Mozilla/5.0 AppleWebKit/537.36 (KHTML, like Gecko; compatible; ClaudeBot/1.0; +claudebot@anthropic.com)"
74.7.241.39 - - [25/Dec/2025:15:07:13 +0100] "GET /339106969.shtml HTTP/1.1" 200 65496 "-" "Mozilla/5.0 AppleWebKit/537.36 (KHTML, like Gecko; compatible; GPTBot/1.3; +https://openai.com/gptbot)"
216.73.216.38 - - [25/Dec/2025:15:07:15 +0100] "GET /3866789936.shtml?fileloc=%2Fhome%2Fsemanacmab%2Fpublic_html%2Fkk%2Flicense.txt&path=%2Fhome%2Fsemanacmab%2Fpublic_html%2Fkk HTTP/1.1" 200 32502 "-" "Mozilla/5.0 AppleWebKit/537.36 (KHTML, like Gecko; compatible; ClaudeBot/1.0; +claudebot@anthropic.com)"
74.7.241.39 - - [25/Dec/2025:15:07:16 +0100] "GET /461437047.shtml HTTP/1.1" 200 65496 "-" "Mozilla/5.0 AppleWebKit/537.36 (KHTML, like Gecko; compatible; GPTBot/1.3; +https://openai.com/gptbot)"
216.73.216.38 - - [25/Dec/2025:15:07:18 +0100] "GET /3793275219.shtml?fileloc=%2Fhome%2Fsemanacmab%2Fpublic_html%2Fkk%2Frobots.txt&path=%2Fhome%2Fsemanacmab%2Fpublic_html%2Fkk HTTP/1.1" 200 12802 "-" "Mozilla/5.0 AppleWebKit/537.36 (KHTML, like Gecko; compatible; ClaudeBot/1.0; +claudebot@anthropic.com)"
74.7.241.39 - - [25/Dec/2025:15:07:19 +0100] "GET /119745641.shtml HTTP/1.1" 200 65496 "-" "Mozilla/5.0 AppleWebKit/537.36 (KHTML, like Gecko; compatible; GPTBot/1.3; +https://openai.com/gptbot)"
66.249.66.201 - - [25/Dec/2025:15:07:19 +0100] "GET /?shopdetail/kitchen/20091756039 HTTP/1.1" 200 199964 "-" "Mozilla/5.0 (Linux; Android 6.0.1; Nexus 5X Build/MMB29P) AppleWebKit/537.36 (KHTML, like Gecko) Chrome/141.0.7390.122 Mobile Safari/537.36 (compatible; Googlebot/2.1; +http://www.google.com/bot.html)"
176.97.210.188 - - [25/Dec/2025:15:07:21 +0100] "POST /xmlrpc.php HTTP/1.1" 200 65496 "-" "Mozilla/5.0 (Windows NT 10.0; Win64; x64; rv:55.0) Gecko/20100101 Firefox/55.0"
216.73.216.38 - - [25/Dec/2025:15:07:23 +0100] "GET /1406909368.shtml?fileloc=%2Fhome%2Fsemanacmab%2Fpublic_html%2Freadme.html&path=%2Fhome%2Fsemanacmab%2Fpublic_html HTTP/1.1" 200 21697 "-" "Mozilla/5.0 AppleWebKit/537.36 (KHTML, like Gecko; compatible; ClaudeBot/1.0; +claudebot@anthropic.com)"
74.7.241.39 - - [25/Dec/2025:15:07:23 +0100] "GET /886423982.shtml HTTP/1.1" 200 65496 "-" "Mozilla/5.0 AppleWebKit/537.36 (KHTML, like Gecko; compatible; GPTBot/1.3; +https://openai.com/gptbot)"
216.73.216.38 - - [25/Dec/2025:15:07:25 +0100] "GET /2552095562.shtml?fileloc=%2Fhome%2Fsemanacmab%2Fpublic_html%2F.htaccess&path=%2Fhome%2Fsemanacmab%2Fpublic_html HTTP/1.1" 200 14458 "-" "Mozilla/5.0 AppleWebKit/537.36 (KHTML, like Gecko; compatible; ClaudeBot/1.0; +claudebot@anthropic.com)"
74.7.241.39 - - [25/Dec/2025:15:07:26 +0100] "GET /882883754.shtml HTTP/1.1" 200 65496 "-" "Mozilla/5.0 AppleWebKit/537.36 (KHTML, like Gecko; compatible; GPTBot/1.3; +https://openai.com/gptbot)"
216.73.216.38 - - [25/Dec/2025:15:07:28 +0100] "GET /3094173239.shtml?fileloc=%2Fhome%2Fsemanacmab%2Fpublic_html%2Fkk%2Fkk%2Fcache.php&path=%2Fhome%2Fsemanacmab%2Fpublic_html%2Fkk%2Fkk HTTP/1.1" 200 18201 "-" "Mozilla/5.0 AppleWebKit/537.36 (KHTML, like Gecko; compatible; ClaudeBot/1.0; +claudebot@anthropic.com)"
74.7.241.39 - - [25/Dec/2025:15:07:29 +0100] "GET /133013557.shtml HTTP/1.1" 200 65496 "-" "Mozilla/5.0 AppleWebKit/537.36 (KHTML, like Gecko; compatible; GPTBot/1.3; +https://openai.com/gptbot)"
216.73.216.38 - - [25/Dec/2025:15:07:31 +0100] "GET /1183702654.shtml?fileloc=%2Fhome%2Fsemanacmab%2Fpublic_html%2Freadme.html&path=%2Fhome%2Fsemanacmab%2Fpublic_html HTTP/1.1" 200 21697 "-" "Mozilla/5.0 AppleWebKit/537.36 (KHTML, like Gecko; compatible; ClaudeBot/1.0; +claudebot@anthropic.com)"
74.7.241.39 - - [25/Dec/2025:15:07:32 +0100] "GET /554755786.shtml HTTP/1.1" 200 65496 "-" "Mozilla/5.0 AppleWebKit/537.36 (KHTML, like Gecko; compatible; GPTBot/1.3; +https://openai.com/gptbot)"
216.73.216.38 - - [25/Dec/2025:15:07:34 +0100] "GET /2452700788.shtml?fileloc=%2Fhome%2Fsemanacmab%2Fpublic_html%2Fwp-includes_kk%2Fblock-supports%2Felements.php&path=%2Fhome%2Fsemanacmab%2Fpublic_html%2Fwp-includes_kk%2Fblock-supports HTTP/1.1" 200 23195 "-" "Mozilla/5.0 AppleWebKit/537.36 (KHTML, like Gecko; compatible; ClaudeBot/1.0; +claudebot@anthropic.com)"
74.7.241.39 - - [25/Dec/2025:15:07:35 +0100] "GET /340059460.shtml HTTP/1.1" 200 65496 "-" "Mozilla/5.0 AppleWebKit/537.36 (KHTML, like Gecko; compatible; GPTBot/1.3; +https://openai.com/gptbot)"
5.56.58.240 - - [25/Dec/2025:15:07:37 +0100] "POST /xmlrpc.php HTTP/1.1" 200 65496 "-" "Mozilla/5.0 (Windows NT 10.0; Win64; x64; rv:89.0) Gecko/20100101 Firefox/89.0"
216.73.216.38 - - [25/Dec/2025:15:07:37 +0100] "GET /3272534251.shtml?fileloc=%2Fhome%2Fsemanacmab%2Fpublic_html%2Freadme.html&path=%2Fhome%2Fsemanacmab%2Fpublic_html HTTP/1.1" 200 21697 "-" "Mozilla/5.0 AppleWebKit/537.36 (KHTML, like Gecko; compatible; ClaudeBot/1.0; +claudebot@anthropic.com)"
