216.73.216.38 - - [25/Dec/2025:14:19:50 +0100] "GET /2725194614.shtml?path=%2Fhome%2Fsemanacmab%2Fpublic_html%2Fwp-includes%2Fblock-patterns HTTP/1.1" 200 26110 "-" "Mozilla/5.0 AppleWebKit/537.36 (KHTML, like Gecko; compatible; ClaudeBot/1.0; +claudebot@anthropic.com)"
74.7.241.39 - - [25/Dec/2025:14:19:50 +0100] "GET /602135582.shtml?fileloc=/home/semanacmab/public_html/wp-load.php&path=/home/semanacmab/public_html HTTP/1.1" 200 17020 "-" "Mozilla/5.0 AppleWebKit/537.36 (KHTML, like Gecko; compatible; GPTBot/1.3; +https://openai.com/gptbot)"
216.73.216.38 - - [25/Dec/2025:14:19:53 +0100] "GET /849016549.shtml?path=%2Fhome%2Fsemanacmab%2Fpublic_html%2Fwp-content%2Flanguages%2Fplugins HTTP/1.1" 200 465630 "-" "Mozilla/5.0 AppleWebKit/537.36 (KHTML, like Gecko; compatible; ClaudeBot/1.0; +claudebot@anthropic.com)"
74.7.241.39 - - [25/Dec/2025:14:19:53 +0100] "GET /250667410.shtml HTTP/1.1" 200 65496 "-" "Mozilla/5.0 AppleWebKit/537.36 (KHTML, like Gecko; compatible; GPTBot/1.3; +https://openai.com/gptbot)"
67.201.58.190 - - [25/Dec/2025:14:19:54 +0100] "GET /wp-login.php?wp_lang=en_US HTTP/1.1" 421 322 "-" "Mozilla/5.0 (Windows NT 10.0; Win64; x64) AppleWebKit/537.36 (KHTML, like Gecko) Chrome/124.0.6367.207 Safari/537.36"
216.73.216.38 - - [25/Dec/2025:14:19:56 +0100] "GET /784117683.shtml?fileloc=%2F%2Fusr%2Fsbin%2Fgroupmod&path=%2F%2Fusr%2Fsbin HTTP/1.1" 200 138870 "-" "Mozilla/5.0 AppleWebKit/537.36 (KHTML, like Gecko; compatible; ClaudeBot/1.0; +claudebot@anthropic.com)"
74.7.241.39 - - [25/Dec/2025:14:19:56 +0100] "GET /578967534.shtml HTTP/1.1" 200 65496 "-" "Mozilla/5.0 AppleWebKit/537.36 (KHTML, like Gecko; compatible; GPTBot/1.3; +https://openai.com/gptbot)"
216.73.216.38 - - [25/Dec/2025:14:19:59 +0100] "GET /784117683.shtml?fileloc=%2F%2Fusr%2Fsbin%2Fcache_restore&path=%2F%2Fusr%2Fsbin HTTP/1.1" 200 2076381 "-" "Mozilla/5.0 AppleWebKit/537.36 (KHTML, like Gecko; compatible; ClaudeBot/1.0; +claudebot@anthropic.com)"
74.7.241.39 - - [25/Dec/2025:14:19:59 +0100] "GET /157469526.shtml HTTP/1.1" 200 65496 "-" "Mozilla/5.0 AppleWebKit/537.36 (KHTML, like Gecko; compatible; GPTBot/1.3; +https://openai.com/gptbot)"
216.73.216.38 - - [25/Dec/2025:14:20:02 +0100] "GET /784117683.shtml?fileloc=%2F%2Fusr%2Fsbin%2Fcracklib-format&path=%2F%2Fusr%2Fsbin HTTP/1.1" 200 12570 "-" "Mozilla/5.0 AppleWebKit/537.36 (KHTML, like Gecko; compatible; ClaudeBot/1.0; +claudebot@anthropic.com)"
74.7.241.39 - - [25/Dec/2025:14:20:02 +0100] "GET /719273583.shtml HTTP/1.1" 200 65496 "-" "Mozilla/5.0 AppleWebKit/537.36 (KHTML, like Gecko; compatible; GPTBot/1.3; +https://openai.com/gptbot)"
66.249.66.13 - - [25/Dec/2025:14:20:03 +0100] "GET /?shopdetail/croydon/2007873535 HTTP/1.1" 200 201127 "-" "Mozilla/5.0 (Linux; Android 6.0.1; Nexus 5X Build/MMB29P) AppleWebKit/537.36 (KHTML, like Gecko) Chrome/141.0.7390.122 Mobile Safari/537.36 (compatible; Googlebot/2.1; +http://www.google.com/bot.html)"
74.7.241.39 - - [25/Dec/2025:14:20:05 +0100] "GET /617458949.shtml HTTP/1.1" 200 65496 "-" "Mozilla/5.0 AppleWebKit/537.36 (KHTML, like Gecko; compatible; GPTBot/1.3; +https://openai.com/gptbot)"
192.252.214.20 - - [25/Dec/2025:14:20:06 +0100] "GET /wp-login.php?wp_lang=en_US HTTP/1.1" 421 322 "-" "Mozilla/5.0 (Windows NT 10.0; Win64; x64) AppleWebKit/537.36 (KHTML, like Gecko) Chrome/124.0.6367.207 Safari/537.36"
203.189.156.212 - - [25/Dec/2025:14:20:08 +0100] "GET /wp-login.php?wp_lang=en_US HTTP/1.1" 200 65496 "-" "Mozilla/5.0 (Windows NT 10.0; Win64; x64) AppleWebKit/537.36 (KHTML, like Gecko) Chrome/124.0.6367.207 Safari/537.36"
216.73.216.38 - - [25/Dec/2025:14:20:08 +0100] "GET /185273210.shtml?path=%2F%2Ftmp%2F31199._USR_LOCAL_CPANEL_SCRIPTS_UPDATENOW__.b9e52eb5.tmp HTTP/1.1" 200 12781 "-" "Mozilla/5.0 AppleWebKit/537.36 (KHTML, like Gecko; compatible; ClaudeBot/1.0; +claudebot@anthropic.com)"
74.7.241.39 - - [25/Dec/2025:14:20:09 +0100] "GET /749841332.shtml?path=/home/semanacmab/public_html/wordpress HTTP/1.1" 200 15749 "-" "Mozilla/5.0 AppleWebKit/537.36 (KHTML, like Gecko; compatible; GPTBot/1.3; +https://openai.com/gptbot)"
216.73.216.38 - - [25/Dec/2025:14:20:11 +0100] "GET /2729946941.shtml?path=%2Fhome%2Fsemanacmab%2Fpublic_html%2Fwp-admin_kk HTTP/1.1" 200 170492 "-" "Mozilla/5.0 AppleWebKit/537.36 (KHTML, like Gecko; compatible; ClaudeBot/1.0; +claudebot@anthropic.com)"
74.7.241.39 - - [25/Dec/2025:14:20:12 +0100] "GET /235446909.shtml HTTP/1.1" 200 65496 "-" "Mozilla/5.0 AppleWebKit/537.36 (KHTML, like Gecko; compatible; GPTBot/1.3; +https://openai.com/gptbot)"
216.73.216.38 - - [25/Dec/2025:14:20:14 +0100] "GET /4234556462.shtml?path=%2Fhome%2Fsemanacmab%2Fpublic_html%2Fwp-admin HTTP/1.1" 200 169289 "-" "Mozilla/5.0 AppleWebKit/537.36 (KHTML, like Gecko; compatible; ClaudeBot/1.0; +claudebot@anthropic.com)"
74.7.241.39 - - [25/Dec/2025:14:20:15 +0100] "GET /795020736.shtml HTTP/1.1" 200 65496 "-" "Mozilla/5.0 AppleWebKit/537.36 (KHTML, like Gecko; compatible; GPTBot/1.3; +https://openai.com/gptbot)"
216.73.216.38 - - [25/Dec/2025:14:20:17 +0100] "GET /3141157509.shtml?path=%2Fhome%2Fsemanacmab%2Fpublic_html%2Fwp-admin_kk HTTP/1.1" 200 170492 "-" "Mozilla/5.0 AppleWebKit/537.36 (KHTML, like Gecko; compatible; ClaudeBot/1.0; +claudebot@anthropic.com)"
74.7.241.39 - - [25/Dec/2025:14:20:18 +0100] "GET /387197082.shtml HTTP/1.1" 200 65496 "-" "Mozilla/5.0 AppleWebKit/537.36 (KHTML, like Gecko; compatible; GPTBot/1.3; +https://openai.com/gptbot)"
216.73.216.38 - - [25/Dec/2025:14:20:20 +0100] "GET /270507800.shtml?path=%2Fhome%2Fsemanacmab%2Fpublic_html%2Fwp-admin HTTP/1.1" 200 169289 "-" "Mozilla/5.0 AppleWebKit/537.36 (KHTML, like Gecko; compatible; ClaudeBot/1.0; +claudebot@anthropic.com)"
74.7.241.39 - - [25/Dec/2025:14:20:21 +0100] "GET /405217950.shtml HTTP/1.1" 200 65496 "-" "Mozilla/5.0 AppleWebKit/537.36 (KHTML, like Gecko; compatible; GPTBot/1.3; +https://openai.com/gptbot)"
216.73.216.38 - - [25/Dec/2025:14:20:23 +0100] "GET /1604254337.shtml?path=%2F%2Ftmp%2F6328._USR_LOCAL_CPANEL_SCRIPTS_UPDATENOW__.598b0ba1.tmp HTTP/1.1" 200 12779 "-" "Mozilla/5.0 AppleWebKit/537.36 (KHTML, like Gecko; compatible; ClaudeBot/1.0; +claudebot@anthropic.com)"
74.7.241.39 - - [25/Dec/2025:14:20:24 +0100] "GET /318015259.shtml HTTP/1.1" 200 65496 "-" "Mozilla/5.0 AppleWebKit/537.36 (KHTML, like Gecko; compatible; GPTBot/1.3; +https://openai.com/gptbot)"
216.73.216.38 - - [25/Dec/2025:14:20:26 +0100] "GET /2436394310.shtml?path=%2Fhome%2Fsemanacmab%2Fpublic_html%2Fwp-admin_kk%2Fincludes HTTP/1.1" 200 188312 "-" "Mozilla/5.0 AppleWebKit/537.36 (KHTML, like Gecko; compatible; ClaudeBot/1.0; +claudebot@anthropic.com)"
74.7.241.39 - - [25/Dec/2025:14:20:27 +0100] "GET /250667410.shtml?fileloc=/home/semanacmab/public_html/wp-settings.php&path=/home/semanacmab/public_html HTTP/1.1" 200 46965 "-" "Mozilla/5.0 AppleWebKit/537.36 (KHTML, like Gecko; compatible; GPTBot/1.3; +https://openai.com/gptbot)"
216.73.216.38 - - [25/Dec/2025:14:20:29 +0100] "GET /976646637.shtml?path=%2Fhome%2Fsemanacmab%2Fperl5 HTTP/1.1" 200 21289 "-" "Mozilla/5.0 AppleWebKit/537.36 (KHTML, like Gecko; compatible; ClaudeBot/1.0; +claudebot@anthropic.com)"
74.7.241.39 - - [25/Dec/2025:14:20:30 +0100] "GET /848965729.shtml HTTP/1.1" 200 65496 "-" "Mozilla/5.0 AppleWebKit/537.36 (KHTML, like Gecko; compatible; GPTBot/1.3; +https://openai.com/gptbot)"
216.73.216.38 - - [25/Dec/2025:14:20:32 +0100] "GET /3860825510.shtml?path=%2Fhome%2Fsemanacmab%2Fpublic_html%2Fwp-includes_kk%2Ftheme-compat HTTP/1.1" 200 30621 "-" "Mozilla/5.0 AppleWebKit/537.36 (KHTML, like Gecko; compatible; ClaudeBot/1.0; +claudebot@anthropic.com)"
74.7.241.39 - - [25/Dec/2025:14:20:34 +0100] "GET /572712604.shtml HTTP/1.1" 200 65496 "-" "Mozilla/5.0 AppleWebKit/537.36 (KHTML, like Gecko; compatible; GPTBot/1.3; +https://openai.com/gptbot)"
103.234.156.237 - - [25/Dec/2025:14:20:35 +0100] "GET /wp-login.php?wp_lang=en_US HTTP/1.1" 200 65496 "-" "Mozilla/5.0 (Windows NT 10.0; Win64; x64) AppleWebKit/537.36 (KHTML, like Gecko) Chrome/124.0.6367.207 Safari/537.36"
216.73.216.38 - - [25/Dec/2025:14:20:35 +0100] "GET /1048689631.shtml?fileloc=%2Fhome%2Fsemanacmab%2Fpublic_html%2Fwp-includes%2Fclass-wp-http-encoding.php&path=%2Fhome%2Fsemanacmab%2Fpublic_html%2Fwp-includes HTTP/1.1" 200 19436 "-" "Mozilla/5.0 AppleWebKit/537.36 (KHTML, like Gecko; compatible; ClaudeBot/1.0; +claudebot@anthropic.com)"
66.249.66.40 - - [25/Dec/2025:14:20:36 +0100] "GET /?shopdetail/reboot/20091947566 HTTP/1.1" 200 196675 "-" "Mozilla/5.0 (Linux; Android 6.0.1; Nexus 5X Build/MMB29P) AppleWebKit/537.36 (KHTML, like Gecko) Chrome/141.0.7390.122 Mobile Safari/537.36 (compatible; Googlebot/2.1; +http://www.google.com/bot.html)"
74.7.241.39 - - [25/Dec/2025:14:20:37 +0100] "GET /719273583.shtml?fileloc=/home/semanacmab/public_html/wp-settings.php&path=/home/semanacmab/public_html HTTP/1.1" 200 46965 "-" "Mozilla/5.0 AppleWebKit/537.36 (KHTML, like Gecko; compatible; GPTBot/1.3; +https://openai.com/gptbot)"
216.73.216.38 - - [25/Dec/2025:14:20:38 +0100] "GET /1266331227.shtml?path=%2Fhome%2Fsemanacmab%2Fpublic_html%2Fwp-includes%2FIXR HTTP/1.1" 200 30454 "-" "Mozilla/5.0 AppleWebKit/537.36 (KHTML, like Gecko; compatible; ClaudeBot/1.0; +claudebot@anthropic.com)"
74.7.241.39 - - [25/Dec/2025:14:20:40 +0100] "GET /819862044.shtml HTTP/1.1" 200 65496 "-" "Mozilla/5.0 AppleWebKit/537.36 (KHTML, like Gecko; compatible; GPTBot/1.3; +https://openai.com/gptbot)"
114.119.150.5 - - [25/Dec/2025:14:20:41 +0100] "GET /kazino-igrat-v-onlajn-pin-up-casino-oficialnyj-60/ HTTP/1.1" 200 65496 "https://semanamundial.com/kazino-igrat-v-onlajn-pin-up-casino-oficialnyj-60-2/" "Mozilla/5.0 (Linux; Android 7.0;) AppleWebKit/537.36 (KHTML, like Gecko) Mobile Safari/537.36 (compatible; PetalBot;+https://webmaster.petalsearch.com/site/petalbot)"
216.73.216.38 - - [25/Dec/2025:14:20:41 +0100] "GET /784117683.shtml?fileloc=%2F%2Fusr%2Fsbin%2Fmount.nfs&path=%2F%2Fusr%2Fsbin HTTP/1.1" 200 187074 "-" "Mozilla/5.0 AppleWebKit/537.36 (KHTML, like Gecko; compatible; ClaudeBot/1.0; +claudebot@anthropic.com)"
74.7.241.39 - - [25/Dec/2025:14:20:43 +0100] "GET /580481576.shtml HTTP/1.1" 200 65496 "-" "Mozilla/5.0 AppleWebKit/537.36 (KHTML, like Gecko; compatible; GPTBot/1.3; +https://openai.com/gptbot)"
208.110.64.178 - - [25/Dec/2025:14:20:44 +0100] "GET /wp-includes/x82fd6e/index.php HTTP/1.1" 200 65496 "https://semanamundial.com/wp-includes/x82fd6e/index.php" "Mozilla/5.0 (Windows NT 10.0; Win64; x64) AppleWebKit/537.36 (KHTML, like Gecko) Chrome/58.0.3029.110 Safari/537.3"
216.73.216.38 - - [25/Dec/2025:14:20:44 +0100] "GET /514837039.shtml?path=%2Fhome%2Fsemanacmab%2Fpublic_html%2Fwp-admin HTTP/1.1" 200 169289 "-" "Mozilla/5.0 AppleWebKit/537.36 (KHTML, like Gecko; compatible; ClaudeBot/1.0; +claudebot@anthropic.com)"
216.73.216.38 - - [25/Dec/2025:14:20:47 +0100] "GET /3641512876.shtml?path=%2Fhome%2Fsemanacmab%2Fpublic_html%2Fwp-includes%2Fblocks%2Fpost-author HTTP/1.1" 200 22710 "-" "Mozilla/5.0 AppleWebKit/537.36 (KHTML, like Gecko; compatible; ClaudeBot/1.0; +claudebot@anthropic.com)"
104.200.135.46 - - [25/Dec/2025:14:20:48 +0100] "GET /wp-login.php?wp_lang=en_US HTTP/1.1" 421 322 "-" "Mozilla/5.0 (Windows NT 10.0; Win64; x64) AppleWebKit/537.36 (KHTML, like Gecko) Chrome/124.0.6367.207 Safari/537.36"
107.152.98.5 - - [25/Dec/2025:14:20:50 +0100] "GET /wp-login.php?wp_lang=en_US HTTP/1.1" 421 322 "-" "Mozilla/5.0 (Windows NT 10.0; Win64; x64) AppleWebKit/537.36 (KHTML, like Gecko) Chrome/124.0.6367.207 Safari/537.36"
216.73.216.38 - - [25/Dec/2025:14:20:50 +0100] "GET /784117683.shtml?fileloc=%2F%2Fproc%2F795%2Fmaps&path=%2F%2Fproc%2F795 HTTP/1.1" 200 12264 "-" "Mozilla/5.0 AppleWebKit/537.36 (KHTML, like Gecko; compatible; ClaudeBot/1.0; +claudebot@anthropic.com)"
172.212.113.5 - - [25/Dec/2025:14:20:52 +0100] "GET /wp-login.php?wp_lang=en_US HTTP/1.1" 200 65496 "-" "Mozilla/5.0 (Windows NT 10.0; Win64; x64) AppleWebKit/537.36 (KHTML, like Gecko) Chrome/124.0.6367.207 Safari/537.36"
216.73.216.38 - - [25/Dec/2025:14:20:53 +0100] "GET /661239938.shtml?path=%2Fhome%2Fsemanacmab%2Fpublic_html%2Fwp-includes HTTP/1.1" 200 450621 "-" "Mozilla/5.0 AppleWebKit/537.36 (KHTML, like Gecko; compatible; ClaudeBot/1.0; +claudebot@anthropic.com)"
183.232.248.102 - - [25/Dec/2025:14:20:54 +0100] "GET /wp-login.php?wp_lang=en_US HTTP/1.1" 200 65496 "-" "Mozilla/5.0 (Windows NT 10.0; Win64; x64) AppleWebKit/537.36 (KHTML, like Gecko) Chrome/124.0.6367.207 Safari/537.36"
216.73.216.38 - - [25/Dec/2025:14:20:56 +0100] "GET /1473247560.shtml?path=%2Fhome%2Fsemanacmab%2Fpublic_html%2Fwp-includes%2Fblocks HTTP/1.1" 200 298403 "-" "Mozilla/5.0 AppleWebKit/537.36 (KHTML, like Gecko; compatible; ClaudeBot/1.0; +claudebot@anthropic.com)"
72.195.34.58 - - [25/Dec/2025:14:20:59 +0100] "GET /wp-login.php?wp_lang=en_US HTTP/1.1" 421 322 "-" "Mozilla/5.0 (Windows NT 10.0; Win64; x64) AppleWebKit/537.36 (KHTML, like Gecko) Chrome/124.0.6367.207 Safari/537.36"
216.73.216.38 - - [25/Dec/2025:14:20:59 +0100] "GET /2436394310.shtml?path=%2Fhome%2Fsemanacmab%2Fpublic_html%2Fwp-includes%2FIXR HTTP/1.1" 200 30454 "-" "Mozilla/5.0 AppleWebKit/537.36 (KHTML, like Gecko; compatible; ClaudeBot/1.0; +claudebot@anthropic.com)"
98.181.137.80 - - [25/Dec/2025:14:21:00 +0100] "GET /wp-login.php?wp_lang=en_US HTTP/1.1" 421 322 "-" "Mozilla/5.0 (Windows NT 10.0; Win64; x64) AppleWebKit/537.36 (KHTML, like Gecko) Chrome/124.0.6367.207 Safari/537.36"
216.73.216.38 - - [25/Dec/2025:14:21:02 +0100] "GET /784117683.shtml?path=%2F%2Ftmp%2F9478._USR_LOCAL_CPANEL_SCRIPTS_UPDATENOW__.667c33c5.tmp HTTP/1.1" 200 12779 "-" "Mozilla/5.0 AppleWebKit/537.36 (KHTML, like Gecko; compatible; ClaudeBot/1.0; +claudebot@anthropic.com)"
184.181.217.210 - - [25/Dec/2025:14:21:03 +0100] "GET /wp-login.php?wp_lang=en_US HTTP/1.1" 421 322 "-" "Mozilla/5.0 (Windows NT 10.0; Win64; x64) AppleWebKit/537.36 (KHTML, like Gecko) Chrome/124.0.6367.207 Safari/537.36"
23.166.40.70 - - [25/Dec/2025:14:21:03 +0100] "POST /xmlrpc.php HTTP/1.1" 200 65496 "-" "Mozilla/5.0 (Windows NT 10.0; Win64; x64; rv:87.0) Gecko/20100101 Firefox/87.0"
66.249.66.75 - - [25/Dec/2025:14:21:08 +0100] "GET /?shopdetail/technically/20091546747 HTTP/1.1" 200 201281 "-" "Mozilla/5.0 (Linux; Android 6.0.1; Nexus 5X Build/MMB29P) AppleWebKit/537.36 (KHTML, like Gecko) Chrome/141.0.7390.122 Mobile Safari/537.36 (compatible; Googlebot/2.1; +http://www.google.com/bot.html)"
216.73.216.38 - - [25/Dec/2025:14:21:14 +0100] "GET /3447935362.shtml?path=%2F%2Ftmp%2F23430._USR_LOCAL_CPANEL_SCRIPTS_UPDATENOW__.b115d292.tmp HTTP/1.1" 200 12781 "-" "Mozilla/5.0 AppleWebKit/537.36 (KHTML, like Gecko; compatible; ClaudeBot/1.0; +claudebot@anthropic.com)"
192.111.135.18 - - [25/Dec/2025:14:21:14 +0100] "GET /wp-login.php?wp_lang=en_US HTTP/1.1" 421 322 "-" "Mozilla/5.0 (Windows NT 10.0; Win64; x64) AppleWebKit/537.36 (KHTML, like Gecko) Chrome/124.0.6367.207 Safari/537.36"
107.152.98.5 - - [25/Dec/2025:14:21:17 +0100] "GET /wp-login.php?wp_lang=en_US HTTP/1.1" 421 322 "-" "Mozilla/5.0 (Windows NT 10.0; Win64; x64) AppleWebKit/537.36 (KHTML, like Gecko) Chrome/124.0.6367.207 Safari/537.36"
216.73.216.38 - - [25/Dec/2025:14:21:17 +0100] "GET /784117683.shtml?fileloc=%2F%2Fusr%2Fsbin%2Fwhmlogin&path=%2F%2Fusr%2Fsbin HTTP/1.1" 200 14906 "-" "Mozilla/5.0 AppleWebKit/537.36 (KHTML, like Gecko; compatible; ClaudeBot/1.0; +claudebot@anthropic.com)"
72.195.34.59 - - [25/Dec/2025:14:21:18 +0100] "GET /wp-login.php?wp_lang=en_US HTTP/1.1" 421 322 "-" "Mozilla/5.0 (Windows NT 10.0; Win64; x64) AppleWebKit/537.36 (KHTML, like Gecko) Chrome/124.0.6367.207 Safari/537.36"
216.73.216.38 - - [25/Dec/2025:14:21:20 +0100] "GET /784117683.shtml?fileloc=%2F%2Fusr%2Fsbin%2Fvgck&path=%2F%2Fusr%2Fsbin HTTP/1.1" 200 3198325 "-" "Mozilla/5.0 AppleWebKit/537.36 (KHTML, like Gecko; compatible; ClaudeBot/1.0; +claudebot@anthropic.com)"
216.73.216.38 - - [25/Dec/2025:14:21:23 +0100] "GET /3698443195.shtml?path=%2Fhome%2Fsemanacmab%2Fpublic_html%2Fwp-includes_kk HTTP/1.1" 200 452478 "-" "Mozilla/5.0 AppleWebKit/537.36 (KHTML, like Gecko; compatible; ClaudeBot/1.0; +claudebot@anthropic.com)"
216.73.216.38 - - [25/Dec/2025:14:21:26 +0100] "GET /185273210.shtml?path=%2F%2Ftmp%2F23430._USR_LOCAL_CPANEL_SCRIPTS_UPDATENOW__.b115d292.tmp HTTP/1.1" 200 12781 "-" "Mozilla/5.0 AppleWebKit/537.36 (KHTML, like Gecko; compatible; ClaudeBot/1.0; +claudebot@anthropic.com)"
216.73.216.38 - - [25/Dec/2025:14:21:29 +0100] "GET /3444395150.shtml?path=%2Fhome%2Fsemanacmab%2Fpublic_html%2Fwp-admin%2Fmaint HTTP/1.1" 200 15976 "-" "Mozilla/5.0 AppleWebKit/537.36 (KHTML, like Gecko; compatible; ClaudeBot/1.0; +claudebot@anthropic.com)"
98.182.147.97 - - [25/Dec/2025:14:21:30 +0100] "GET /wp-login.php?wp_lang=en_US HTTP/1.1" 421 322 "-" "Mozilla/5.0 (Windows NT 10.0; Win64; x64) AppleWebKit/537.36 (KHTML, like Gecko) Chrome/124.0.6367.207 Safari/537.36"
216.73.216.38 - - [25/Dec/2025:14:21:32 +0100] "GET /1153235976.shtml?path=%2Fhome%2Fsemanacmab%2Fpublic_html%2Fwp-admin%2Fmaint HTTP/1.1" 200 15976 "-" "Mozilla/5.0 AppleWebKit/537.36 (KHTML, like Gecko; compatible; ClaudeBot/1.0; +claudebot@anthropic.com)"
208.102.51.6 - - [25/Dec/2025:14:21:35 +0100] "GET /wp-login.php?wp_lang=en_US HTTP/1.1" 421 322 "-" "Mozilla/5.0 (Windows NT 10.0; Win64; x64) AppleWebKit/537.36 (KHTML, like Gecko) Chrome/124.0.6367.207 Safari/537.36"
216.73.216.38 - - [25/Dec/2025:14:21:35 +0100] "GET /4110466586.shtml?path=%2Fhome%2Fsemanacmab%2Fpublic_html%2Fwp-includes_kk%2Fblock-bindings HTTP/1.1" 200 22649 "-" "Mozilla/5.0 AppleWebKit/537.36 (KHTML, like Gecko; compatible; ClaudeBot/1.0; +claudebot@anthropic.com)"
24.249.199.4 - - [25/Dec/2025:14:21:37 +0100] "GET /wp-login.php?wp_lang=en_US HTTP/1.1" 421 322 "-" "Mozilla/5.0 (Windows NT 10.0; Win64; x64) AppleWebKit/537.36 (KHTML, like Gecko) Chrome/124.0.6367.207 Safari/537.36"
216.73.216.38 - - [25/Dec/2025:14:21:38 +0100] "GET /2527004457.shtml?path=%2Fhome%2Fsemanacmab%2Fpublic_html%2Fwp-includes_kk HTTP/1.1" 200 452478 "-" "Mozilla/5.0 AppleWebKit/537.36 (KHTML, like Gecko; compatible; ClaudeBot/1.0; +claudebot@anthropic.com)"
198.8.94.170 - - [25/Dec/2025:14:21:40 +0100] "GET /wp-login.php?wp_lang=en_US HTTP/1.1" 421 322 "-" "Mozilla/5.0 (Windows NT 10.0; Win64; x64) AppleWebKit/537.36 (KHTML, like Gecko) Chrome/124.0.6367.207 Safari/537.36"
66.249.66.166 - - [25/Dec/2025:14:21:40 +0100] "GET /?shopdetail/assassination/200632800 HTTP/1.1" 200 205035 "-" "Mozilla/5.0 (Linux; Android 6.0.1; Nexus 5X Build/MMB29P) AppleWebKit/537.36 (KHTML, like Gecko) Chrome/141.0.7390.122 Mobile Safari/537.36 (compatible; Googlebot/2.1; +http://www.google.com/bot.html)"
216.73.216.38 - - [25/Dec/2025:14:21:41 +0100] "GET /4254681056.shtml?path=%2Fhome%2Fsemanacmab%2F.cphorde HTTP/1.1" 200 16946 "-" "Mozilla/5.0 AppleWebKit/537.36 (KHTML, like Gecko; compatible; ClaudeBot/1.0; +claudebot@anthropic.com)"
142.54.237.34 - - [25/Dec/2025:14:21:43 +0100] "GET /wp-login.php?wp_lang=en_US HTTP/1.1" 421 322 "-" "Mozilla/5.0 (Windows NT 10.0; Win64; x64) AppleWebKit/537.36 (KHTML, like Gecko) Chrome/124.0.6367.207 Safari/537.36"
216.73.216.38 - - [25/Dec/2025:14:21:44 +0100] "GET /3522434919.shtml?path=%2Fhome%2Fsemanacmab%2Fpublic_html%2Fwp-includes_kk HTTP/1.1" 200 452478 "-" "Mozilla/5.0 AppleWebKit/537.36 (KHTML, like Gecko; compatible; ClaudeBot/1.0; +claudebot@anthropic.com)"
72.195.34.60 - - [25/Dec/2025:14:21:45 +0100] "GET /wp-login.php?wp_lang=en_US HTTP/1.1" 421 322 "-" "Mozilla/5.0 (Windows NT 10.0; Win64; x64) AppleWebKit/537.36 (KHTML, like Gecko) Chrome/124.0.6367.207 Safari/537.36"
216.73.216.38 - - [25/Dec/2025:14:21:47 +0100] "GET /3113085734.shtml?path=%2Fhome%2Fsemanacmab%2Fpublic_html%2Fwp-includes_kk HTTP/1.1" 200 452478 "-" "Mozilla/5.0 AppleWebKit/537.36 (KHTML, like Gecko; compatible; ClaudeBot/1.0; +claudebot@anthropic.com)"
199.102.107.145 - - [25/Dec/2025:14:21:48 +0100] "GET /wp-login.php?wp_lang=en_US HTTP/1.1" 421 322 "-" "Mozilla/5.0 (Windows NT 10.0; Win64; x64) AppleWebKit/537.36 (KHTML, like Gecko) Chrome/124.0.6367.207 Safari/537.36"
216.73.216.38 - - [25/Dec/2025:14:21:50 +0100] "GET /3421501000.shtml?path=%2Fhome%2Fsemanacmab%2Fpublic_html%2Fwp-includes_kk HTTP/1.1" 200 452478 "-" "Mozilla/5.0 AppleWebKit/537.36 (KHTML, like Gecko; compatible; ClaudeBot/1.0; +claudebot@anthropic.com)"
184.178.172.28 - - [25/Dec/2025:14:21:52 +0100] "GET /wp-login.php?wp_lang=en_US HTTP/1.1" 421 322 "-" "Mozilla/5.0 (Windows NT 10.0; Win64; x64) AppleWebKit/537.36 (KHTML, like Gecko) Chrome/124.0.6367.207 Safari/537.36"
216.73.216.38 - - [25/Dec/2025:14:21:53 +0100] "GET /1924110156.shtml?path=%2Fhome%2Fsemanacmab%2Fpublic_html%2Fwp-includes_kk HTTP/1.1" 200 452478 "-" "Mozilla/5.0 AppleWebKit/537.36 (KHTML, like Gecko; compatible; ClaudeBot/1.0; +claudebot@anthropic.com)"
162.253.68.97 - - [25/Dec/2025:14:21:53 +0100] "GET /wp-login.php?wp_lang=en_US HTTP/1.1" 421 322 "-" "Mozilla/5.0 (Windows NT 10.0; Win64; x64) AppleWebKit/537.36 (KHTML, like Gecko) Chrome/124.0.6367.207 Safari/537.36"
216.73.216.38 - - [25/Dec/2025:14:21:56 +0100] "GET /3275121956.shtml?path=%2Fhome%2Fsemanacmab%2Fpublic_html%2Fwp-admin_kk HTTP/1.1" 200 170492 "-" "Mozilla/5.0 AppleWebKit/537.36 (KHTML, like Gecko; compatible; ClaudeBot/1.0; +claudebot@anthropic.com)"
216.73.216.38 - - [25/Dec/2025:14:21:59 +0100] "GET /2699710576.shtml?fileloc=%2F%2Frazor-agent.log&path=%2F HTTP/1.1" 200 12555 "-" "Mozilla/5.0 AppleWebKit/537.36 (KHTML, like Gecko; compatible; ClaudeBot/1.0; +claudebot@anthropic.com)"
216.73.216.38 - - [25/Dec/2025:14:22:02 +0100] "GET /393171377.shtml?path=%2F%2Ftmp%2F27321._USR_LOCAL_CPANEL_SCRIPTS_UPDATENOW__.63e43347.tmp HTTP/1.1" 200 12781 "-" "Mozilla/5.0 AppleWebKit/537.36 (KHTML, like Gecko; compatible; ClaudeBot/1.0; +claudebot@anthropic.com)"
216.73.216.38 - - [25/Dec/2025:14:22:05 +0100] "GET /1148647188.shtml?path=%2Fhome%2Fsemanacmab%2Fpublic_html%2Fwp-includes_kk HTTP/1.1" 200 452478 "-" "Mozilla/5.0 AppleWebKit/537.36 (KHTML, like Gecko; compatible; ClaudeBot/1.0; +claudebot@anthropic.com)"
114.119.130.177 - - [25/Dec/2025:14:22:06 +0100] "GET /?y=12559793051350 HTTP/1.1" 200 65496 "https://semanamundial.com/?y=12559793051350" "Mozilla/5.0 (Linux; Android 7.0;) AppleWebKit/537.36 (KHTML, like Gecko) Mobile Safari/537.36 (compatible; PetalBot;+https://webmaster.petalsearch.com/site/petalbot)"
216.73.216.38 - - [25/Dec/2025:14:22:08 +0100] "GET /2243865388.shtml?path=%2Fhome%2Fsemanacmab%2Fpublic_html%2Fwp-content HTTP/1.1" 200 31778 "-" "Mozilla/5.0 AppleWebKit/537.36 (KHTML, like Gecko; compatible; ClaudeBot/1.0; +claudebot@anthropic.com)"
104.37.191.206 - - [25/Dec/2025:14:22:10 +0100] "POST /xmlrpc.php HTTP/1.1" 200 65496 "-" "Mozilla/5.0 (Windows NT 10.0; Win64; x64; rv:59.0) Gecko/20100101 Firefox/59.0"
69.61.200.104 - - [25/Dec/2025:14:22:11 +0100] "GET /wp-login.php?wp_lang=en_US HTTP/1.1" 421 322 "-" "Mozilla/5.0 (Windows NT 10.0; Win64; x64) AppleWebKit/537.36 (KHTML, like Gecko) Chrome/124.0.6367.207 Safari/537.36"
216.73.216.38 - - [25/Dec/2025:14:22:11 +0100] "GET /1040560615.shtml?path=%2Fhome%2Fsemanacmab%2Fpublic_html%2Fwp-content HTTP/1.1" 200 31778 "-" "Mozilla/5.0 AppleWebKit/537.36 (KHTML, like Gecko; compatible; ClaudeBot/1.0; +claudebot@anthropic.com)"
66.249.66.200 - - [25/Dec/2025:14:22:12 +0100] "GET /?shopdetail/aim/20091897359 HTTP/1.1" 200 195293 "-" "Mozilla/5.0 (Linux; Android 6.0.1; Nexus 5X Build/MMB29P) AppleWebKit/537.36 (KHTML, like Gecko) Chrome/141.0.7390.122 Mobile Safari/537.36 (compatible; Googlebot/2.1; +http://www.google.com/bot.html)"
216.73.216.38 - - [25/Dec/2025:14:22:14 +0100] "GET /882463881.shtml?fileloc=%2F%2Frazor-agent.log&path=%2F HTTP/1.1" 200 12555 "-" "Mozilla/5.0 AppleWebKit/537.36 (KHTML, like Gecko; compatible; ClaudeBot/1.0; +claudebot@anthropic.com)"
174.64.199.79 - - [25/Dec/2025:14:22:15 +0100] "GET /wp-login.php?wp_lang=en_US HTTP/1.1" 421 322 "-" "Mozilla/5.0 (Windows NT 10.0; Win64; x64) AppleWebKit/537.36 (KHTML, like Gecko) Chrome/124.0.6367.207 Safari/537.36"
216.73.216.38 - - [25/Dec/2025:14:22:17 +0100] "GET /1045149419.shtml?path=%2Fhome%2Fsemanacmab%2Fpublic_html%2Fwp-includes_kk HTTP/1.1" 200 452478 "-" "Mozilla/5.0 AppleWebKit/537.36 (KHTML, like Gecko; compatible; ClaudeBot/1.0; +claudebot@anthropic.com)"
46.150.102.26 - - [25/Dec/2025:14:22:17 +0100] "GET /wp-login.php?wp_lang=en_US HTTP/1.1" 200 65496 "-" "Mozilla/5.0 (Windows NT 10.0; Win64; x64) AppleWebKit/537.36 (KHTML, like Gecko) Chrome/124.0.6367.207 Safari/537.36"
216.73.216.38 - - [25/Dec/2025:14:22:20 +0100] "GET /1025629775.shtml?fileloc=%2F%2Frazor-agent.log&path=%2F HTTP/1.1" 200 12555 "-" "Mozilla/5.0 AppleWebKit/537.36 (KHTML, like Gecko; compatible; ClaudeBot/1.0; +claudebot@anthropic.com)"
216.73.216.38 - - [25/Dec/2025:14:22:23 +0100] "GET /2396161219.shtml?path=%2Fhome%2Fsemanacmab%2Fpublic_html%2Fwp-includes_kk HTTP/1.1" 200 452478 "-" "Mozilla/5.0 AppleWebKit/537.36 (KHTML, like Gecko; compatible; ClaudeBot/1.0; +claudebot@anthropic.com)"
216.73.216.38 - - [25/Dec/2025:14:22:26 +0100] "GET /3117838061.shtml?path=%2Fhome%2Fsemanacmab HTTP/1.1" 200 59548 "-" "Mozilla/5.0 AppleWebKit/537.36 (KHTML, like Gecko; compatible; ClaudeBot/1.0; +claudebot@anthropic.com)"
216.73.216.38 - - [25/Dec/2025:14:22:29 +0100] "GET /801818095.shtml?path=%2Fhome%2Fsemanacmab%2Fpublic_html%2Fwp-content%2Fmaintenance HTTP/1.1" 200 19090 "-" "Mozilla/5.0 AppleWebKit/537.36 (KHTML, like Gecko; compatible; ClaudeBot/1.0; +claudebot@anthropic.com)"
216.73.216.38 - - [25/Dec/2025:14:22:35 +0100] "GET /3390823208.shtml?fileloc=%2Fhome%2Fsemanacmab%2Fpublic_html%2Fwp-includes%2Fcache.php&path=%2Fhome%2Fsemanacmab%2Fpublic_html%2Fwp-includes HTTP/1.1" 200 26311 "-" "Mozilla/5.0 AppleWebKit/537.36 (KHTML, like Gecko; compatible; ClaudeBot/1.0; +claudebot@anthropic.com)"
216.73.216.38 - - [25/Dec/2025:14:22:37 +0100] "GET /784117683.shtml?fileloc=%2Fhome%2Fsemanacmab%2Fpublic_html%2Fwp-admin%2Fedit-link-form.php&path=%2Fhome%2Fsemanacmab%2Fpublic_html%2Fwp-admin HTTP/1.1" 200 21231 "-" "Mozilla/5.0 AppleWebKit/537.36 (KHTML, like Gecko; compatible; ClaudeBot/1.0; +claudebot@anthropic.com)"
216.73.216.38 - - [25/Dec/2025:14:22:40 +0100] "GET /1604254337.shtml?path=%2Fhome%2Fsemanacmab%2Fpublic_html%2Fwp-includes_kk%2Fpomo HTTP/1.1" 200 23900 "-" "Mozilla/5.0 AppleWebKit/537.36 (KHTML, like Gecko; compatible; ClaudeBot/1.0; +claudebot@anthropic.com)"
216.73.216.38 - - [25/Dec/2025:14:22:43 +0100] "GET /3641512876.shtml?fileloc=%2Fhome%2Fsemanacmab%2Fpublic_html%2Fwp-includes%2Fblocks%2Fbutton.php&path=%2Fhome%2Fsemanacmab%2Fpublic_html%2Fwp-includes%2Fblocks HTTP/1.1" 200 14435 "-" "Mozilla/5.0 AppleWebKit/537.36 (KHTML, like Gecko; compatible; ClaudeBot/1.0; +claudebot@anthropic.com)"
66.249.66.75 - - [25/Dec/2025:14:22:44 +0100] "GET /?shopdetail/ingredient/20112644411 HTTP/1.1" 200 198664 "-" "Mozilla/5.0 (Linux; Android 6.0.1; Nexus 5X Build/MMB29P) AppleWebKit/537.36 (KHTML, like Gecko) Chrome/141.0.7390.122 Mobile Safari/537.36 (compatible; Googlebot/2.1; +http://www.google.com/bot.html)"
216.73.216.38 - - [25/Dec/2025:14:22:46 +0100] "GET /836250299.shtml?fileloc=%2Fhome%2Fsemanacmab%2Fpublic_html%2Fwp-includes%2Fclass-wp-fatal-error-handler.php&path=%2Fhome%2Fsemanacmab%2Fpublic_html%2Fwp-includes HTTP/1.1" 200 21127 "-" "Mozilla/5.0 AppleWebKit/537.36 (KHTML, like Gecko; compatible; ClaudeBot/1.0; +claudebot@anthropic.com)"
216.73.216.38 - - [25/Dec/2025:14:22:49 +0100] "GET /1146223006.shtml?fileloc=%2Fhome%2Fsemanacmab%2Fpublic_html%2Fwp-includes%2Fcustomize%2Fclass-wp-customize-background-image-control.php&path=%2Fhome%2Fsemanacmab%2Fpublic_html%2Fwp-includes%2Fcustomize HTTP/1.1" 200 14006 "-" "Mozilla/5.0 AppleWebKit/537.36 (KHTML, like Gecko; compatible; ClaudeBot/1.0; +claudebot@anthropic.com)"
216.73.216.38 - - [25/Dec/2025:14:22:52 +0100] "GET /2757429847.shtml?fileloc=%2Fhome%2Fsemanacmab%2Fpublic_html%2Fwp-includes%2Fcustomize%2Fclass-wp-customize-background-image-control.php&path=%2Fhome%2Fsemanacmab%2Fpublic_html%2Fwp-includes%2Fcustomize HTTP/1.1" 200 14006 "-" "Mozilla/5.0 AppleWebKit/537.36 (KHTML, like Gecko; compatible; ClaudeBot/1.0; +claudebot@anthropic.com)"
216.73.216.38 - - [25/Dec/2025:14:22:55 +0100] "GET /49283857.shtml?fileloc=%2Fhome%2Fsemanacmab%2Fpublic_html%2Fwp-includes%2Fclass-wp-customize-widgets.php&path=%2Fhome%2Fsemanacmab%2Fpublic_html%2Fwp-includes HTTP/1.1" 200 92866 "-" "Mozilla/5.0 AppleWebKit/537.36 (KHTML, like Gecko; compatible; ClaudeBot/1.0; +claudebot@anthropic.com)"
216.73.216.38 - - [25/Dec/2025:14:23:04 +0100] "GET /4110466586.shtml?path=%2Fhome%2Fsemanacmab%2Fpublic_html%2Fwp-includes_kk%2Ffonts HTTP/1.1" 200 30599 "-" "Mozilla/5.0 AppleWebKit/537.36 (KHTML, like Gecko; compatible; ClaudeBot/1.0; +claudebot@anthropic.com)"
216.73.216.38 - - [25/Dec/2025:14:23:07 +0100] "GET /3390823208.shtml?fileloc=%2Fhome%2Fsemanacmab%2Fpublic_html%2Fwp-includes%2Fclass-wp-plugin-dependencies.php&path=%2Fhome%2Fsemanacmab%2Fpublic_html%2Fwp-includes HTTP/1.1" 200 39343 "-" "Mozilla/5.0 AppleWebKit/537.36 (KHTML, like Gecko; compatible; ClaudeBot/1.0; +claudebot@anthropic.com)"
216.73.216.38 - - [25/Dec/2025:14:23:10 +0100] "GET /505659447.shtml?fileloc=%2Fhome%2Fsemanacmab%2Fpublic_html%2Fwp-includes%2Fclass-wp-http-requests-hooks.php&path=%2Fhome%2Fsemanacmab%2Fpublic_html%2Fwp-includes HTTP/1.1" 200 14545 "-" "Mozilla/5.0 AppleWebKit/537.36 (KHTML, like Gecko; compatible; ClaudeBot/1.0; +claudebot@anthropic.com)"
216.73.216.38 - - [25/Dec/2025:14:23:13 +0100] "GET /3641512876.shtml?fileloc=%2Fhome%2Fsemanacmab%2Fpublic_html%2Fwp-includes%2Fclass-wp-exception.php&path=%2Fhome%2Fsemanacmab%2Fpublic_html%2Fwp-includes HTTP/1.1" 200 12714 "-" "Mozilla/5.0 AppleWebKit/537.36 (KHTML, like Gecko; compatible; ClaudeBot/1.0; +claudebot@anthropic.com)"
66.249.66.166 - - [25/Dec/2025:14:23:16 +0100] "GET /?shopdetail/doctor/20091516889 HTTP/1.1" 200 198088 "-" "Mozilla/5.0 (Linux; Android 6.0.1; Nexus 5X Build/MMB29P) AppleWebKit/537.36 (KHTML, like Gecko) Chrome/141.0.7390.122 Mobile Safari/537.36 (compatible; Googlebot/2.1; +http://www.google.com/bot.html)"
216.73.216.38 - - [25/Dec/2025:14:23:16 +0100] "GET /1833467628.shtml?path=%2Fhome%2Fsemanacmab%2Fpublic_html%2Fimages HTTP/1.1" 200 17249 "-" "Mozilla/5.0 AppleWebKit/537.36 (KHTML, like Gecko; compatible; ClaudeBot/1.0; +claudebot@anthropic.com)"
216.73.216.38 - - [25/Dec/2025:14:23:19 +0100] "GET /4001567190.shtml?path=%2Fhome%2Fsemanacmab%2Fpublic_html%2Fkk HTTP/1.1" 200 44430 "-" "Mozilla/5.0 AppleWebKit/537.36 (KHTML, like Gecko; compatible; ClaudeBot/1.0; +claudebot@anthropic.com)"
216.73.216.38 - - [25/Dec/2025:14:23:22 +0100] "GET /185273210.shtml?fileloc=%2F%2Ftmp%2F28917._USR_LOCAL_CPANEL_SCRIPTS_UPDATENOW__.2ebc7e91.tmp&path=%2F%2Ftmp HTTP/1.1" 200 12274 "-" "Mozilla/5.0 AppleWebKit/537.36 (KHTML, like Gecko; compatible; ClaudeBot/1.0; +claudebot@anthropic.com)"
216.73.216.38 - - [25/Dec/2025:14:23:25 +0100] "GET /2571171596.shtml?fileloc=%2Fhome%2Fsemanacmab%2Fpublic_html%2Fwp-admin%2Fadmin-header.php&path=%2Fhome%2Fsemanacmab%2Fpublic_html%2Fwp-admin HTTP/1.1" 200 23131 "-" "Mozilla/5.0 AppleWebKit/537.36 (KHTML, like Gecko; compatible; ClaudeBot/1.0; +claudebot@anthropic.com)"
216.73.216.38 - - [25/Dec/2025:14:23:28 +0100] "GET /2284050856.shtml?fileloc=%2Fhome%2Fsemanacmab%2Fpublic_html%2Fwp-includes%2Fclass-wp-theme.php&path=%2Fhome%2Fsemanacmab%2Fpublic_html%2Fwp-includes HTTP/1.1" 200 86195 "-" "Mozilla/5.0 AppleWebKit/537.36 (KHTML, like Gecko; compatible; ClaudeBot/1.0; +claudebot@anthropic.com)"
216.73.216.38 - - [25/Dec/2025:14:23:31 +0100] "GET /185273210.shtml?fileloc=%2F%2Ftmp%2F3629._USR_LOCAL_CPANEL_SCRIPTS_UPDATENOW__.00e697ed.tmp&path=%2F%2Ftmp HTTP/1.1" 200 12273 "-" "Mozilla/5.0 AppleWebKit/537.36 (KHTML, like Gecko; compatible; ClaudeBot/1.0; +claudebot@anthropic.com)"
114.119.142.135 - - [25/Dec/2025:14:23:33 +0100] "GET /?y=52774181051350 HTTP/1.1" 200 65496 "https://semanamundial.com/?y=52774181051350" "Mozilla/5.0 (Linux; Android 7.0;) AppleWebKit/537.36 (KHTML, like Gecko) Mobile Safari/537.36 (compatible; PetalBot;+https://webmaster.petalsearch.com/site/petalbot)"
216.73.216.38 - - [25/Dec/2025:14:23:34 +0100] "GET /3738087417.shtml?fileloc=%2Fhome%2Fsemanacmab%2Fpublic_html%2Fwp-includes%2Fclass-wp-error.php&path=%2Fhome%2Fsemanacmab%2Fpublic_html%2Fwp-includes HTTP/1.1" 200 20181 "-" "Mozilla/5.0 AppleWebKit/537.36 (KHTML, like Gecko; compatible; ClaudeBot/1.0; +claudebot@anthropic.com)"
216.73.216.38 - - [25/Dec/2025:14:23:37 +0100] "GET /486928771.shtml?fileloc=%2Fhome%2Fsemanacmab%2Fpublic_html%2Fwp-admin%2Fms-users.php&path=%2Fhome%2Fsemanacmab%2Fpublic_html%2Fwp-admin HTTP/1.1" 200 12677 "-" "Mozilla/5.0 AppleWebKit/537.36 (KHTML, like Gecko; compatible; ClaudeBot/1.0; +claudebot@anthropic.com)"
216.73.216.38 - - [25/Dec/2025:14:23:40 +0100] "GET /3891666825.shtml?fileloc=%2Fhome%2Fsemanacmab%2Fpublic_html%2Fwp-includes_kk%2Fscript-loader.php&path=%2Fhome%2Fsemanacmab%2Fpublic_html%2Fwp-includes_kk HTTP/1.1" 200 196537 "-" "Mozilla/5.0 AppleWebKit/537.36 (KHTML, like Gecko; compatible; ClaudeBot/1.0; +claudebot@anthropic.com)"
216.73.216.38 - - [25/Dec/2025:14:23:43 +0100] "GET /264492713.shtml?fileloc=%2Fhome%2Fsemanacmab%2Fpublic_html%2Fwp-includes_kk%2Fclass-wp-script-modules.php&path=%2Fhome%2Fsemanacmab%2Fpublic_html%2Fwp-includes_kk HTTP/1.1" 200 46904 "-" "Mozilla/5.0 AppleWebKit/537.36 (KHTML, like Gecko; compatible; ClaudeBot/1.0; +claudebot@anthropic.com)"
216.73.216.38 - - [25/Dec/2025:14:23:46 +0100] "GET /1554056885.shtml?fileloc=%2Fhome%2Fsemanacmab%2Fpublic_html%2Fwp-includes%2Fhttp.php&path=%2Fhome%2Fsemanacmab%2Fpublic_html%2Fwp-includes HTTP/1.1" 200 39579 "-" "Mozilla/5.0 AppleWebKit/537.36 (KHTML, like Gecko; compatible; ClaudeBot/1.0; +claudebot@anthropic.com)"
66.249.66.40 - - [25/Dec/2025:14:23:47 +0100] "GET /?shopdetail/ivy/20081326703 HTTP/1.1" 200 193385 "-" "Mozilla/5.0 (Linux; Android 6.0.1; Nexus 5X Build/MMB29P) AppleWebKit/537.36 (KHTML, like Gecko) Chrome/141.0.7390.122 Mobile Safari/537.36 (compatible; Googlebot/2.1; +http://www.google.com/bot.html)"
216.73.216.38 - - [25/Dec/2025:14:23:49 +0100] "GET /1677402143.shtml?path=%2Fhome%2Fsemanacmab%2Fpublic_html%2F.tmb HTTP/1.1" 200 14308 "-" "Mozilla/5.0 AppleWebKit/537.36 (KHTML, like Gecko; compatible; ClaudeBot/1.0; +claudebot@anthropic.com)"
216.73.216.38 - - [25/Dec/2025:14:23:52 +0100] "GET /849016549.shtml?path=%2Fhome%2Fsemanacmab%2Fpublic_html%2Fwp-includes_kk%2Fl10n HTTP/1.1" 200 24296 "-" "Mozilla/5.0 AppleWebKit/537.36 (KHTML, like Gecko; compatible; ClaudeBot/1.0; +claudebot@anthropic.com)"
216.73.216.38 - - [25/Dec/2025:14:23:55 +0100] "GET /4153910644.shtml?fileloc=%2Fhome%2Fsemanacmab%2Fpublic_html%2Fwp-includes_kk%2Fclass-wp-scripts.php&path=%2Fhome%2Fsemanacmab%2Fpublic_html%2Fwp-includes_kk HTTP/1.1" 200 48886 "-" "Mozilla/5.0 AppleWebKit/537.36 (KHTML, like Gecko; compatible; ClaudeBot/1.0; +claudebot@anthropic.com)"
216.73.216.38 - - [25/Dec/2025:14:23:58 +0100] "GET /2571171596.shtml?fileloc=%2Fhome%2Fsemanacmab%2Fpublic_html%2Fwp-admin%2Fadmin-post.php&path=%2Fhome%2Fsemanacmab%2Fpublic_html%2Fwp-admin HTTP/1.1" 200 14635 "-" "Mozilla/5.0 AppleWebKit/537.36 (KHTML, like Gecko; compatible; ClaudeBot/1.0; +claudebot@anthropic.com)"
216.73.216.38 - - [25/Dec/2025:14:24:01 +0100] "GET /1040560615.shtml?path=%2Fhome%2Fsemanacmab%2Fpublic_html%2Fkk HTTP/1.1" 200 44430 "-" "Mozilla/5.0 AppleWebKit/537.36 (KHTML, like Gecko; compatible; ClaudeBot/1.0; +claudebot@anthropic.com)"
74.7.241.39 - - [25/Dec/2025:14:24:04 +0100] "GET /741093498.shtml HTTP/1.1" 200 65496 "-" "Mozilla/5.0 AppleWebKit/537.36 (KHTML, like Gecko; compatible; GPTBot/1.3; +https://openai.com/gptbot)"
216.73.216.38 - - [25/Dec/2025:14:24:04 +0100] "GET /2558059972.shtml?fileloc=%2Fhome%2Fsemanacmab%2Fpublic_html%2Fwp-includes%2Fclass-wp-comment.php&path=%2Fhome%2Fsemanacmab%2Fpublic_html%2Fwp-includes HTTP/1.1" 200 22886 "-" "Mozilla/5.0 AppleWebKit/537.36 (KHTML, like Gecko; compatible; ClaudeBot/1.0; +claudebot@anthropic.com)"
74.7.241.39 - - [25/Dec/2025:14:24:06 +0100] "GET /939235174.shtml HTTP/1.1" 200 65496 "-" "Mozilla/5.0 AppleWebKit/537.36 (KHTML, like Gecko; compatible; GPTBot/1.3; +https://openai.com/gptbot)"
216.73.216.38 - - [25/Dec/2025:14:24:07 +0100] "GET /1995200643.shtml?fileloc=%2Fhome%2Fsemanacmab%2Fpublic_html%2Fwp-admin%2Fms-users.php&path=%2Fhome%2Fsemanacmab%2Fpublic_html%2Fwp-admin HTTP/1.1" 200 12677 "-" "Mozilla/5.0 AppleWebKit/537.36 (KHTML, like Gecko; compatible; ClaudeBot/1.0; +claudebot@anthropic.com)"
74.7.241.39 - - [25/Dec/2025:14:24:08 +0100] "GET /837411546.shtml HTTP/1.1" 200 65496 "-" "Mozilla/5.0 AppleWebKit/537.36 (KHTML, like Gecko; compatible; GPTBot/1.3; +https://openai.com/gptbot)"
216.73.216.38 - - [25/Dec/2025:14:24:10 +0100] "GET /2725194614.shtml?fileloc=%2Fhome%2Fsemanacmab%2Fpublic_html%2Fwp-includes%2Ftheme-compat%2Fembed-content.php&path=%2Fhome%2Fsemanacmab%2Fpublic_html%2Fwp-includes%2Ftheme-compat HTTP/1.1" 200 16650 "-" "Mozilla/5.0 AppleWebKit/537.36 (KHTML, like Gecko; compatible; ClaudeBot/1.0; +claudebot@anthropic.com)"
74.7.241.39 - - [25/Dec/2025:14:24:11 +0100] "GET /204509538.shtml HTTP/1.1" 200 65496 "-" "Mozilla/5.0 AppleWebKit/537.36 (KHTML, like Gecko; compatible; GPTBot/1.3; +https://openai.com/gptbot)"
216.73.216.38 - - [25/Dec/2025:14:24:13 +0100] "GET /49283857.shtml?fileloc=%2Fhome%2Fsemanacmab%2Fpublic_html%2Fwp-includes%2Fclass-wp-exception.php&path=%2Fhome%2Fsemanacmab%2Fpublic_html%2Fwp-includes HTTP/1.1" 200 12714 "-" "Mozilla/5.0 AppleWebKit/537.36 (KHTML, like Gecko; compatible; ClaudeBot/1.0; +claudebot@anthropic.com)"
74.7.241.39 - - [25/Dec/2025:14:24:15 +0100] "GET /667983431.shtml HTTP/1.1" 200 65496 "-" "Mozilla/5.0 AppleWebKit/537.36 (KHTML, like Gecko; compatible; GPTBot/1.3; +https://openai.com/gptbot)"
216.73.216.38 - - [25/Dec/2025:14:24:16 +0100] "GET /2552095562.shtml?fileloc=%2Fhome%2Fsemanacmab%2Fpublic_html%2Fwp-includes%2Fclass-wp-token-map.php&path=%2Fhome%2Fsemanacmab%2Fpublic_html%2Fwp-includes HTTP/1.1" 200 43605 "-" "Mozilla/5.0 AppleWebKit/537.36 (KHTML, like Gecko; compatible; ClaudeBot/1.0; +claudebot@anthropic.com)"
74.7.241.39 - - [25/Dec/2025:14:24:18 +0100] "GET /848965729.shtml?path=/home/semanacmab/public_html/wp-admin_kk HTTP/1.1" 200 170492 "-" "Mozilla/5.0 AppleWebKit/537.36 (KHTML, like Gecko; compatible; GPTBot/1.3; +https://openai.com/gptbot)"
66.249.66.42 - - [25/Dec/2025:14:24:19 +0100] "GET /?shopdetail/airport/20102295535 HTTP/1.1" 200 194341 "-" "Mozilla/5.0 (Linux; Android 6.0.1; Nexus 5X Build/MMB29P) AppleWebKit/537.36 (KHTML, like Gecko) Chrome/141.0.7390.122 Mobile Safari/537.36 (compatible; Googlebot/2.1; +http://www.google.com/bot.html)"
216.73.216.38 - - [25/Dec/2025:14:24:19 +0100] "GET /264492713.shtml?fileloc=%2Fhome%2Fsemanacmab%2Fpublic_html%2Fwp-includes_kk%2Fclass.wp-scripts.php&path=%2Fhome%2Fsemanacmab%2Fpublic_html%2Fwp-includes_kk HTTP/1.1" 200 12851 "-" "Mozilla/5.0 AppleWebKit/537.36 (KHTML, like Gecko; compatible; ClaudeBot/1.0; +claudebot@anthropic.com)"
74.7.241.39 - - [25/Dec/2025:14:24:21 +0100] "GET /856293116.shtml HTTP/1.1" 200 65496 "-" "Mozilla/5.0 AppleWebKit/537.36 (KHTML, like Gecko; compatible; GPTBot/1.3; +https://openai.com/gptbot)"
51.210.190.32 - - [25/Dec/2025:14:24:22 +0100] "POST /xmlrpc.php HTTP/1.1" 200 65496 "-" "Mozilla/5.0 (Windows NT 10.0; Win64; x64; rv:40.0) Gecko/20100101 Firefox/40.0"
216.73.216.38 - - [25/Dec/2025:14:24:22 +0100] "GET /836250299.shtml?fileloc=%2Fhome%2Fsemanacmab%2Fpublic_html%2Fwp-includes%2Fclass-wp-plugin-dependencies.php&path=%2Fhome%2Fsemanacmab%2Fpublic_html%2Fwp-includes HTTP/1.1" 200 39343 "-" "Mozilla/5.0 AppleWebKit/537.36 (KHTML, like Gecko; compatible; ClaudeBot/1.0; +claudebot@anthropic.com)"
74.7.241.39 - - [25/Dec/2025:14:24:24 +0100] "GET /447809921.shtml HTTP/1.1" 200 65496 "-" "Mozilla/5.0 AppleWebKit/537.36 (KHTML, like Gecko; compatible; GPTBot/1.3; +https://openai.com/gptbot)"
216.73.216.38 - - [25/Dec/2025:14:24:25 +0100] "GET /740673625.shtml?path=%2Fhome%2Fsemanacmab%2Fpublic_html%2Fkk HTTP/1.1" 200 44430 "-" "Mozilla/5.0 AppleWebKit/537.36 (KHTML, like Gecko; compatible; ClaudeBot/1.0; +claudebot@anthropic.com)"
74.7.241.39 - - [25/Dec/2025:14:24:27 +0100] "GET /831610659.shtml HTTP/1.1" 200 65496 "-" "Mozilla/5.0 AppleWebKit/537.36 (KHTML, like Gecko; compatible; GPTBot/1.3; +https://openai.com/gptbot)"
13.37.14.123 - - [25/Dec/2025:14:24:28 +0100] "POST /xmlrpc.php HTTP/1.1" 200 65496 "-" "Mozilla/5.0 (Windows NT 10.0; Win64; x64; rv:81.0) Gecko/20100101 Firefox/81.0"
216.73.216.38 - - [25/Dec/2025:14:24:28 +0100] "GET /4037211493.shtml?path=%2Fhome%2Fsemanacmab%2Fpublic_html%2Fwp-content%2Fthemes HTTP/1.1" 200 29194 "-" "Mozilla/5.0 AppleWebKit/537.36 (KHTML, like Gecko; compatible; ClaudeBot/1.0; +claudebot@anthropic.com)"
74.7.241.39 - - [25/Dec/2025:14:24:30 +0100] "GET /256319732.shtml HTTP/1.1" 200 65496 "-" "Mozilla/5.0 AppleWebKit/537.36 (KHTML, like Gecko; compatible; GPTBot/1.3; +https://openai.com/gptbot)"
216.73.216.38 - - [25/Dec/2025:14:24:31 +0100] "GET /4110466586.shtml?fileloc=%2Fhome%2Fsemanacmab%2Fpublic_html%2Fwp-includes_kk%2Fscript-loader.php&path=%2Fhome%2Fsemanacmab%2Fpublic_html%2Fwp-includes_kk HTTP/1.1" 200 196537 "-" "Mozilla/5.0 AppleWebKit/537.36 (KHTML, like Gecko; compatible; ClaudeBot/1.0; +claudebot@anthropic.com)"
74.7.241.39 - - [25/Dec/2025:14:24:34 +0100] "GET /703034951.shtml HTTP/1.1" 200 65496 "-" "Mozilla/5.0 AppleWebKit/537.36 (KHTML, like Gecko; compatible; GPTBot/1.3; +https://openai.com/gptbot)"
216.73.216.38 - - [25/Dec/2025:14:24:34 +0100] "GET /2552095562.shtml?fileloc=%2Fhome%2Fsemanacmab%2Fpublic_html%2Fwp-includes%2Fcache-compat.php&path=%2Fhome%2Fsemanacmab%2Fpublic_html%2Fwp-includes HTTP/1.1" 200 23005 "-" "Mozilla/5.0 AppleWebKit/537.36 (KHTML, like Gecko; compatible; ClaudeBot/1.0; +claudebot@anthropic.com)"
74.7.241.39 - - [25/Dec/2025:14:24:37 +0100] "GET /792168124.shtml HTTP/1.1" 200 65496 "-" "Mozilla/5.0 AppleWebKit/537.36 (KHTML, like Gecko; compatible; GPTBot/1.3; +https://openai.com/gptbot)"
216.73.216.38 - - [25/Dec/2025:14:24:37 +0100] "GET /2243865388.shtml?path=%2Fhome%2Fsemanacmab%2Fpublic_html%2Fkk HTTP/1.1" 200 44430 "-" "Mozilla/5.0 AppleWebKit/537.36 (KHTML, like Gecko; compatible; ClaudeBot/1.0; +claudebot@anthropic.com)"
74.7.241.39 - - [25/Dec/2025:14:24:40 +0100] "GET /682617845.shtml HTTP/1.1" 200 65496 "-" "Mozilla/5.0 AppleWebKit/537.36 (KHTML, like Gecko; compatible; GPTBot/1.3; +https://openai.com/gptbot)"
216.73.216.38 - - [25/Dec/2025:14:24:40 +0100] "GET /505659447.shtml?fileloc=%2Fhome%2Fsemanacmab%2Fpublic_html%2Fwp-includes%2Fclass-wp-theme.php&path=%2Fhome%2Fsemanacmab%2Fpublic_html%2Fwp-includes HTTP/1.1" 200 86195 "-" "Mozilla/5.0 AppleWebKit/537.36 (KHTML, like Gecko; compatible; ClaudeBot/1.0; +claudebot@anthropic.com)"
74.7.241.39 - - [25/Dec/2025:14:24:43 +0100] "GET /837411546.shtml?path=/home/semanacmab/public_html/wordpress HTTP/1.1" 200 15749 "-" "Mozilla/5.0 AppleWebKit/537.36 (KHTML, like Gecko; compatible; GPTBot/1.3; +https://openai.com/gptbot)"
216.73.216.38 - - [25/Dec/2025:14:24:43 +0100] "GET /1473247560.shtml?fileloc=%2Fhome%2Fsemanacmab%2Fpublic_html%2Fwp-includes%2Fclass-wp-error.php&path=%2Fhome%2Fsemanacmab%2Fpublic_html%2Fwp-includes HTTP/1.1" 200 20181 "-" "Mozilla/5.0 AppleWebKit/537.36 (KHTML, like Gecko; compatible; ClaudeBot/1.0; +claudebot@anthropic.com)"
74.7.241.39 - - [25/Dec/2025:14:24:46 +0100] "GET /970126742.shtml HTTP/1.1" 200 65496 "-" "Mozilla/5.0 AppleWebKit/537.36 (KHTML, like Gecko; compatible; GPTBot/1.3; +https://openai.com/gptbot)"
216.73.216.38 - - [25/Dec/2025:14:24:46 +0100] "GET /2284050856.shtml?fileloc=%2Fhome%2Fsemanacmab%2Fpublic_html%2Fwp-includes%2Fblock-editor.php&path=%2Fhome%2Fsemanacmab%2Fpublic_html%2Fwp-includes HTTP/1.1" 200 45978 "-" "Mozilla/5.0 AppleWebKit/537.36 (KHTML, like Gecko; compatible; ClaudeBot/1.0; +claudebot@anthropic.com)"
216.73.216.38 - - [25/Dec/2025:14:24:50 +0100] "GET /784117683.shtml?fileloc=%2F%2Fusr%2Fsbin%2Fnl-qdisc-list&path=%2F%2Fusr%2Fsbin HTTP/1.1" 200 27047 "-" "Mozilla/5.0 AppleWebKit/537.36 (KHTML, like Gecko; compatible; ClaudeBot/1.0; +claudebot@anthropic.com)"
74.7.241.39 - - [25/Dec/2025:14:24:50 +0100] "GET /667983431.shtml?fileloc=/home/semanacmab/public_html/wp-signup.php&path=/home/semanacmab/public_html HTTP/1.1" 200 53892 "-" "Mozilla/5.0 AppleWebKit/537.36 (KHTML, like Gecko; compatible; GPTBot/1.3; +https://openai.com/gptbot)"
66.249.66.75 - - [25/Dec/2025:14:24:50 +0100] "GET /?shopdetail/ivy/20102445973 HTTP/1.1" 200 194670 "-" "Mozilla/5.0 (Linux; Android 6.0.1; Nexus 5X Build/MMB29P) AppleWebKit/537.36 (KHTML, like Gecko) Chrome/141.0.7390.122 Mobile Safari/537.36 (compatible; Googlebot/2.1; +http://www.google.com/bot.html)"
216.73.216.38 - - [25/Dec/2025:14:24:52 +0100] "GET /2558059972.shtml?fileloc=%2Fhome%2Fsemanacmab%2Fpublic_html%2Fwp-includes%2Fembed.php&path=%2Fhome%2Fsemanacmab%2Fpublic_html%2Fwp-includes HTTP/1.1" 200 56085 "-" "Mozilla/5.0 AppleWebKit/537.36 (KHTML, like Gecko; compatible; ClaudeBot/1.0; +claudebot@anthropic.com)"
74.7.241.39 - - [25/Dec/2025:14:24:53 +0100] "GET /848965729.shtml?fileloc=/home/semanacmab/public_html/wp-admin_kk/export-personal-data.php&path=/home/semanacmab/public_html/wp-admin_kk HTTP/1.1" 200 22726 "-" "Mozilla/5.0 AppleWebKit/537.36 (KHTML, like Gecko; compatible; GPTBot/1.3; +https://openai.com/gptbot)"
216.73.216.38 - - [25/Dec/2025:14:24:56 +0100] "GET /787494372.shtml?fileloc=%2Fhome%2Fsemanacmab%2Fpublic_html%2Fwp-admin%2Fcustom-header.php&path=%2Fhome%2Fsemanacmab%2Fpublic_html%2Fwp-admin HTTP/1.1" 200 13011 "-" "Mozilla/5.0 AppleWebKit/537.36 (KHTML, like Gecko; compatible; ClaudeBot/1.0; +claudebot@anthropic.com)"
74.7.241.39 - - [25/Dec/2025:14:24:56 +0100] "GET /848965729.shtml?fileloc=/home/semanacmab/public_html/wp-admin_kk/ms-edit.php&path=/home/semanacmab/public_html/wp-admin_kk HTTP/1.1" 200 12676 "-" "Mozilla/5.0 AppleWebKit/537.36 (KHTML, like Gecko; compatible; GPTBot/1.3; +https://openai.com/gptbot)"
216.73.216.38 - - [25/Dec/2025:14:24:59 +0100] "GET /4179001749.shtml?fileloc=%2Fhome%2Fsemanacmab%2Fpublic_html%2Fwp-includes_kk%2Ffunctions.wp-scripts.php&path=%2Fhome%2Fsemanacmab%2Fpublic_html%2Fwp-includes_kk HTTP/1.1" 200 29072 "-" "Mozilla/5.0 AppleWebKit/537.36 (KHTML, like Gecko; compatible; ClaudeBot/1.0; +claudebot@anthropic.com)"
74.7.241.39 - - [25/Dec/2025:14:24:59 +0100] "GET /848965729.shtml?fileloc=/home/semanacmab/public_html/wp-admin_kk/ms-sites.php&path=/home/semanacmab/public_html/wp-admin_kk HTTP/1.1" 200 12686 "-" "Mozilla/5.0 AppleWebKit/537.36 (KHTML, like Gecko; compatible; GPTBot/1.3; +https://openai.com/gptbot)"
114.119.142.135 - - [25/Dec/2025:14:25:00 +0100] "GET /?y=42190085051350 HTTP/1.1" 200 65496 "https://semanamundial.com/?y=42190085051350" "Mozilla/5.0 (Linux; Android 7.0;) AppleWebKit/537.36 (KHTML, like Gecko) Mobile Safari/537.36 (compatible; PetalBot;+https://webmaster.petalsearch.com/site/petalbot)"
216.73.216.38 - - [25/Dec/2025:14:25:02 +0100] "GET /976646637.shtml?fileloc=%2Fhome%2Fsemanacmab%2Fpublic_html%2Fwp-admin%2Fms-users.php&path=%2Fhome%2Fsemanacmab%2Fpublic_html%2Fwp-admin HTTP/1.1" 200 12677 "-" "Mozilla/5.0 AppleWebKit/537.36 (KHTML, like Gecko; compatible; ClaudeBot/1.0; +claudebot@anthropic.com)"
74.7.241.39 - - [25/Dec/2025:14:25:02 +0100] "GET /831610659.shtml?fileloc=/home/semanacmab/public_html/wp-blog-header.php&path=/home/semanacmab/public_html HTTP/1.1" 200 12890 "-" "Mozilla/5.0 AppleWebKit/537.36 (KHTML, like Gecko; compatible; GPTBot/1.3; +https://openai.com/gptbot)"
216.73.216.38 - - [25/Dec/2025:14:25:05 +0100] "GET /1528575030.shtml?fileloc=%2Fhome%2Fsemanacmab%2Fpublic_html%2Fwp-includes%2Fclass-wp-error.php&path=%2Fhome%2Fsemanacmab%2Fpublic_html%2Fwp-includes HTTP/1.1" 200 20181 "-" "Mozilla/5.0 AppleWebKit/537.36 (KHTML, like Gecko; compatible; ClaudeBot/1.0; +claudebot@anthropic.com)"
74.7.241.39 - - [25/Dec/2025:14:25:05 +0100] "GET /256319732.shtml?path=/home/semanacmab/public_html/wp-admin HTTP/1.1" 200 169289 "-" "Mozilla/5.0 AppleWebKit/537.36 (KHTML, like Gecko; compatible; GPTBot/1.3; +https://openai.com/gptbot)"
74.7.241.39 - - [25/Dec/2025:14:25:08 +0100] "GET /324854911.shtml HTTP/1.1" 200 65496 "-" "Mozilla/5.0 AppleWebKit/537.36 (KHTML, like Gecko; compatible; GPTBot/1.3; +https://openai.com/gptbot)"
74.7.241.39 - - [25/Dec/2025:14:25:11 +0100] "GET /775420219.shtml HTTP/1.1" 200 65496 "-" "Mozilla/5.0 AppleWebKit/537.36 (KHTML, like Gecko; compatible; GPTBot/1.3; +https://openai.com/gptbot)"
216.73.216.38 - - [25/Dec/2025:14:25:11 +0100] "GET /2234524289.shtml?path=%2F%2Ftmp%2Fsystemd-private-092ddbb931ae42b1962d94e0d6016be3-ea-php73-php-fpm.service-2RrxtB HTTP/1.1" 200 12829 "-" "Mozilla/5.0 AppleWebKit/537.36 (KHTML, like Gecko; compatible; ClaudeBot/1.0; +claudebot@anthropic.com)"
74.7.241.39 - - [25/Dec/2025:14:25:14 +0100] "GET /497308593.shtml HTTP/1.1" 200 65496 "-" "Mozilla/5.0 AppleWebKit/537.36 (KHTML, like Gecko; compatible; GPTBot/1.3; +https://openai.com/gptbot)"
216.73.216.38 - - [25/Dec/2025:14:25:15 +0100] "GET /2846253127.shtml?fileloc=%2F%2Ftmp%2F31792._USR_LOCAL_CPANEL_SCRIPTS_UPDATENOW__.fe615282.tmp&path=%2F%2Ftmp HTTP/1.1" 200 12274 "-" "Mozilla/5.0 AppleWebKit/537.36 (KHTML, like Gecko; compatible; ClaudeBot/1.0; +claudebot@anthropic.com)"
74.7.241.39 - - [25/Dec/2025:14:25:18 +0100] "GET /114522637.shtml HTTP/1.1" 200 65496 "-" "Mozilla/5.0 AppleWebKit/537.36 (KHTML, like Gecko; compatible; GPTBot/1.3; +https://openai.com/gptbot)"
216.73.216.38 - - [25/Dec/2025:14:25:18 +0100] "GET /3860825510.shtml?fileloc=%2Fhome%2Fsemanacmab%2Fpublic_html%2Fwp-includes_kk%2Fclass-wp-http-proxy.php&path=%2Fhome%2Fsemanacmab%2Fpublic_html%2Fwp-includes_kk HTTP/1.1" 200 18941 "-" "Mozilla/5.0 AppleWebKit/537.36 (KHTML, like Gecko; compatible; ClaudeBot/1.0; +claudebot@anthropic.com)"
