74.7.241.39 - - [25/Dec/2025:14:25:21 +0100] "GET /915406421.shtml HTTP/1.1" 200 65496 "-" "Mozilla/5.0 AppleWebKit/537.36 (KHTML, like Gecko; compatible; GPTBot/1.3; +https://openai.com/gptbot)"
216.73.216.38 - - [25/Dec/2025:14:25:21 +0100] "GET /1266331227.shtml?fileloc=%2Fhome%2Fsemanacmab%2Fpublic_html%2Fwp-includes%2Fclass-wp-widget.php&path=%2Fhome%2Fsemanacmab%2Fpublic_html%2Fwp-includes HTTP/1.1" 200 32115 "-" "Mozilla/5.0 AppleWebKit/537.36 (KHTML, like Gecko; compatible; ClaudeBot/1.0; +claudebot@anthropic.com)"
66.249.66.75 - - [25/Dec/2025:14:25:21 +0100] "GET /?shopdetail/enjoyed/200620967 HTTP/1.1" 200 201002 "-" "Mozilla/5.0 (Linux; Android 6.0.1; Nexus 5X Build/MMB29P) AppleWebKit/537.36 (KHTML, like Gecko) Chrome/141.0.7390.122 Mobile Safari/537.36 (compatible; Googlebot/2.1; +http://www.google.com/bot.html)"
74.7.241.39 - - [25/Dec/2025:14:25:24 +0100] "GET /956171244.shtml HTTP/1.1" 200 65496 "-" "Mozilla/5.0 AppleWebKit/537.36 (KHTML, like Gecko; compatible; GPTBot/1.3; +https://openai.com/gptbot)"
216.73.216.38 - - [25/Dec/2025:14:25:24 +0100] "GET /1266331227.shtml?fileloc=%2Fhome%2Fsemanacmab%2Fpublic_html%2Fwp-includes%2Fclass-wp-http-curl.php&path=%2Fhome%2Fsemanacmab%2Fpublic_html%2Fwp-includes HTTP/1.1" 200 27128 "-" "Mozilla/5.0 AppleWebKit/537.36 (KHTML, like Gecko; compatible; ClaudeBot/1.0; +claudebot@anthropic.com)"
216.73.216.38 - - [25/Dec/2025:14:25:27 +0100] "GET /2755265257.shtml?path=%2Fhome%2Fsemanacmab%2Fpublic_html%2Fimages HTTP/1.1" 200 17249 "-" "Mozilla/5.0 AppleWebKit/537.36 (KHTML, like Gecko; compatible; ClaudeBot/1.0; +claudebot@anthropic.com)"
74.7.241.39 - - [25/Dec/2025:14:25:27 +0100] "GET /589520732.shtml HTTP/1.1" 200 65496 "-" "Mozilla/5.0 AppleWebKit/537.36 (KHTML, like Gecko; compatible; GPTBot/1.3; +https://openai.com/gptbot)"
216.73.216.38 - - [25/Dec/2025:14:25:30 +0100] "GET /784117683.shtml?path=%2F%2Ftmp%2Fsystemd-private-db0bbf99e79d4009b34e6eab06178b53-chronyd.service-IpgIjd HTTP/1.1" 200 12811 "-" "Mozilla/5.0 AppleWebKit/537.36 (KHTML, like Gecko; compatible; ClaudeBot/1.0; +claudebot@anthropic.com)"
74.7.241.39 - - [25/Dec/2025:14:25:30 +0100] "GET /765499710.shtml HTTP/1.1" 200 65496 "-" "Mozilla/5.0 AppleWebKit/537.36 (KHTML, like Gecko; compatible; GPTBot/1.3; +https://openai.com/gptbot)"
216.73.216.38 - - [25/Dec/2025:14:25:33 +0100] "GET /3539789973.shtml?path=%2Fhome%2Fsemanacmab%2Fpublic_html%2Fwp-content%2Fewww HTTP/1.1" 200 14434 "-" "Mozilla/5.0 AppleWebKit/537.36 (KHTML, like Gecko; compatible; ClaudeBot/1.0; +claudebot@anthropic.com)"
74.7.241.39 - - [25/Dec/2025:14:25:33 +0100] "GET /276831860.shtml HTTP/1.1" 200 65496 "-" "Mozilla/5.0 AppleWebKit/537.36 (KHTML, like Gecko; compatible; GPTBot/1.3; +https://openai.com/gptbot)"
216.73.216.38 - - [25/Dec/2025:14:25:36 +0100] "GET /3890454726.shtml?path=%2Fhome%2Fsemanacmab%2Fpublic_html%2Fimages HTTP/1.1" 200 17249 "-" "Mozilla/5.0 AppleWebKit/537.36 (KHTML, like Gecko; compatible; ClaudeBot/1.0; +claudebot@anthropic.com)"
74.7.241.39 - - [25/Dec/2025:14:25:37 +0100] "GET /219303954.shtml HTTP/1.1" 200 65496 "-" "Mozilla/5.0 AppleWebKit/537.36 (KHTML, like Gecko; compatible; GPTBot/1.3; +https://openai.com/gptbot)"
216.73.216.38 - - [25/Dec/2025:14:25:39 +0100] "GET /3770215363.shtml?fileloc=%2Fhome%2Fsemanacmab%2Fpublic_html%2Fwp-includes%2Fclass-wp-exception.php&path=%2Fhome%2Fsemanacmab%2Fpublic_html%2Fwp-includes HTTP/1.1" 200 12714 "-" "Mozilla/5.0 AppleWebKit/537.36 (KHTML, like Gecko; compatible; ClaudeBot/1.0; +claudebot@anthropic.com)"
74.7.241.39 - - [25/Dec/2025:14:25:40 +0100] "GET /256319732.shtml?fileloc=/home/semanacmab/public_html/wp-admin/media.php&path=/home/semanacmab/public_html/wp-admin HTTP/1.1" 200 13402 "-" "Mozilla/5.0 AppleWebKit/537.36 (KHTML, like Gecko; compatible; GPTBot/1.3; +https://openai.com/gptbot)"
216.73.216.38 - - [25/Dec/2025:14:25:42 +0100] "GET /3611832967.shtml?path=%2Fhome%2Fsemanacmab%2Fpublic_html%2Fimages HTTP/1.1" 200 17249 "-" "Mozilla/5.0 AppleWebKit/537.36 (KHTML, like Gecko; compatible; ClaudeBot/1.0; +claudebot@anthropic.com)"
74.7.241.39 - - [25/Dec/2025:14:25:43 +0100] "GET /986269713.shtml HTTP/1.1" 200 65496 "-" "Mozilla/5.0 AppleWebKit/537.36 (KHTML, like Gecko; compatible; GPTBot/1.3; +https://openai.com/gptbot)"
216.73.216.38 - - [25/Dec/2025:14:25:45 +0100] "GET /1213546054.shtml?fileloc=%2Fhome%2Fsemanacmab%2Fpublic_html%2Fwp-admin%2Fms-admin.php&path=%2Fhome%2Fsemanacmab%2Fpublic_html%2Fwp-admin HTTP/1.1" 200 12648 "-" "Mozilla/5.0 AppleWebKit/537.36 (KHTML, like Gecko; compatible; ClaudeBot/1.0; +claudebot@anthropic.com)"
74.7.241.39 - - [25/Dec/2025:14:25:46 +0100] "GET /140386394.shtml HTTP/1.1" 200 65496 "-" "Mozilla/5.0 AppleWebKit/537.36 (KHTML, like Gecko; compatible; GPTBot/1.3; +https://openai.com/gptbot)"
216.73.216.38 - - [25/Dec/2025:14:25:48 +0100] "GET /1141470679.shtml?fileloc=%2Fhome%2Fsemanacmab%2Fpublic_html%2Fwp-includes_kk%2Fclass-wp-http-proxy.php&path=%2Fhome%2Fsemanacmab%2Fpublic_html%2Fwp-includes_kk HTTP/1.1" 200 18941 "-" "Mozilla/5.0 AppleWebKit/537.36 (KHTML, like Gecko; compatible; ClaudeBot/1.0; +claudebot@anthropic.com)"
74.7.241.39 - - [25/Dec/2025:14:25:49 +0100] "GET /276298834.shtml HTTP/1.1" 200 65496 "-" "Mozilla/5.0 AppleWebKit/537.36 (KHTML, like Gecko; compatible; GPTBot/1.3; +https://openai.com/gptbot)"
66.249.66.40 - - [25/Dec/2025:14:25:51 +0100] "GET /2304966848.shtml HTTP/1.1" 200 197943 "-" "Mozilla/5.0 (Linux; Android 6.0.1; Nexus 5X Build/MMB29P) AppleWebKit/537.36 (KHTML, like Gecko) Chrome/141.0.7390.122 Mobile Safari/537.36 (compatible; Googlebot/2.1; +http://www.google.com/bot.html)"
74.7.241.39 - - [25/Dec/2025:14:25:52 +0100] "GET /641450209.shtml HTTP/1.1" 200 65496 "-" "Mozilla/5.0 AppleWebKit/537.36 (KHTML, like Gecko; compatible; GPTBot/1.3; +https://openai.com/gptbot)"
74.7.241.39 - - [25/Dec/2025:14:25:55 +0100] "GET /892139845.shtml HTTP/1.1" 200 65496 "-" "Mozilla/5.0 AppleWebKit/537.36 (KHTML, like Gecko; compatible; GPTBot/1.3; +https://openai.com/gptbot)"
216.73.216.38 - - [25/Dec/2025:14:25:58 +0100] "GET /3275121956.shtml?path=%2Fhome%2Fsemanacmab%2Fpublic_html%2F.tmb HTTP/1.1" 200 14308 "-" "Mozilla/5.0 AppleWebKit/537.36 (KHTML, like Gecko; compatible; ClaudeBot/1.0; +claudebot@anthropic.com)"
74.7.241.39 - - [25/Dec/2025:14:25:59 +0100] "GET /642384770.shtml HTTP/1.1" 200 65496 "-" "Mozilla/5.0 AppleWebKit/537.36 (KHTML, like Gecko; compatible; GPTBot/1.3; +https://openai.com/gptbot)"
216.73.216.38 - - [25/Dec/2025:14:26:01 +0100] "GET /3793275219.shtml?fileloc=%2Fhome%2Fsemanacmab%2Fpublic_html%2Fwp-admin%2Fadmin-functions.php&path=%2Fhome%2Fsemanacmab%2Fpublic_html%2Fwp-admin HTTP/1.1" 200 12993 "-" "Mozilla/5.0 AppleWebKit/537.36 (KHTML, like Gecko; compatible; ClaudeBot/1.0; +claudebot@anthropic.com)"
74.7.241.39 - - [25/Dec/2025:14:26:02 +0100] "GET /419738146.shtml HTTP/1.1" 200 65496 "-" "Mozilla/5.0 AppleWebKit/537.36 (KHTML, like Gecko; compatible; GPTBot/1.3; +https://openai.com/gptbot)"
216.73.216.38 - - [25/Dec/2025:14:26:04 +0100] "GET /3135356638.shtml?fileloc=%2Fhome%2Fsemanacmab%2Fpublic_html%2Fwp-includes%2Fclass-wp-theme.php&path=%2Fhome%2Fsemanacmab%2Fpublic_html%2Fwp-includes HTTP/1.1" 200 86195 "-" "Mozilla/5.0 AppleWebKit/537.36 (KHTML, like Gecko; compatible; ClaudeBot/1.0; +claudebot@anthropic.com)"
74.7.241.39 - - [25/Dec/2025:14:26:05 +0100] "GET /824571624.shtml HTTP/1.1" 200 65496 "-" "Mozilla/5.0 AppleWebKit/537.36 (KHTML, like Gecko; compatible; GPTBot/1.3; +https://openai.com/gptbot)"
216.73.216.38 - - [25/Dec/2025:14:26:07 +0100] "GET /1473247560.shtml?fileloc=%2Fhome%2Fsemanacmab%2Fpublic_html%2Fwp-includes%2Fclass-wp-theme.php&path=%2Fhome%2Fsemanacmab%2Fpublic_html%2Fwp-includes HTTP/1.1" 200 86195 "-" "Mozilla/5.0 AppleWebKit/537.36 (KHTML, like Gecko; compatible; ClaudeBot/1.0; +claudebot@anthropic.com)"
74.7.241.39 - - [25/Dec/2025:14:26:08 +0100] "GET /276831860.shtml?path=/home/semanacmab/public_html/wordpress HTTP/1.1" 200 15749 "-" "Mozilla/5.0 AppleWebKit/537.36 (KHTML, like Gecko; compatible; GPTBot/1.3; +https://openai.com/gptbot)"
216.73.216.38 - - [25/Dec/2025:14:26:10 +0100] "GET /4254681056.shtml?fileloc=%2Fhome%2Fsemanacmab%2Fpublic_html%2Fwp-admin_kk%2Fplugin-editor.php&path=%2Fhome%2Fsemanacmab%2Fpublic_html%2Fwp-admin_kk HTTP/1.1" 200 30405 "-" "Mozilla/5.0 AppleWebKit/537.36 (KHTML, like Gecko; compatible; ClaudeBot/1.0; +claudebot@anthropic.com)"
74.7.241.39 - - [25/Dec/2025:14:26:11 +0100] "GET /449931780.shtml HTTP/1.1" 200 65496 "-" "Mozilla/5.0 AppleWebKit/537.36 (KHTML, like Gecko; compatible; GPTBot/1.3; +https://openai.com/gptbot)"
216.73.216.38 - - [25/Dec/2025:14:26:13 +0100] "GET /3838881668.shtml?fileloc=%2Fhome%2Fsemanacmab%2Fpublic_html%2Fwp-includes%2Fclass-wp-customize-widgets.php&path=%2Fhome%2Fsemanacmab%2Fpublic_html%2Fwp-includes HTTP/1.1" 200 92866 "-" "Mozilla/5.0 AppleWebKit/537.36 (KHTML, like Gecko; compatible; ClaudeBot/1.0; +claudebot@anthropic.com)"
74.7.241.39 - - [25/Dec/2025:14:26:14 +0100] "GET /782053151.shtml HTTP/1.1" 200 65496 "-" "Mozilla/5.0 AppleWebKit/537.36 (KHTML, like Gecko; compatible; GPTBot/1.3; +https://openai.com/gptbot)"
114.119.142.179 - - [25/Dec/2025:14:26:15 +0100] "GET /pinco-kazino-oficialnyj-sajt-pinko-vhod-na-zerkalo-177/ HTTP/1.1" 200 65496 "https://semanamundial.com/oficialnyj-sajt-igrat-v-onlajn-kazino-pinco-6360/" "Mozilla/5.0 (Linux; Android 7.0;) AppleWebKit/537.36 (KHTML, like Gecko) Mobile Safari/537.36 (compatible; PetalBot;+https://webmaster.petalsearch.com/site/petalbot)"
216.73.216.38 - - [25/Dec/2025:14:26:16 +0100] "GET /1342010502.shtml?path=%2Fhome%2Fsemanacmab%2Fpublic_html%2Fkk HTTP/1.1" 200 44430 "-" "Mozilla/5.0 AppleWebKit/537.36 (KHTML, like Gecko; compatible; ClaudeBot/1.0; +claudebot@anthropic.com)"
74.7.241.39 - - [25/Dec/2025:14:26:17 +0100] "GET /491466723.shtml HTTP/1.1" 200 65496 "-" "Mozilla/5.0 AppleWebKit/537.36 (KHTML, like Gecko; compatible; GPTBot/1.3; +https://openai.com/gptbot)"
216.73.216.38 - - [25/Dec/2025:14:26:19 +0100] "GET /1266331227.shtml?fileloc=%2Fhome%2Fsemanacmab%2Fpublic_html%2Fwp-includes%2Fclass-wp-post.php&path=%2Fhome%2Fsemanacmab%2Fpublic_html%2Fwp-includes HTTP/1.1" 200 19561 "-" "Mozilla/5.0 AppleWebKit/537.36 (KHTML, like Gecko; compatible; ClaudeBot/1.0; +claudebot@anthropic.com)"
74.7.241.39 - - [25/Dec/2025:14:26:20 +0100] "GET /982014524.shtml HTTP/1.1" 200 65496 "-" "Mozilla/5.0 AppleWebKit/537.36 (KHTML, like Gecko; compatible; GPTBot/1.3; +https://openai.com/gptbot)"
216.73.216.38 - - [25/Dec/2025:14:26:22 +0100] "GET /2234524289.shtml?fileloc=%2F%2Ftmp%2F11519._USR_LOCAL_CPANEL_SCRIPTS_UPDATENOW__.d32a8cd1.tmp&path=%2F%2Ftmp HTTP/1.1" 200 12274 "-" "Mozilla/5.0 AppleWebKit/537.36 (KHTML, like Gecko; compatible; ClaudeBot/1.0; +claudebot@anthropic.com)"
66.249.66.14 - - [25/Dec/2025:14:26:22 +0100] "GET /?shopdetail/norris/2007549356 HTTP/1.1" 200 195000 "-" "Mozilla/5.0 (Linux; Android 6.0.1; Nexus 5X Build/MMB29P) AppleWebKit/537.36 (KHTML, like Gecko) Chrome/141.0.7390.122 Mobile Safari/537.36 (compatible; Googlebot/2.1; +http://www.google.com/bot.html)"
74.7.241.39 - - [25/Dec/2025:14:26:24 +0100] "GET /276298834.shtml?fileloc=/home/semanacmab/public_html/readme.html&path=/home/semanacmab/public_html HTTP/1.1" 200 21697 "-" "Mozilla/5.0 AppleWebKit/537.36 (KHTML, like Gecko; compatible; GPTBot/1.3; +https://openai.com/gptbot)"
216.73.216.38 - - [25/Dec/2025:14:26:25 +0100] "GET /3085830039.shtml?fileloc=%2Fhome%2Fsemanacmab%2Fpublic_html%2Fwp-admin%2Fedit-comments.php&path=%2Fhome%2Fsemanacmab%2Fpublic_html%2Fwp-admin HTTP/1.1" 200 30640 "-" "Mozilla/5.0 AppleWebKit/537.36 (KHTML, like Gecko; compatible; ClaudeBot/1.0; +claudebot@anthropic.com)"
74.7.241.39 - - [25/Dec/2025:14:26:27 +0100] "GET /703559028.shtml HTTP/1.1" 200 65496 "-" "Mozilla/5.0 AppleWebKit/537.36 (KHTML, like Gecko; compatible; GPTBot/1.3; +https://openai.com/gptbot)"
216.73.216.38 - - [25/Dec/2025:14:26:28 +0100] "GET /2436394310.shtml?fileloc=%2Fhome%2Fsemanacmab%2Fpublic_html%2Fwp-includes%2Fclass-wp-http-requests-response.php&path=%2Fhome%2Fsemanacmab%2Fpublic_html%2Fwp-includes HTTP/1.1" 200 17250 "-" "Mozilla/5.0 AppleWebKit/537.36 (KHTML, like Gecko; compatible; ClaudeBot/1.0; +claudebot@anthropic.com)"
74.7.241.39 - - [25/Dec/2025:14:26:30 +0100] "GET /892139845.shtml?path=/home/semanacmab/public_html/wordpress HTTP/1.1" 200 15749 "-" "Mozilla/5.0 AppleWebKit/537.36 (KHTML, like Gecko; compatible; GPTBot/1.3; +https://openai.com/gptbot)"
216.73.216.38 - - [25/Dec/2025:14:26:31 +0100] "GET /3895257730.shtml?path=%2Fhome%2Fsemanacmab%2Fperl5 HTTP/1.1" 200 21289 "-" "Mozilla/5.0 AppleWebKit/537.36 (KHTML, like Gecko; compatible; ClaudeBot/1.0; +claudebot@anthropic.com)"
74.7.241.39 - - [25/Dec/2025:14:26:33 +0100] "GET /892139845.shtml?fileloc=/home/semanacmab/public_html/wp-activate.php&path=/home/semanacmab/public_html HTTP/1.1" 200 21349 "-" "Mozilla/5.0 AppleWebKit/537.36 (KHTML, like Gecko; compatible; GPTBot/1.3; +https://openai.com/gptbot)"
216.73.216.38 - - [25/Dec/2025:14:26:34 +0100] "GET /1627993675.shtml?path=%2Fhome%2Fsemanacmab%2Fpublic_html%2Fimages HTTP/1.1" 200 17249 "-" "Mozilla/5.0 AppleWebKit/537.36 (KHTML, like Gecko; compatible; ClaudeBot/1.0; +claudebot@anthropic.com)"
74.7.241.39 - - [25/Dec/2025:14:26:36 +0100] "GET /419738146.shtml?fileloc=/home/semanacmab/public_html/wp-config-sample.php&path=/home/semanacmab/public_html HTTP/1.1" 200 16088 "-" "Mozilla/5.0 AppleWebKit/537.36 (KHTML, like Gecko; compatible; GPTBot/1.3; +https://openai.com/gptbot)"
216.73.216.38 - - [25/Dec/2025:14:26:39 +0100] "GET /849016549.shtml?path=%2Fhome%2Fsemanacmab%2Fpublic_html%2Fwp-includes_kk%2FRequests HTTP/1.1" 200 17360 "-" "Mozilla/5.0 AppleWebKit/537.36 (KHTML, like Gecko; compatible; ClaudeBot/1.0; +claudebot@anthropic.com)"
74.7.241.39 - - [25/Dec/2025:14:26:40 +0100] "GET /892139845.shtml?path=/home HTTP/1.1" 200 12642 "-" "Mozilla/5.0 AppleWebKit/537.36 (KHTML, like Gecko; compatible; GPTBot/1.3; +https://openai.com/gptbot)"
216.73.216.38 - - [25/Dec/2025:14:26:40 +0100] "GET /784117683.shtml?path=%2F%2Ftmp%2F22776._USR_LOCAL_CPANEL_SCRIPTS_UPDATENOW__.74cd1d5c.tmp HTTP/1.1" 200 12781 "-" "Mozilla/5.0 AppleWebKit/537.36 (KHTML, like Gecko; compatible; ClaudeBot/1.0; +claudebot@anthropic.com)"
74.7.241.39 - - [25/Dec/2025:14:26:43 +0100] "GET /567189605.shtml HTTP/1.1" 200 65496 "-" "Mozilla/5.0 AppleWebKit/537.36 (KHTML, like Gecko; compatible; GPTBot/1.3; +https://openai.com/gptbot)"
216.73.216.38 - - [25/Dec/2025:14:26:43 +0100] "GET /3133981000.shtml?path=%2Fhome%2Fsemanacmab%2Fpublic_html%2Fwp-includes HTTP/1.1" 200 450621 "-" "Mozilla/5.0 AppleWebKit/537.36 (KHTML, like Gecko; compatible; ClaudeBot/1.0; +claudebot@anthropic.com)"
74.7.241.39 - - [25/Dec/2025:14:26:46 +0100] "GET /985110486.shtml HTTP/1.1" 200 65496 "-" "Mozilla/5.0 AppleWebKit/537.36 (KHTML, like Gecko; compatible; GPTBot/1.3; +https://openai.com/gptbot)"
216.73.216.38 - - [25/Dec/2025:14:26:46 +0100] "GET /2430429916.shtml?path=%2Fhome%2Fsemanacmab HTTP/1.1" 200 59548 "-" "Mozilla/5.0 AppleWebKit/537.36 (KHTML, like Gecko; compatible; ClaudeBot/1.0; +claudebot@anthropic.com)"
74.7.241.39 - - [25/Dec/2025:14:26:49 +0100] "GET /493768381.shtml HTTP/1.1" 200 65496 "-" "Mozilla/5.0 AppleWebKit/537.36 (KHTML, like Gecko; compatible; GPTBot/1.3; +https://openai.com/gptbot)"
216.73.216.38 - - [25/Dec/2025:14:26:49 +0100] "GET /812585477.shtml?path=%2Fhome%2Fsemanacmab%2Fpublic_html%2Fwp-admin_kk%2Fincludes HTTP/1.1" 200 188312 "-" "Mozilla/5.0 AppleWebKit/537.36 (KHTML, like Gecko; compatible; ClaudeBot/1.0; +claudebot@anthropic.com)"
74.7.241.39 - - [25/Dec/2025:14:26:52 +0100] "GET /918422574.shtml HTTP/1.1" 200 65496 "-" "Mozilla/5.0 AppleWebKit/537.36 (KHTML, like Gecko; compatible; GPTBot/1.3; +https://openai.com/gptbot)"
216.73.216.38 - - [25/Dec/2025:14:26:52 +0100] "GET /342973925.shtml?path=%2Fhome%2Fsemanacmab%2Fpublic_html%2Fwordpress HTTP/1.1" 200 15749 "-" "Mozilla/5.0 AppleWebKit/537.36 (KHTML, like Gecko; compatible; ClaudeBot/1.0; +claudebot@anthropic.com)"
66.249.66.75 - - [25/Dec/2025:14:26:52 +0100] "GET /?shopdetail/writes/200660538 HTTP/1.1" 200 195709 "-" "Mozilla/5.0 (Linux; Android 6.0.1; Nexus 5X Build/MMB29P) AppleWebKit/537.36 (KHTML, like Gecko) Chrome/141.0.7390.122 Mobile Safari/537.36 (compatible; Googlebot/2.1; +http://www.google.com/bot.html)"
74.7.241.39 - - [25/Dec/2025:14:26:55 +0100] "GET /102937513.shtml HTTP/1.1" 200 65496 "-" "Mozilla/5.0 AppleWebKit/537.36 (KHTML, like Gecko; compatible; GPTBot/1.3; +https://openai.com/gptbot)"
216.73.216.38 - - [25/Dec/2025:14:26:55 +0100] "GET /2725194614.shtml?path=%2Fhome%2Fsemanacmab%2Fpublic_html%2Fwp-admin HTTP/1.1" 200 169289 "-" "Mozilla/5.0 AppleWebKit/537.36 (KHTML, like Gecko; compatible; ClaudeBot/1.0; +claudebot@anthropic.com)"
216.73.216.38 - - [25/Dec/2025:14:26:58 +0100] "GET /1533327357.shtml?path=%2Fhome%2Fsemanacmab%2Fpublic_html%2Fwordpress HTTP/1.1" 200 15749 "-" "Mozilla/5.0 AppleWebKit/537.36 (KHTML, like Gecko; compatible; ClaudeBot/1.0; +claudebot@anthropic.com)"
74.7.241.39 - - [25/Dec/2025:14:26:59 +0100] "GET /618215737.shtml HTTP/1.1" 200 65496 "-" "Mozilla/5.0 AppleWebKit/537.36 (KHTML, like Gecko; compatible; GPTBot/1.3; +https://openai.com/gptbot)"
216.73.216.38 - - [25/Dec/2025:14:27:01 +0100] "GET /1604254337.shtml?path=%2Fhome%2Fsemanacmab%2Fpublic_html%2Fwp-admin_kk%2Fincludes HTTP/1.1" 200 188312 "-" "Mozilla/5.0 AppleWebKit/537.36 (KHTML, like Gecko; compatible; ClaudeBot/1.0; +claudebot@anthropic.com)"
74.7.241.39 - - [25/Dec/2025:14:27:02 +0100] "GET /752342491.shtml HTTP/1.1" 200 65496 "-" "Mozilla/5.0 AppleWebKit/537.36 (KHTML, like Gecko; compatible; GPTBot/1.3; +https://openai.com/gptbot)"
216.73.216.38 - - [25/Dec/2025:14:27:04 +0100] "GET /2846253127.shtml?path=%2F%2Ftmp%2F1149._USR_LOCAL_CPANEL_SCRIPTS_UPDATENOW__.8d7cdc04.tmp HTTP/1.1" 200 12779 "-" "Mozilla/5.0 AppleWebKit/537.36 (KHTML, like Gecko; compatible; ClaudeBot/1.0; +claudebot@anthropic.com)"
74.7.241.39 - - [25/Dec/2025:14:27:05 +0100] "GET /935075662.shtml HTTP/1.1" 200 65496 "-" "Mozilla/5.0 AppleWebKit/537.36 (KHTML, like Gecko; compatible; GPTBot/1.3; +https://openai.com/gptbot)"
216.73.216.38 - - [25/Dec/2025:14:27:07 +0100] "GET /3860825510.shtml?path=%2Fhome%2Fsemanacmab%2Fpublic_html%2Fwp-includes HTTP/1.1" 200 450621 "-" "Mozilla/5.0 AppleWebKit/537.36 (KHTML, like Gecko; compatible; ClaudeBot/1.0; +claudebot@anthropic.com)"
74.7.241.39 - - [25/Dec/2025:14:27:08 +0100] "GET /215823965.shtml HTTP/1.1" 200 65496 "-" "Mozilla/5.0 AppleWebKit/537.36 (KHTML, like Gecko; compatible; GPTBot/1.3; +https://openai.com/gptbot)"
216.73.216.38 - - [25/Dec/2025:14:27:10 +0100] "GET /3860825510.shtml?path=%2Fhome%2Fsemanacmab%2Fpublic_html%2Fwp-includes_kk%2FText HTTP/1.1" 200 19028 "-" "Mozilla/5.0 AppleWebKit/537.36 (KHTML, like Gecko; compatible; ClaudeBot/1.0; +claudebot@anthropic.com)"
74.7.241.39 - - [25/Dec/2025:14:27:11 +0100] "GET /846679005.shtml HTTP/1.1" 200 65496 "-" "Mozilla/5.0 AppleWebKit/537.36 (KHTML, like Gecko; compatible; GPTBot/1.3; +https://openai.com/gptbot)"
200.152.177.16 - - [25/Dec/2025:14:27:13 +0100] "POST /xmlrpc.php HTTP/1.1" 200 65496 "-" "Mozilla/5.0 (Windows NT 10.0; Win64; x64; rv:60.0) Gecko/20100101 Firefox/60.0"
216.73.216.38 - - [25/Dec/2025:14:27:13 +0100] "GET /2234524289.shtml?fileloc=%2F%2Ftmp%2Fshf_Xa5mbF&path=%2F%2Ftmp HTTP/1.1" 200 12228 "-" "Mozilla/5.0 AppleWebKit/537.36 (KHTML, like Gecko; compatible; ClaudeBot/1.0; +claudebot@anthropic.com)"
74.7.241.39 - - [25/Dec/2025:14:27:14 +0100] "GET /698875439.shtml HTTP/1.1" 200 65496 "-" "Mozilla/5.0 AppleWebKit/537.36 (KHTML, like Gecko; compatible; GPTBot/1.3; +https://openai.com/gptbot)"
216.73.216.38 - - [25/Dec/2025:14:27:16 +0100] "GET /1266331227.shtml?path=%2Fhome%2Fsemanacmab%2Fpublic_html%2Fwp-admin HTTP/1.1" 200 169289 "-" "Mozilla/5.0 AppleWebKit/537.36 (KHTML, like Gecko; compatible; ClaudeBot/1.0; +claudebot@anthropic.com)"
74.7.241.39 - - [25/Dec/2025:14:27:17 +0100] "GET /186700528.shtml HTTP/1.1" 200 65496 "-" "Mozilla/5.0 AppleWebKit/537.36 (KHTML, like Gecko; compatible; GPTBot/1.3; +https://openai.com/gptbot)"
216.73.216.38 - - [25/Dec/2025:14:27:19 +0100] "GET /1073662621.shtml?fileloc=%2F%2Fscripts%2Ffind_and_fix_rpm_issues&path=%2F%2Fscripts HTTP/1.1" 200 19979 "-" "Mozilla/5.0 AppleWebKit/537.36 (KHTML, like Gecko; compatible; ClaudeBot/1.0; +claudebot@anthropic.com)"
74.7.241.39 - - [25/Dec/2025:14:27:20 +0100] "GET /193761860.shtml HTTP/1.1" 200 65496 "-" "Mozilla/5.0 AppleWebKit/537.36 (KHTML, like Gecko; compatible; GPTBot/1.3; +https://openai.com/gptbot)"
216.73.216.38 - - [25/Dec/2025:14:27:22 +0100] "GET /1385572675.shtml?path=%2Fhome%2Fsemanacmab%2Fpublic_html%2Fwp-includes HTTP/1.1" 200 450621 "-" "Mozilla/5.0 AppleWebKit/537.36 (KHTML, like Gecko; compatible; ClaudeBot/1.0; +claudebot@anthropic.com)"
66.249.66.76 - - [25/Dec/2025:14:27:23 +0100] "GET /2407040333.shtml HTTP/1.1" 200 194723 "-" "Mozilla/5.0 (Linux; Android 6.0.1; Nexus 5X Build/MMB29P) AppleWebKit/537.36 (KHTML, like Gecko) Chrome/141.0.7390.122 Mobile Safari/537.36 (compatible; GoogleOther)"
74.7.241.39 - - [25/Dec/2025:14:27:24 +0100] "GET /493768381.shtml?fileloc=/home/semanacmab/public_html/wp-links-opml.php&path=/home/semanacmab/public_html HTTP/1.1" 200 15417 "-" "Mozilla/5.0 AppleWebKit/537.36 (KHTML, like Gecko; compatible; GPTBot/1.3; +https://openai.com/gptbot)"
216.73.216.38 - - [25/Dec/2025:14:27:25 +0100] "GET /3041173882.shtml?path=%2Fhome%2Fsemanacmab%2Fpublic_html%2Fwp-includes HTTP/1.1" 200 450621 "-" "Mozilla/5.0 AppleWebKit/537.36 (KHTML, like Gecko; compatible; ClaudeBot/1.0; +claudebot@anthropic.com)"
74.7.241.39 - - [25/Dec/2025:14:27:27 +0100] "GET /918422574.shtml?fileloc=/home/semanacmab/public_html/wp-settings.php&path=/home/semanacmab/public_html HTTP/1.1" 200 46965 "-" "Mozilla/5.0 AppleWebKit/537.36 (KHTML, like Gecko; compatible; GPTBot/1.3; +https://openai.com/gptbot)"
216.73.216.38 - - [25/Dec/2025:14:27:28 +0100] "GET /1385572675.shtml?path=%2Fhome%2Fsemanacmab%2Fpublic_html%2Fwp-includes_kk%2FText HTTP/1.1" 200 19028 "-" "Mozilla/5.0 AppleWebKit/537.36 (KHTML, like Gecko; compatible; ClaudeBot/1.0; +claudebot@anthropic.com)"
74.7.241.39 - - [25/Dec/2025:14:27:30 +0100] "GET /174438895.shtml HTTP/1.1" 200 65496 "-" "Mozilla/5.0 AppleWebKit/537.36 (KHTML, like Gecko; compatible; GPTBot/1.3; +https://openai.com/gptbot)"
216.73.216.38 - - [25/Dec/2025:14:27:31 +0100] "GET /2436394310.shtml?path=%2Fhome%2Fsemanacmab%2Fpublic_html%2Fwp-admin HTTP/1.1" 200 169289 "-" "Mozilla/5.0 AppleWebKit/537.36 (KHTML, like Gecko; compatible; ClaudeBot/1.0; +claudebot@anthropic.com)"
74.7.241.39 - - [25/Dec/2025:14:27:33 +0100] "GET /263591918.shtml HTTP/1.1" 200 65496 "-" "Mozilla/5.0 AppleWebKit/537.36 (KHTML, like Gecko; compatible; GPTBot/1.3; +https://openai.com/gptbot)"
216.73.216.38 - - [25/Dec/2025:14:27:34 +0100] "GET /3041173882.shtml?path=%2Fhome%2Fsemanacmab%2Fpublic_html%2Fwp-includes_kk%2FText HTTP/1.1" 200 19028 "-" "Mozilla/5.0 AppleWebKit/537.36 (KHTML, like Gecko; compatible; ClaudeBot/1.0; +claudebot@anthropic.com)"
74.7.241.39 - - [25/Dec/2025:14:27:36 +0100] "GET /752342491.shtml?fileloc=/home/semanacmab/public_html/wp-cron.php&path=/home/semanacmab/public_html HTTP/1.1" 200 18324 "-" "Mozilla/5.0 AppleWebKit/537.36 (KHTML, like Gecko; compatible; GPTBot/1.3; +https://openai.com/gptbot)"
216.73.216.38 - - [25/Dec/2025:14:27:37 +0100] "GET /3133981000.shtml?path=%2Fhome%2Fsemanacmab HTTP/1.1" 200 59548 "-" "Mozilla/5.0 AppleWebKit/537.36 (KHTML, like Gecko; compatible; ClaudeBot/1.0; +claudebot@anthropic.com)"
114.119.142.135 - - [25/Dec/2025:14:27:38 +0100] "GET /?y=34082883041350 HTTP/1.1" 200 65496 "https://semanamundial.com/?y=34082883041350" "Mozilla/5.0 (Linux; Android 7.0;) AppleWebKit/537.36 (KHTML, like Gecko) Mobile Safari/537.36 (compatible; PetalBot;+https://webmaster.petalsearch.com/site/petalbot)"
74.7.241.39 - - [25/Dec/2025:14:27:39 +0100] "GET /940401865.shtml HTTP/1.1" 200 65496 "-" "Mozilla/5.0 AppleWebKit/537.36 (KHTML, like Gecko; compatible; GPTBot/1.3; +https://openai.com/gptbot)"
216.73.216.38 - - [25/Dec/2025:14:27:40 +0100] "GET /801818095.shtml?path=%2Fhome%2Fsemanacmab%2Fpublic_html%2Fwp-includes_kk%2FSimplePie HTTP/1.1" 200 18978 "-" "Mozilla/5.0 AppleWebKit/537.36 (KHTML, like Gecko; compatible; ClaudeBot/1.0; +claudebot@anthropic.com)"
54.36.100.158 - - [25/Dec/2025:14:27:42 +0100] "POST /xmlrpc.php HTTP/1.1" 200 65496 "-" "Mozilla/5.0 (Windows NT 10.0; Win64; x64; rv:58.0) Gecko/20100101 Firefox/58.0"
74.7.241.39 - - [25/Dec/2025:14:27:42 +0100] "GET /527881495.shtml HTTP/1.1" 200 65496 "-" "Mozilla/5.0 AppleWebKit/537.36 (KHTML, like Gecko; compatible; GPTBot/1.3; +https://openai.com/gptbot)"
216.73.216.38 - - [25/Dec/2025:14:27:43 +0100] "GET /3485578517.shtml?path=%2Fhome%2Fsemanacmab%2Fpublic_html%2Fwp-includes HTTP/1.1" 200 450621 "-" "Mozilla/5.0 AppleWebKit/537.36 (KHTML, like Gecko; compatible; ClaudeBot/1.0; +claudebot@anthropic.com)"
74.7.241.39 - - [25/Dec/2025:14:27:45 +0100] "GET /295719586.shtml HTTP/1.1" 200 65496 "-" "Mozilla/5.0 AppleWebKit/537.36 (KHTML, like Gecko; compatible; GPTBot/1.3; +https://openai.com/gptbot)"
216.73.216.38 - - [25/Dec/2025:14:27:46 +0100] "GET /1141470679.shtml?path=%2Fhome%2Fsemanacmab%2Fpublic_html%2Fwp-includes HTTP/1.1" 200 450621 "-" "Mozilla/5.0 AppleWebKit/537.36 (KHTML, like Gecko; compatible; ClaudeBot/1.0; +claudebot@anthropic.com)"
74.7.241.39 - - [25/Dec/2025:14:27:49 +0100] "GET /698875439.shtml?fileloc=/home/semanacmab/public_html/wp-load.php&path=/home/semanacmab/public_html HTTP/1.1" 200 17020 "-" "Mozilla/5.0 AppleWebKit/537.36 (KHTML, like Gecko; compatible; GPTBot/1.3; +https://openai.com/gptbot)"
216.73.216.38 - - [25/Dec/2025:14:27:49 +0100] "GET /1556221475.shtml?path=%2Fhome%2Fsemanacmab%2Fpublic_html%2Fwp-includes%2FSimplePie HTTP/1.1" 200 18927 "-" "Mozilla/5.0 AppleWebKit/537.36 (KHTML, like Gecko; compatible; ClaudeBot/1.0; +claudebot@anthropic.com)"
74.7.241.39 - - [25/Dec/2025:14:27:52 +0100] "GET /186700528.shtml?fileloc=/home/semanacmab/public_html/wp-links-opml.php&path=/home/semanacmab/public_html HTTP/1.1" 200 15417 "-" "Mozilla/5.0 AppleWebKit/537.36 (KHTML, like Gecko; compatible; GPTBot/1.3; +https://openai.com/gptbot)"
66.249.66.12 - - [25/Dec/2025:14:27:53 +0100] "GET /?shopdetail/grower/20091933411 HTTP/1.1" 200 193327 "-" "Mozilla/5.0 (Linux; Android 6.0.1; Nexus 5X Build/MMB29P) AppleWebKit/537.36 (KHTML, like Gecko) Chrome/141.0.7390.122 Mobile Safari/537.36 (compatible; Googlebot/2.1; +http://www.google.com/bot.html)"
74.7.241.39 - - [25/Dec/2025:14:27:55 +0100] "GET /862257510.shtml HTTP/1.1" 200 65496 "-" "Mozilla/5.0 AppleWebKit/537.36 (KHTML, like Gecko; compatible; GPTBot/1.3; +https://openai.com/gptbot)"
216.73.216.38 - - [25/Dec/2025:14:27:56 +0100] "GET /762010334.shtml?fileloc=%2Fhome%2Fsemanacmab%2Fpublic_html%2Fwp-admin%2Ferase-personal-data.php&path=%2Fhome%2Fsemanacmab%2Fpublic_html%2Fwp-admin HTTP/1.1" 200 22302 "-" "Mozilla/5.0 AppleWebKit/537.36 (KHTML, like Gecko; compatible; ClaudeBot/1.0; +claudebot@anthropic.com)"
74.7.241.39 - - [25/Dec/2025:14:27:58 +0100] "GET /309578289.shtml HTTP/1.1" 200 65496 "-" "Mozilla/5.0 AppleWebKit/537.36 (KHTML, like Gecko; compatible; GPTBot/1.3; +https://openai.com/gptbot)"
216.73.216.38 - - [25/Dec/2025:14:27:58 +0100] "GET /1956345389.shtml?path=%2Fhome%2Fsemanacmab%2Fpublic_html%2Fimages HTTP/1.1" 200 17249 "-" "Mozilla/5.0 AppleWebKit/537.36 (KHTML, like Gecko; compatible; ClaudeBot/1.0; +claudebot@anthropic.com)"
74.7.241.39 - - [25/Dec/2025:14:28:01 +0100] "GET /920750687.shtml HTTP/1.1" 200 65496 "-" "Mozilla/5.0 AppleWebKit/537.36 (KHTML, like Gecko; compatible; GPTBot/1.3; +https://openai.com/gptbot)"
216.73.216.38 - - [25/Dec/2025:14:28:01 +0100] "GET /1973093294.shtml?fileloc=%2Fhome%2Fsemanacmab%2Fpublic_html%2Fwp-comments-post.php&path=%2Fhome%2Fsemanacmab%2Fpublic_html HTTP/1.1" 200 15040 "-" "Mozilla/5.0 AppleWebKit/537.36 (KHTML, like Gecko; compatible; ClaudeBot/1.0; +claudebot@anthropic.com)"
216.73.216.38 - - [25/Dec/2025:14:28:04 +0100] "GET /3275121956.shtml?fileloc=%2Fhome%2Fsemanacmab%2Fpublic_html%2Fwp-includes%2Fclass-requests.php&path=%2Fhome%2Fsemanacmab%2Fpublic_html%2Fwp-includes HTTP/1.1" 200 14784 "-" "Mozilla/5.0 AppleWebKit/537.36 (KHTML, like Gecko; compatible; ClaudeBot/1.0; +claudebot@anthropic.com)"
74.7.241.39 - - [25/Dec/2025:14:28:04 +0100] "GET /316778359.shtml HTTP/1.1" 200 65496 "-" "Mozilla/5.0 AppleWebKit/537.36 (KHTML, like Gecko; compatible; GPTBot/1.3; +https://openai.com/gptbot)"
216.73.216.38 - - [25/Dec/2025:14:28:07 +0100] "GET /3135356638.shtml?fileloc=%2Fhome%2Fsemanacmab%2Fpublic_html%2Fwp-includes%2Fclass-phpass.php&path=%2Fhome%2Fsemanacmab%2Fpublic_html%2Fwp-includes HTTP/1.1" 200 19753 "-" "Mozilla/5.0 AppleWebKit/537.36 (KHTML, like Gecko; compatible; ClaudeBot/1.0; +claudebot@anthropic.com)"
74.7.241.39 - - [25/Dec/2025:14:28:08 +0100] "GET /632859291.shtml HTTP/1.1" 200 65496 "-" "Mozilla/5.0 AppleWebKit/537.36 (KHTML, like Gecko; compatible; GPTBot/1.3; +https://openai.com/gptbot)"
216.73.216.38 - - [25/Dec/2025:14:28:10 +0100] "GET /49283857.shtml?fileloc=%2Fhome%2Fsemanacmab%2Fpublic_html%2Fwp-includes%2Fclass-wp-site-query.php&path=%2Fhome%2Fsemanacmab%2Fpublic_html%2Fwp-includes HTTP/1.1" 200 49330 "-" "Mozilla/5.0 AppleWebKit/537.36 (KHTML, like Gecko; compatible; ClaudeBot/1.0; +claudebot@anthropic.com)"
74.7.241.39 - - [25/Dec/2025:14:28:11 +0100] "GET /407382540.shtml HTTP/1.1" 200 65496 "-" "Mozilla/5.0 AppleWebKit/537.36 (KHTML, like Gecko; compatible; GPTBot/1.3; +https://openai.com/gptbot)"
216.73.216.38 - - [25/Dec/2025:14:28:13 +0100] "GET /1473247560.shtml?fileloc=%2Fhome%2Fsemanacmab%2Fpublic_html%2Fwp-includes%2Fclass-phpass.php&path=%2Fhome%2Fsemanacmab%2Fpublic_html%2Fwp-includes HTTP/1.1" 200 19753 "-" "Mozilla/5.0 AppleWebKit/537.36 (KHTML, like Gecko; compatible; ClaudeBot/1.0; +claudebot@anthropic.com)"
74.7.241.39 - - [25/Dec/2025:14:28:14 +0100] "GET /940401865.shtml?fileloc=/home/semanacmab/public_html/wp-signup.php&path=/home/semanacmab/public_html HTTP/1.1" 200 53892 "-" "Mozilla/5.0 AppleWebKit/537.36 (KHTML, like Gecko; compatible; GPTBot/1.3; +https://openai.com/gptbot)"
216.73.216.38 - - [25/Dec/2025:14:28:16 +0100] "GET /1073662621.shtml?path=%2F%2Ftmp%2Fsystemd-private-912767d74a514e3594a32dbdf5df55c4-ea-php74-php-fpm.service-sfLj8g HTTP/1.1" 200 12829 "-" "Mozilla/5.0 AppleWebKit/537.36 (KHTML, like Gecko; compatible; ClaudeBot/1.0; +claudebot@anthropic.com)"
74.7.241.39 - - [25/Dec/2025:14:28:18 +0100] "GET /457896835.shtml HTTP/1.1" 200 65496 "-" "Mozilla/5.0 AppleWebKit/537.36 (KHTML, like Gecko; compatible; GPTBot/1.3; +https://openai.com/gptbot)"
216.73.216.38 - - [25/Dec/2025:14:28:19 +0100] "GET /976646637.shtml?fileloc=%2Fhome%2Fsemanacmab%2Fpublic_html%2Fwp-admin%2Fthemes.php&path=%2Fhome%2Fsemanacmab%2Fpublic_html%2Fwp-admin HTTP/1.1" 200 75739 "-" "Mozilla/5.0 AppleWebKit/537.36 (KHTML, like Gecko; compatible; ClaudeBot/1.0; +claudebot@anthropic.com)"
74.7.241.39 - - [25/Dec/2025:14:28:21 +0100] "GET /295719586.shtml?fileloc=/home/semanacmab/public_html/wp-signup.php&path=/home/semanacmab/public_html HTTP/1.1" 200 53892 "-" "Mozilla/5.0 AppleWebKit/537.36 (KHTML, like Gecko; compatible; GPTBot/1.3; +https://openai.com/gptbot)"
59.125.102.142 - - [25/Dec/2025:14:28:21 +0100] "POST /xmlrpc.php HTTP/1.1" 200 65496 "-" "Mozilla/5.0 (Windows NT 10.0; Win64; x64; rv:81.0) Gecko/20100101 Firefox/81.0"
216.73.216.38 - - [25/Dec/2025:14:28:22 +0100] "GET /3935065475.shtml?fileloc=%2Fhome%2Fsemanacmab%2Fpublic_html%2Fwp-includes_kk%2Fclass-wp-theme-json.php&path=%2Fhome%2Fsemanacmab%2Fpublic_html%2Fwp-includes_kk HTTP/1.1" 200 198102 "-" "Mozilla/5.0 AppleWebKit/537.36 (KHTML, like Gecko; compatible; ClaudeBot/1.0; +claudebot@anthropic.com)"
66.249.66.45 - - [25/Dec/2025:14:28:23 +0100] "GET /kazino-oficialnyj-sajt-pin-up-casino-igrat-onlajn-214/ HTTP/1.1" 200 202653 "-" "Mozilla/5.0 (Linux; Android 6.0.1; Nexus 5X Build/MMB29P) AppleWebKit/537.36 (KHTML, like Gecko) Chrome/141.0.7390.122 Mobile Safari/537.36 (compatible; Googlebot/2.1; +http://www.google.com/bot.html)"
74.7.241.39 - - [25/Dec/2025:14:28:24 +0100] "GET /957865109.shtml HTTP/1.1" 200 65496 "-" "Mozilla/5.0 AppleWebKit/537.36 (KHTML, like Gecko; compatible; GPTBot/1.3; +https://openai.com/gptbot)"
216.73.216.38 - - [25/Dec/2025:14:28:25 +0100] "GET /1995200643.shtml?fileloc=%2Fhome%2Fsemanacmab%2Fpublic_html%2Fwp-comments-post.php&path=%2Fhome%2Fsemanacmab%2Fpublic_html HTTP/1.1" 200 15040 "-" "Mozilla/5.0 AppleWebKit/537.36 (KHTML, like Gecko; compatible; ClaudeBot/1.0; +claudebot@anthropic.com)"
74.7.241.39 - - [25/Dec/2025:14:28:27 +0100] "GET /636235980.shtml HTTP/1.1" 200 65496 "-" "Mozilla/5.0 AppleWebKit/537.36 (KHTML, like Gecko; compatible; GPTBot/1.3; +https://openai.com/gptbot)"
216.73.216.38 - - [25/Dec/2025:14:28:28 +0100] "GET /801818095.shtml?fileloc=%2Fhome%2Fsemanacmab%2Fpublic_html%2Fwp-includes_kk%2Fclass-wp-http-cookie.php&path=%2Fhome%2Fsemanacmab%2Fpublic_html%2Fwp-includes_kk HTTP/1.1" 200 20551 "-" "Mozilla/5.0 AppleWebKit/537.36 (KHTML, like Gecko; compatible; ClaudeBot/1.0; +claudebot@anthropic.com)"
74.7.241.39 - - [25/Dec/2025:14:28:30 +0100] "GET /305417917.shtml HTTP/1.1" 200 65496 "-" "Mozilla/5.0 AppleWebKit/537.36 (KHTML, like Gecko; compatible; GPTBot/1.3; +https://openai.com/gptbot)"
216.73.216.38 - - [25/Dec/2025:14:28:31 +0100] "GET /1213546054.shtml?fileloc=%2Fhome%2Fsemanacmab%2Fpublic_html%2Fwp-admin%2Fupdate.php&path=%2Fhome%2Fsemanacmab%2Fpublic_html%2Fwp-admin HTTP/1.1" 200 28263 "-" "Mozilla/5.0 AppleWebKit/537.36 (KHTML, like Gecko; compatible; ClaudeBot/1.0; +claudebot@anthropic.com)"
74.7.241.39 - - [25/Dec/2025:14:28:33 +0100] "GET /309578289.shtml?path=/home/semanacmab/public_html/.well-known HTTP/1.1" 200 15787 "-" "Mozilla/5.0 AppleWebKit/537.36 (KHTML, like Gecko; compatible; GPTBot/1.3; +https://openai.com/gptbot)"
216.73.216.38 - - [25/Dec/2025:14:28:34 +0100] "GET /45907168.shtml?fileloc=%2Fhome%2Fsemanacmab%2Fpublic_html%2Fwp-admin%2Ferror_log&path=%2Fhome%2Fsemanacmab%2Fpublic_html%2Fwp-admin HTTP/1.1" 200 18802 "-" "Mozilla/5.0 AppleWebKit/537.36 (KHTML, like Gecko; compatible; ClaudeBot/1.0; +claudebot@anthropic.com)"
204.12.252.98 - - [25/Dec/2025:14:28:36 +0100] "GET /wp-includes/x82fd6e/index.php HTTP/1.1" 200 65496 "https://semanamundial.com/wp-includes/x82fd6e/index.php" "Mozilla/5.0 (Windows NT 10.0; Win64; x64) AppleWebKit/537.36 (KHTML, like Gecko) Chrome/58.0.3029.110 Safari/537.3"
74.7.241.39 - - [25/Dec/2025:14:28:36 +0100] "GET /920750687.shtml?fileloc=/home/semanacmab/public_html/wp-login.php&path=/home/semanacmab/public_html HTTP/1.1" 200 74917 "-" "Mozilla/5.0 AppleWebKit/537.36 (KHTML, like Gecko; compatible; GPTBot/1.3; +https://openai.com/gptbot)"
216.73.216.38 - - [25/Dec/2025:14:28:37 +0100] "GET /2777717980.shtml?path=%2Fhome%2Fsemanacmab%2F.trash%2Fwpkites HTTP/1.1" 200 59108 "-" "Mozilla/5.0 AppleWebKit/537.36 (KHTML, like Gecko; compatible; ClaudeBot/1.0; +claudebot@anthropic.com)"
74.7.241.39 - - [25/Dec/2025:14:28:40 +0100] "GET /692370694.shtml HTTP/1.1" 200 65496 "-" "Mozilla/5.0 AppleWebKit/537.36 (KHTML, like Gecko; compatible; GPTBot/1.3; +https://openai.com/gptbot)"
216.73.216.38 - - [25/Dec/2025:14:28:40 +0100] "GET /1633958069.shtml?fileloc=%2Fhome%2Fsemanacmab%2Fpublic_html%2Fwp-includes_kk%2Fclass-wp-theme-json.php&path=%2Fhome%2Fsemanacmab%2Fpublic_html%2Fwp-includes_kk HTTP/1.1" 200 198102 "-" "Mozilla/5.0 AppleWebKit/537.36 (KHTML, like Gecko; compatible; ClaudeBot/1.0; +claudebot@anthropic.com)"
74.7.241.39 - - [25/Dec/2025:14:28:43 +0100] "GET /632859291.shtml?path=/home/semanacmab/public_html/wp-admin_kk HTTP/1.1" 200 170492 "-" "Mozilla/5.0 AppleWebKit/537.36 (KHTML, like Gecko; compatible; GPTBot/1.3; +https://openai.com/gptbot)"
216.73.216.38 - - [25/Dec/2025:14:28:43 +0100] "GET /786282289.shtml?fileloc=%2Fhome%2Fsemanacmab%2Fpublic_html%2Fwp-admin%2Findex.php&path=%2Fhome%2Fsemanacmab%2Fpublic_html%2Fwp-admin HTTP/1.1" 200 22317 "-" "Mozilla/5.0 AppleWebKit/537.36 (KHTML, like Gecko; compatible; ClaudeBot/1.0; +claudebot@anthropic.com)"
74.7.241.39 - - [25/Dec/2025:14:28:46 +0100] "GET /768032055.shtml HTTP/1.1" 200 65496 "-" "Mozilla/5.0 AppleWebKit/537.36 (KHTML, like Gecko; compatible; GPTBot/1.3; +https://openai.com/gptbot)"
216.73.216.38 - - [25/Dec/2025:14:28:46 +0100] "GET /3011362863.shtml?fileloc=%2Fhome%2Fsemanacmab%2Fpublic_html%2Fwp-admin%2Findex.php&path=%2Fhome%2Fsemanacmab%2Fpublic_html%2Fwp-admin HTTP/1.1" 200 22317 "-" "Mozilla/5.0 AppleWebKit/537.36 (KHTML, like Gecko; compatible; ClaudeBot/1.0; +claudebot@anthropic.com)"
74.7.241.39 - - [25/Dec/2025:14:28:49 +0100] "GET /152742016.shtml HTTP/1.1" 200 65496 "-" "Mozilla/5.0 AppleWebKit/537.36 (KHTML, like Gecko; compatible; GPTBot/1.3; +https://openai.com/gptbot)"
216.73.216.38 - - [25/Dec/2025:14:28:49 +0100] "GET /3770215363.shtml?fileloc=%2Fhome%2Fsemanacmab%2Fpublic_html%2Fwp-includes%2Fstyle-engine.php&path=%2Fhome%2Fsemanacmab%2Fpublic_html%2Fwp-includes HTTP/1.1" 200 20692 "-" "Mozilla/5.0 AppleWebKit/537.36 (KHTML, like Gecko; compatible; ClaudeBot/1.0; +claudebot@anthropic.com)"
74.7.241.39 - - [25/Dec/2025:14:28:52 +0100] "GET /945678269.shtml HTTP/1.1" 200 65496 "-" "Mozilla/5.0 AppleWebKit/537.36 (KHTML, like Gecko; compatible; GPTBot/1.3; +https://openai.com/gptbot)"
216.73.216.38 - - [25/Dec/2025:14:28:52 +0100] "GET /3793275219.shtml?fileloc=%2Fhome%2Fsemanacmab%2Fpublic_html%2Fwp-includes%2Fclass-wp-user-query.php&path=%2Fhome%2Fsemanacmab%2Fpublic_html%2Fwp-includes HTTP/1.1" 200 62869 "-" "Mozilla/5.0 AppleWebKit/537.36 (KHTML, like Gecko; compatible; ClaudeBot/1.0; +claudebot@anthropic.com)"
66.249.66.14 - - [25/Dec/2025:14:28:52 +0100] "GET /?shopdetail/blanket/20112843515 HTTP/1.1" 200 196922 "-" "Mozilla/5.0 (Linux; Android 6.0.1; Nexus 5X Build/MMB29P) AppleWebKit/537.36 (KHTML, like Gecko) Chrome/141.0.7390.122 Mobile Safari/537.36 (compatible; Googlebot/2.1; +http://www.google.com/bot.html)"
74.7.241.39 - - [25/Dec/2025:14:28:55 +0100] "GET /271832586.shtml HTTP/1.1" 200 65496 "-" "Mozilla/5.0 AppleWebKit/537.36 (KHTML, like Gecko; compatible; GPTBot/1.3; +https://openai.com/gptbot)"
216.73.216.38 - - [25/Dec/2025:14:28:55 +0100] "GET /2403174221.shtml?fileloc=%2Fhome%2Fsemanacmab%2Fpublic_html%2Fwp-includes%2Fsitemaps.php&path=%2Fhome%2Fsemanacmab%2Fpublic_html%2Fwp-includes HTTP/1.1" 200 15843 "-" "Mozilla/5.0 AppleWebKit/537.36 (KHTML, like Gecko; compatible; ClaudeBot/1.0; +claudebot@anthropic.com)"
216.73.216.38 - - [25/Dec/2025:14:28:58 +0100] "GET /1183702654.shtml?fileloc=%2Fhome%2Fsemanacmab%2Fpublic_html%2Fwp-includes%2Fclass-simplepie.php&path=%2Fhome%2Fsemanacmab%2Fpublic_html%2Fwp-includes HTTP/1.1" 200 12951 "-" "Mozilla/5.0 AppleWebKit/537.36 (KHTML, like Gecko; compatible; ClaudeBot/1.0; +claudebot@anthropic.com)"
74.7.241.39 - - [25/Dec/2025:14:28:59 +0100] "GET /993067782.shtml HTTP/1.1" 200 65496 "-" "Mozilla/5.0 AppleWebKit/537.36 (KHTML, like Gecko; compatible; GPTBot/1.3; +https://openai.com/gptbot)"
114.119.142.135 - - [25/Dec/2025:14:29:01 +0100] "GET /?y=30679450021350 HTTP/1.1" 200 65496 "https://semanamundial.com/?y=30679450021350" "Mozilla/5.0 (Linux; Android 7.0;) AppleWebKit/537.36 (KHTML, like Gecko) Mobile Safari/537.36 (compatible; PetalBot;+https://webmaster.petalsearch.com/site/petalbot)"
216.73.216.38 - - [25/Dec/2025:14:29:01 +0100] "GET /1528575030.shtml?fileloc=%2Fhome%2Fsemanacmab%2Fpublic_html%2Fwp-includes%2Fclass-requests.php&path=%2Fhome%2Fsemanacmab%2Fpublic_html%2Fwp-includes HTTP/1.1" 200 14784 "-" "Mozilla/5.0 AppleWebKit/537.36 (KHTML, like Gecko; compatible; ClaudeBot/1.0; +claudebot@anthropic.com)"
74.7.241.39 - - [25/Dec/2025:14:29:02 +0100] "GET /636235980.shtml?path=/home/semanacmab/public_html HTTP/1.1" 200 65496 "-" "Mozilla/5.0 AppleWebKit/537.36 (KHTML, like Gecko; compatible; GPTBot/1.3; +https://openai.com/gptbot)"
216.73.216.38 - - [25/Dec/2025:14:29:04 +0100] "GET /3085830039.shtml?fileloc=%2Fhome%2Fsemanacmab%2Fpublic_html%2Fwp-admin%2Fexport-personal-data.php&path=%2Fhome%2Fsemanacmab%2Fpublic_html%2Fwp-admin HTTP/1.1" 200 22717 "-" "Mozilla/5.0 AppleWebKit/537.36 (KHTML, like Gecko; compatible; ClaudeBot/1.0; +claudebot@anthropic.com)"
74.7.241.39 - - [25/Dec/2025:14:29:05 +0100] "GET /636235980.shtml?path=/home HTTP/1.1" 200 12642 "-" "Mozilla/5.0 AppleWebKit/537.36 (KHTML, like Gecko; compatible; GPTBot/1.3; +https://openai.com/gptbot)"
216.73.216.38 - - [25/Dec/2025:14:29:07 +0100] "GET /1995200643.shtml?fileloc=%2Fhome%2Fsemanacmab%2Fpublic_html%2Fwp-admin%2Fpress-this.php&path=%2Fhome%2Fsemanacmab%2Fpublic_html%2Fwp-admin HTTP/1.1" 200 15359 "-" "Mozilla/5.0 AppleWebKit/537.36 (KHTML, like Gecko; compatible; ClaudeBot/1.0; +claudebot@anthropic.com)"
74.7.241.39 - - [25/Dec/2025:14:29:08 +0100] "GET /406712812.shtml HTTP/1.1" 200 65496 "-" "Mozilla/5.0 AppleWebKit/537.36 (KHTML, like Gecko; compatible; GPTBot/1.3; +https://openai.com/gptbot)"
216.73.216.38 - - [25/Dec/2025:14:29:10 +0100] "GET /2325070732.shtml?fileloc=%2Fhome%2Fsemanacmab%2Fpublic_html%2Fwp-includes_kk%2Fclass-wp-navigation-fallback.php&path=%2Fhome%2Fsemanacmab%2Fpublic_html%2Fwp-includes_kk HTTP/1.1" 200 22766 "-" "Mozilla/5.0 AppleWebKit/537.36 (KHTML, like Gecko; compatible; ClaudeBot/1.0; +claudebot@anthropic.com)"
74.7.241.39 - - [25/Dec/2025:14:29:11 +0100] "GET /558374211.shtml HTTP/1.1" 200 65496 "-" "Mozilla/5.0 AppleWebKit/537.36 (KHTML, like Gecko; compatible; GPTBot/1.3; +https://openai.com/gptbot)"
216.73.216.38 - - [25/Dec/2025:14:29:13 +0100] "GET /4179001749.shtml?fileloc=%2Fhome%2Fsemanacmab%2Fpublic_html%2Fwp-includes%2Fclass-wp-meta-query.php&path=%2Fhome%2Fsemanacmab%2Fpublic_html%2Fwp-includes HTTP/1.1" 200 47306 "-" "Mozilla/5.0 AppleWebKit/537.36 (KHTML, like Gecko; compatible; ClaudeBot/1.0; +claudebot@anthropic.com)"
74.7.241.39 - - [25/Dec/2025:14:29:14 +0100] "GET /233259876.shtml HTTP/1.1" 200 65496 "-" "Mozilla/5.0 AppleWebKit/537.36 (KHTML, like Gecko; compatible; GPTBot/1.3; +https://openai.com/gptbot)"
216.73.216.38 - - [25/Dec/2025:14:29:16 +0100] "GET /3041173882.shtml?path=%2Fhome%2Fsemanacmab%2Fpublic_html%2Fkk%2Fkk HTTP/1.1" 200 17394 "-" "Mozilla/5.0 AppleWebKit/537.36 (KHTML, like Gecko; compatible; ClaudeBot/1.0; +claudebot@anthropic.com)"
74.7.241.39 - - [25/Dec/2025:14:29:17 +0100] "GET /730013865.shtml HTTP/1.1" 200 65496 "-" "Mozilla/5.0 AppleWebKit/537.36 (KHTML, like Gecko; compatible; GPTBot/1.3; +https://openai.com/gptbot)"
216.73.216.38 - - [25/Dec/2025:14:29:19 +0100] "GET /2234524289.shtml?path=%2F%2Ftmp%2Fsystemd-private-33e4cdbdce944e8d9d8b00538bf0ff3b-chronyd.service-8DgLmz HTTP/1.1" 200 12811 "-" "Mozilla/5.0 AppleWebKit/537.36 (KHTML, like Gecko; compatible; ClaudeBot/1.0; +claudebot@anthropic.com)"
74.7.241.39 - - [25/Dec/2025:14:29:21 +0100] "GET /984105107.shtml HTTP/1.1" 200 65496 "-" "Mozilla/5.0 AppleWebKit/537.36 (KHTML, like Gecko; compatible; GPTBot/1.3; +https://openai.com/gptbot)"
66.249.66.12 - - [25/Dec/2025:14:29:22 +0100] "GET /?shopdetail/templates/2006439387 HTTP/1.1" 200 195251 "-" "Mozilla/5.0 (Linux; Android 6.0.1; Nexus 5X Build/MMB29P) AppleWebKit/537.36 (KHTML, like Gecko) Chrome/141.0.7390.122 Mobile Safari/537.36 (compatible; Googlebot/2.1; +http://www.google.com/bot.html)"
216.73.216.38 - - [25/Dec/2025:14:29:22 +0100] "GET /4159711547.shtml?fileloc=%2Fhome%2Fsemanacmab%2Fpublic_html%2Fwp-admin%2Ferror_log&path=%2Fhome%2Fsemanacmab%2Fpublic_html%2Fwp-admin HTTP/1.1" 200 18802 "-" "Mozilla/5.0 AppleWebKit/537.36 (KHTML, like Gecko; compatible; ClaudeBot/1.0; +claudebot@anthropic.com)"
74.7.241.39 - - [25/Dec/2025:14:29:24 +0100] "GET /316106579.shtml HTTP/1.1" 200 65496 "-" "Mozilla/5.0 AppleWebKit/537.36 (KHTML, like Gecko; compatible; GPTBot/1.3; +https://openai.com/gptbot)"
216.73.216.38 - - [25/Dec/2025:14:29:26 +0100] "GET /3738087417.shtml?fileloc=%2Fhome%2Fsemanacmab%2Fpublic_html%2Fwp-includes%2Fstyle-engine.php&path=%2Fhome%2Fsemanacmab%2Fpublic_html%2Fwp-includes HTTP/1.1" 200 20692 "-" "Mozilla/5.0 AppleWebKit/537.36 (KHTML, like Gecko; compatible; ClaudeBot/1.0; +claudebot@anthropic.com)"
74.7.241.39 - - [25/Dec/2025:14:29:27 +0100] "GET /945678269.shtml?fileloc=/home/semanacmab/public_html/wp-config-sample.php&path=/home/semanacmab/public_html HTTP/1.1" 200 16088 "-" "Mozilla/5.0 AppleWebKit/537.36 (KHTML, like Gecko; compatible; GPTBot/1.3; +https://openai.com/gptbot)"
216.73.216.38 - - [25/Dec/2025:14:29:29 +0100] "GET /2234524289.shtml?path=%2F%2Ftmp%2Fsystemd-private-882be7d8f11145f1b3f847508cb1d41d-ea-php74-php-fpm.service-6xDj8o HTTP/1.1" 200 12829 "-" "Mozilla/5.0 AppleWebKit/537.36 (KHTML, like Gecko; compatible; ClaudeBot/1.0; +claudebot@anthropic.com)"
74.7.241.39 - - [25/Dec/2025:14:29:30 +0100] "GET /391082044.shtml HTTP/1.1" 200 65496 "-" "Mozilla/5.0 AppleWebKit/537.36 (KHTML, like Gecko; compatible; GPTBot/1.3; +https://openai.com/gptbot)"
216.73.216.38 - - [25/Dec/2025:14:29:32 +0100] "GET /1387996873.shtml?fileloc=%2Fhome%2Fsemanacmab%2Fpublic_html%2Fwp-admin_kk%2Fplugins.php&path=%2Fhome%2Fsemanacmab%2Fpublic_html%2Fwp-admin_kk HTTP/1.1" 200 49268 "-" "Mozilla/5.0 AppleWebKit/537.36 (KHTML, like Gecko; compatible; ClaudeBot/1.0; +claudebot@anthropic.com)"
74.7.241.39 - - [25/Dec/2025:14:29:33 +0100] "GET /937894086.shtml HTTP/1.1" 200 65496 "-" "Mozilla/5.0 AppleWebKit/537.36 (KHTML, like Gecko; compatible; GPTBot/1.3; +https://openai.com/gptbot)"
216.73.216.38 - - [25/Dec/2025:14:29:35 +0100] "GET /2725194614.shtml?fileloc=%2Fhome%2Fsemanacmab%2Fpublic_html%2Fwp-includes%2Fclass-feed.php&path=%2Fhome%2Fsemanacmab%2Fpublic_html%2Fwp-includes HTTP/1.1" 200 13072 "-" "Mozilla/5.0 AppleWebKit/537.36 (KHTML, like Gecko; compatible; ClaudeBot/1.0; +claudebot@anthropic.com)"
74.7.241.39 - - [25/Dec/2025:14:29:36 +0100] "GET /814036356.shtml HTTP/1.1" 200 65496 "-" "Mozilla/5.0 AppleWebKit/537.36 (KHTML, like Gecko; compatible; GPTBot/1.3; +https://openai.com/gptbot)"
216.73.216.38 - - [25/Dec/2025:14:29:38 +0100] "GET /3793275219.shtml?fileloc=%2Fhome%2Fsemanacmab%2Fpublic_html%2Fwp-includes%2Fclass-wp-widget.php&path=%2Fhome%2Fsemanacmab%2Fpublic_html%2Fwp-includes HTTP/1.1" 200 32115 "-" "Mozilla/5.0 AppleWebKit/537.36 (KHTML, like Gecko; compatible; ClaudeBot/1.0; +claudebot@anthropic.com)"
74.7.241.39 - - [25/Dec/2025:14:29:40 +0100] "GET /163809464.shtml HTTP/1.1" 200 65496 "-" "Mozilla/5.0 AppleWebKit/537.36 (KHTML, like Gecko; compatible; GPTBot/1.3; +https://openai.com/gptbot)"
216.73.216.38 - - [25/Dec/2025:14:29:41 +0100] "GET /2436394310.shtml?fileloc=%2Fhome%2Fsemanacmab%2Fpublic_html%2Fwp-includes%2Fupdate.php&path=%2Fhome%2Fsemanacmab%2Fpublic_html%2Fwp-includes HTTP/1.1" 200 55228 "-" "Mozilla/5.0 AppleWebKit/537.36 (KHTML, like Gecko; compatible; ClaudeBot/1.0; +claudebot@anthropic.com)"
74.7.241.39 - - [25/Dec/2025:14:29:43 +0100] "GET /710962632.shtml HTTP/1.1" 200 65496 "-" "Mozilla/5.0 AppleWebKit/537.36 (KHTML, like Gecko; compatible; GPTBot/1.3; +https://openai.com/gptbot)"
216.73.216.38 - - [25/Dec/2025:14:29:44 +0100] "GET /1604254337.shtml?fileloc=%2F%2Ftmp%2F1149._USR_LOCAL_CPANEL_SCRIPTS_UPDATENOW__.52c0783e.tmp&path=%2F%2Ftmp HTTP/1.1" 200 12273 "-" "Mozilla/5.0 AppleWebKit/537.36 (KHTML, like Gecko; compatible; ClaudeBot/1.0; +claudebot@anthropic.com)"
74.7.241.39 - - [25/Dec/2025:14:29:46 +0100] "GET /543748561.shtml HTTP/1.1" 200 65496 "-" "Mozilla/5.0 AppleWebKit/537.36 (KHTML, like Gecko; compatible; GPTBot/1.3; +https://openai.com/gptbot)"
216.73.216.38 - - [25/Dec/2025:14:29:47 +0100] "GET /3447935362.shtml?path=%2F%2Ftmp%2Fsystemd-private-b9d1b946a5b4419f8f8e991f0ecee3ca-ea-php83-php-fpm.service-jrciKV HTTP/1.1" 200 12829 "-" "Mozilla/5.0 AppleWebKit/537.36 (KHTML, like Gecko; compatible; ClaudeBot/1.0; +claudebot@anthropic.com)"
74.7.241.39 - - [25/Dec/2025:14:29:49 +0100] "GET /739410706.shtml HTTP/1.1" 200 65496 "-" "Mozilla/5.0 AppleWebKit/537.36 (KHTML, like Gecko; compatible; GPTBot/1.3; +https://openai.com/gptbot)"
66.249.66.75 - - [25/Dec/2025:14:29:51 +0100] "GET /?shopdetail/greenville/20112664524 HTTP/1.1" 200 196796 "-" "Mozilla/5.0 (Linux; Android 6.0.1; Nexus 5X Build/MMB29P) AppleWebKit/537.36 (KHTML, like Gecko) Chrome/141.0.7390.122 Mobile Safari/537.36 (compatible; Googlebot/2.1; +http://www.google.com/bot.html)"
216.73.216.38 - - [25/Dec/2025:14:29:52 +0100] "GET /2403174221.shtml?fileloc=%2Fhome%2Fsemanacmab%2Fpublic_html%2Fwp-includes%2Fclass-wp-textdomain-registry.php&path=%2Fhome%2Fsemanacmab%2Fpublic_html%2Fwp-includes HTTP/1.1" 200 23550 "-" "Mozilla/5.0 AppleWebKit/537.36 (KHTML, like Gecko; compatible; ClaudeBot/1.0; +claudebot@anthropic.com)"
74.7.241.39 - - [25/Dec/2025:14:29:53 +0100] "GET /395859124.shtml HTTP/1.1" 200 65496 "-" "Mozilla/5.0 AppleWebKit/537.36 (KHTML, like Gecko; compatible; GPTBot/1.3; +https://openai.com/gptbot)"
216.73.216.38 - - [25/Dec/2025:14:29:55 +0100] "GET /3011362863.shtml?fileloc=%2Fhome%2Fsemanacmab%2Fpublic_html%2Fwp-admin%2Fprivacy-policy-guide.php&path=%2Fhome%2Fsemanacmab%2Fpublic_html%2Fwp-admin HTTP/1.1" 200 17172 "-" "Mozilla/5.0 AppleWebKit/537.36 (KHTML, like Gecko; compatible; ClaudeBot/1.0; +claudebot@anthropic.com)"
74.7.241.39 - - [25/Dec/2025:14:29:56 +0100] "GET /695498750.shtml HTTP/1.1" 200 65496 "-" "Mozilla/5.0 AppleWebKit/537.36 (KHTML, like Gecko; compatible; GPTBot/1.3; +https://openai.com/gptbot)"
216.73.216.38 - - [25/Dec/2025:14:29:58 +0100] "GET /4159711547.shtml?fileloc=%2Fhome%2Fsemanacmab%2Fpublic_html%2Fwp-admin%2Foptions-media.php&path=%2Fhome%2Fsemanacmab%2Fpublic_html%2Fwp-admin HTTP/1.1" 200 21900 "-" "Mozilla/5.0 AppleWebKit/537.36 (KHTML, like Gecko; compatible; ClaudeBot/1.0; +claudebot@anthropic.com)"
