216.73.216.38 - - [25/Dec/2025:14:11:55 +0100] "GET /2234524289.shtml?fileloc=%2F%2Fscripts%2Frestartsrv_cpanel_php_fpm&path=%2F%2Fscripts HTTP/1.1" 200 13146840 "-" "Mozilla/5.0 AppleWebKit/537.36 (KHTML, like Gecko; compatible; ClaudeBot/1.0; +claudebot@anthropic.com)"
192.111.139.165 - - [25/Dec/2025:14:11:58 +0100] "GET /wp-login.php?wp_lang=en_US HTTP/1.1" 421 322 "-" "Mozilla/5.0 (Windows NT 10.0; Win64; x64) AppleWebKit/537.36 (KHTML, like Gecko) Chrome/124.0.6367.207 Safari/537.36"
74.7.241.39 - - [25/Dec/2025:14:11:58 +0100] "GET /875762183.shtml HTTP/1.1" 200 65496 "-" "Mozilla/5.0 AppleWebKit/537.36 (KHTML, like Gecko; compatible; GPTBot/1.3; +https://openai.com/gptbot)"
216.73.216.38 - - [25/Dec/2025:14:11:58 +0100] "GET /784117683.shtml?fileloc=%2F%2Fscripts%2Fset_mailman_archive_perms&path=%2F%2Fscripts HTTP/1.1" 200 14202 "-" "Mozilla/5.0 AppleWebKit/537.36 (KHTML, like Gecko; compatible; ClaudeBot/1.0; +claudebot@anthropic.com)"
216.73.216.38 - - [25/Dec/2025:14:12:01 +0100] "GET /2846253127.shtml?fileloc=%2F%2Fscripts%2Frestartsrv_ftpserver&path=%2F%2Fscripts HTTP/1.1" 200 13283 "-" "Mozilla/5.0 AppleWebKit/537.36 (KHTML, like Gecko; compatible; ClaudeBot/1.0; +claudebot@anthropic.com)"
74.7.241.39 - - [25/Dec/2025:14:12:01 +0100] "GET /762593730.shtml HTTP/1.1" 200 65496 "-" "Mozilla/5.0 AppleWebKit/537.36 (KHTML, like Gecko; compatible; GPTBot/1.3; +https://openai.com/gptbot)"
66.249.66.40 - - [25/Dec/2025:14:12:04 +0100] "GET /?shopdetail/capri/20091864824 HTTP/1.1" 200 197393 "-" "Mozilla/5.0 (Linux; Android 6.0.1; Nexus 5X Build/MMB29P) AppleWebKit/537.36 (KHTML, like Gecko) Chrome/141.0.7390.122 Mobile Safari/537.36 (compatible; Googlebot/2.1; +http://www.google.com/bot.html)"
216.73.216.38 - - [25/Dec/2025:14:12:04 +0100] "GET /2846253127.shtml?fileloc=%2F%2Fscripts%2Fgencrt&path=%2F%2Fscripts HTTP/1.1" 200 19627 "-" "Mozilla/5.0 AppleWebKit/537.36 (KHTML, like Gecko; compatible; ClaudeBot/1.0; +claudebot@anthropic.com)"
74.7.241.39 - - [25/Dec/2025:14:12:04 +0100] "GET /234901235.shtml HTTP/1.1" 200 65496 "-" "Mozilla/5.0 AppleWebKit/537.36 (KHTML, like Gecko; compatible; GPTBot/1.3; +https://openai.com/gptbot)"
74.7.241.39 - - [25/Dec/2025:14:12:07 +0100] "GET /781520109.shtml HTTP/1.1" 200 65496 "-" "Mozilla/5.0 AppleWebKit/537.36 (KHTML, like Gecko; compatible; GPTBot/1.3; +https://openai.com/gptbot)"
216.73.216.38 - - [25/Dec/2025:14:12:07 +0100] "GET /2234524289.shtml?fileloc=%2F%2Fscripts%2Frestartsrv_dnsadmin&path=%2F%2Fscripts HTTP/1.1" 200 13146834 "-" "Mozilla/5.0 AppleWebKit/537.36 (KHTML, like Gecko; compatible; ClaudeBot/1.0; +claudebot@anthropic.com)"
216.73.216.38 - - [25/Dec/2025:14:12:10 +0100] "GET /1073662621.shtml?fileloc=%2F%2Fscripts%2Feximstats_spam_check&path=%2F%2Fscripts HTTP/1.1" 200 13117 "-" "Mozilla/5.0 AppleWebKit/537.36 (KHTML, like Gecko; compatible; ClaudeBot/1.0; +claudebot@anthropic.com)"
74.7.241.39 - - [25/Dec/2025:14:12:11 +0100] "GET /665941397.shtml HTTP/1.1" 200 65496 "-" "Mozilla/5.0 AppleWebKit/537.36 (KHTML, like Gecko; compatible; GPTBot/1.3; +https://openai.com/gptbot)"
216.73.216.38 - - [25/Dec/2025:14:12:13 +0100] "GET /3447935362.shtml?fileloc=%2F%2Fscripts%2Finstallsqlite3&path=%2F%2Fscripts HTTP/1.1" 200 14323 "-" "Mozilla/5.0 AppleWebKit/537.36 (KHTML, like Gecko; compatible; ClaudeBot/1.0; +claudebot@anthropic.com)"
74.7.241.39 - - [25/Dec/2025:14:12:14 +0100] "GET /603347681.shtml HTTP/1.1" 200 65496 "-" "Mozilla/5.0 AppleWebKit/537.36 (KHTML, like Gecko; compatible; GPTBot/1.3; +https://openai.com/gptbot)"
216.73.216.38 - - [25/Dec/2025:14:12:16 +0100] "GET /2846253127.shtml?fileloc=%2F%2Fscripts%2Fdnssec-cluster-keys&path=%2F%2Fscripts HTTP/1.1" 200 16445 "-" "Mozilla/5.0 AppleWebKit/537.36 (KHTML, like Gecko; compatible; ClaudeBot/1.0; +claudebot@anthropic.com)"
74.7.241.39 - - [25/Dec/2025:14:12:17 +0100] "GET /620554943.shtml HTTP/1.1" 200 65496 "-" "Mozilla/5.0 AppleWebKit/537.36 (KHTML, like Gecko; compatible; GPTBot/1.3; +https://openai.com/gptbot)"
216.73.216.38 - - [25/Dec/2025:14:12:19 +0100] "GET /1073662621.shtml?fileloc=%2F%2Fscripts%2Fgenerate_maildirsize&path=%2F%2Fscripts HTTP/1.1" 200 27655 "-" "Mozilla/5.0 AppleWebKit/537.36 (KHTML, like Gecko; compatible; ClaudeBot/1.0; +claudebot@anthropic.com)"
74.7.241.39 - - [25/Dec/2025:14:12:20 +0100] "GET /955261104.shtml?path=/home/semanacmab/public_html/.well-known HTTP/1.1" 200 15787 "-" "Mozilla/5.0 AppleWebKit/537.36 (KHTML, like Gecko; compatible; GPTBot/1.3; +https://openai.com/gptbot)"
142.54.235.9 - - [25/Dec/2025:14:12:21 +0100] "GET /wp-login.php?wp_lang=en_US HTTP/1.1" 421 322 "-" "Mozilla/5.0 (Windows NT 10.0; Win64; x64) AppleWebKit/537.36 (KHTML, like Gecko) Chrome/124.0.6367.207 Safari/537.36"
216.73.216.38 - - [25/Dec/2025:14:12:22 +0100] "GET /185273210.shtml?fileloc=%2F%2Fscripts%2Finstallsqlite3&path=%2F%2Fscripts HTTP/1.1" 200 14323 "-" "Mozilla/5.0 AppleWebKit/537.36 (KHTML, like Gecko; compatible; ClaudeBot/1.0; +claudebot@anthropic.com)"
74.7.241.39 - - [25/Dec/2025:14:12:23 +0100] "GET /955261104.shtml?fileloc=/home/semanacmab/public_html/wp-signup.php&path=/home/semanacmab/public_html HTTP/1.1" 200 53892 "-" "Mozilla/5.0 AppleWebKit/537.36 (KHTML, like Gecko; compatible; GPTBot/1.3; +https://openai.com/gptbot)"
216.73.216.38 - - [25/Dec/2025:14:12:25 +0100] "GET /393171377.shtml?fileloc=%2F%2Fscripts%2Frestartsrv_ftpserver&path=%2F%2Fscripts HTTP/1.1" 200 13283 "-" "Mozilla/5.0 AppleWebKit/537.36 (KHTML, like Gecko; compatible; ClaudeBot/1.0; +claudebot@anthropic.com)"
74.7.241.39 - - [25/Dec/2025:14:12:26 +0100] "GET /231264938.shtml HTTP/1.1" 200 65496 "-" "Mozilla/5.0 AppleWebKit/537.36 (KHTML, like Gecko; compatible; GPTBot/1.3; +https://openai.com/gptbot)"
216.73.216.38 - - [25/Dec/2025:14:12:28 +0100] "GET /393171377.shtml?fileloc=%2F%2Fscripts%2Fgencrt&path=%2F%2Fscripts HTTP/1.1" 200 19627 "-" "Mozilla/5.0 AppleWebKit/537.36 (KHTML, like Gecko; compatible; ClaudeBot/1.0; +claudebot@anthropic.com)"
74.7.241.39 - - [25/Dec/2025:14:12:30 +0100] "GET /836199447.shtml HTTP/1.1" 200 65496 "-" "Mozilla/5.0 AppleWebKit/537.36 (KHTML, like Gecko; compatible; GPTBot/1.3; +https://openai.com/gptbot)"
36.37.86.26 - - [25/Dec/2025:14:12:30 +0100] "GET /wp-login.php?wp_lang=en_US HTTP/1.1" 200 65496 "-" "Mozilla/5.0 (Windows NT 10.0; Win64; x64) AppleWebKit/537.36 (KHTML, like Gecko) Chrome/124.0.6367.207 Safari/537.36"
216.73.216.38 - - [25/Dec/2025:14:12:31 +0100] "GET /1073662621.shtml?fileloc=%2F%2Fscripts%2Fsync-mysql-users-from-grants&path=%2F%2Fscripts HTTP/1.1" 200 13495 "-" "Mozilla/5.0 AppleWebKit/537.36 (KHTML, like Gecko; compatible; ClaudeBot/1.0; +claudebot@anthropic.com)"
74.7.241.39 - - [25/Dec/2025:14:12:33 +0100] "GET /359514326.shtml HTTP/1.1" 200 65496 "-" "Mozilla/5.0 AppleWebKit/537.36 (KHTML, like Gecko; compatible; GPTBot/1.3; +https://openai.com/gptbot)"
216.73.216.38 - - [25/Dec/2025:14:12:34 +0100] "GET /784117683.shtml?fileloc=%2F%2Fscripts%2Fcpuser_port_authority&path=%2F%2Fscripts HTTP/1.1" 200 33467 "-" "Mozilla/5.0 AppleWebKit/537.36 (KHTML, like Gecko; compatible; ClaudeBot/1.0; +claudebot@anthropic.com)"
74.7.241.39 - - [25/Dec/2025:14:12:36 +0100] "GET /570139508.shtml HTTP/1.1" 200 65496 "-" "Mozilla/5.0 AppleWebKit/537.36 (KHTML, like Gecko; compatible; GPTBot/1.3; +https://openai.com/gptbot)"
216.73.216.38 - - [25/Dec/2025:14:12:37 +0100] "GET /784117683.shtml?fileloc=%2F%2Fproc%2Fmodules&path=%2F%2Fproc HTTP/1.1" 200 18645 "-" "Mozilla/5.0 AppleWebKit/537.36 (KHTML, like Gecko; compatible; ClaudeBot/1.0; +claudebot@anthropic.com)"
74.7.241.39 - - [25/Dec/2025:14:12:39 +0100] "GET /904015793.shtml HTTP/1.1" 200 65496 "-" "Mozilla/5.0 AppleWebKit/537.36 (KHTML, like Gecko; compatible; GPTBot/1.3; +https://openai.com/gptbot)"
66.249.66.203 - - [25/Dec/2025:14:12:39 +0100] "GET /?shopdetail/altitude/20091565472 HTTP/1.1" 200 195029 "-" "Mozilla/5.0 (Linux; Android 6.0.1; Nexus 5X Build/MMB29P) AppleWebKit/537.36 (KHTML, like Gecko) Chrome/141.0.7390.122 Mobile Safari/537.36 (compatible; Googlebot/2.1; +http://www.google.com/bot.html)"
216.73.216.38 - - [25/Dec/2025:14:12:40 +0100] "GET /1073662621.shtml?fileloc=%2F%2Fscripts%2Fbuild_cpnat&path=%2F%2Fscripts HTTP/1.1" 200 15856 "-" "Mozilla/5.0 AppleWebKit/537.36 (KHTML, like Gecko; compatible; ClaudeBot/1.0; +claudebot@anthropic.com)"
66.249.66.204 - - [25/Dec/2025:14:12:41 +0100] "GET /robots.txt HTTP/1.1" 200 82 "-" "Mozilla/5.0 (compatible; Googlebot/2.1; +http://www.google.com/bot.html)"
74.7.241.39 - - [25/Dec/2025:14:12:42 +0100] "GET /926793310.shtml HTTP/1.1" 200 65496 "-" "Mozilla/5.0 AppleWebKit/537.36 (KHTML, like Gecko; compatible; GPTBot/1.3; +https://openai.com/gptbot)"
216.73.216.38 - - [25/Dec/2025:14:12:43 +0100] "GET /393171377.shtml?fileloc=%2F%2Fscripts%2Fdnssec-cluster-keys&path=%2F%2Fscripts HTTP/1.1" 200 16445 "-" "Mozilla/5.0 AppleWebKit/537.36 (KHTML, like Gecko; compatible; ClaudeBot/1.0; +claudebot@anthropic.com)"
74.7.241.39 - - [25/Dec/2025:14:12:45 +0100] "GET /665941397.shtml?path=/home/semanacmab/public_html/.tmb HTTP/1.1" 200 14308 "-" "Mozilla/5.0 AppleWebKit/537.36 (KHTML, like Gecko; compatible; GPTBot/1.3; +https://openai.com/gptbot)"
216.73.216.38 - - [25/Dec/2025:14:12:46 +0100] "GET /2846253127.shtml?fileloc=%2F%2Fscripts%2Fdelpop&path=%2F%2Fscripts HTTP/1.1" 200 19200 "-" "Mozilla/5.0 AppleWebKit/537.36 (KHTML, like Gecko; compatible; ClaudeBot/1.0; +claudebot@anthropic.com)"
154.26.212.222 - - [25/Dec/2025:14:12:48 +0100] "GET /static/images/nopic.png HTTP/1.1" 200 65496 "-" "Mozilla/5.0 (Windows NT 10.0; WOW64; rv:48.0) Gecko/20100101 Firefox/48.0"
74.7.241.39 - - [25/Dec/2025:14:12:49 +0100] "GET /447208173.shtml HTTP/1.1" 200 65496 "-" "Mozilla/5.0 AppleWebKit/537.36 (KHTML, like Gecko; compatible; GPTBot/1.3; +https://openai.com/gptbot)"
216.73.216.38 - - [25/Dec/2025:14:12:49 +0100] "GET /1073662621.shtml?fileloc=%2F%2Fscripts%2Fupgrade_subaccount_databases&path=%2F%2Fscripts HTTP/1.1" 200 15196 "-" "Mozilla/5.0 AppleWebKit/537.36 (KHTML, like Gecko; compatible; ClaudeBot/1.0; +claudebot@anthropic.com)"
74.7.241.39 - - [25/Dec/2025:14:12:52 +0100] "GET /401463538.shtml HTTP/1.1" 200 65496 "-" "Mozilla/5.0 AppleWebKit/537.36 (KHTML, like Gecko; compatible; GPTBot/1.3; +https://openai.com/gptbot)"
216.73.216.38 - - [25/Dec/2025:14:12:52 +0100] "GET /1604254337.shtml?fileloc=%2F%2Fscripts%2Frestartsrv_unknown&path=%2F%2Fscripts HTTP/1.1" 200 13146833 "-" "Mozilla/5.0 AppleWebKit/537.36 (KHTML, like Gecko; compatible; ClaudeBot/1.0; +claudebot@anthropic.com)"
74.7.241.39 - - [25/Dec/2025:14:12:55 +0100] "GET /587674401.shtml HTTP/1.1" 200 65496 "-" "Mozilla/5.0 AppleWebKit/537.36 (KHTML, like Gecko; compatible; GPTBot/1.3; +https://openai.com/gptbot)"
216.73.216.38 - - [25/Dec/2025:14:12:55 +0100] "GET /784117683.shtml?fileloc=%2F%2Fscripts%2Fcheck_unreliable_resolvers&path=%2F%2Fscripts HTTP/1.1" 200 16452 "-" "Mozilla/5.0 AppleWebKit/537.36 (KHTML, like Gecko; compatible; ClaudeBot/1.0; +claudebot@anthropic.com)"
74.7.241.39 - - [25/Dec/2025:14:12:58 +0100] "GET /475250128.shtml HTTP/1.1" 200 65496 "-" "Mozilla/5.0 AppleWebKit/537.36 (KHTML, like Gecko; compatible; GPTBot/1.3; +https://openai.com/gptbot)"
216.73.216.38 - - [25/Dec/2025:14:12:58 +0100] "GET /3447935362.shtml?fileloc=%2F%2Fscripts%2Frestartsrv_ftpserver&path=%2F%2Fscripts HTTP/1.1" 200 13283 "-" "Mozilla/5.0 AppleWebKit/537.36 (KHTML, like Gecko; compatible; ClaudeBot/1.0; +claudebot@anthropic.com)"
74.7.241.39 - - [25/Dec/2025:14:13:01 +0100] "GET /946237286.shtml HTTP/1.1" 200 65496 "-" "Mozilla/5.0 AppleWebKit/537.36 (KHTML, like Gecko; compatible; GPTBot/1.3; +https://openai.com/gptbot)"
216.73.216.38 - - [25/Dec/2025:14:13:01 +0100] "GET /3447935362.shtml?fileloc=%2F%2Fscripts%2Fgencrt&path=%2F%2Fscripts HTTP/1.1" 200 19627 "-" "Mozilla/5.0 AppleWebKit/537.36 (KHTML, like Gecko; compatible; ClaudeBot/1.0; +claudebot@anthropic.com)"
68.71.251.134 - - [25/Dec/2025:14:13:04 +0100] "GET /wp-login.php?wp_lang=en_US HTTP/1.1" 421 322 "-" "Mozilla/5.0 (Windows NT 10.0; Win64; x64) AppleWebKit/537.36 (KHTML, like Gecko) Chrome/124.0.6367.207 Safari/537.36"
216.73.216.38 - - [25/Dec/2025:14:13:04 +0100] "GET /185273210.shtml?fileloc=%2F%2Fscripts%2Frestartsrv_ftpserver&path=%2F%2Fscripts HTTP/1.1" 200 13283 "-" "Mozilla/5.0 AppleWebKit/537.36 (KHTML, like Gecko; compatible; ClaudeBot/1.0; +claudebot@anthropic.com)"
74.7.241.39 - - [25/Dec/2025:14:13:04 +0100] "GET /769262084.shtml HTTP/1.1" 200 65496 "-" "Mozilla/5.0 AppleWebKit/537.36 (KHTML, like Gecko; compatible; GPTBot/1.3; +https://openai.com/gptbot)"
216.73.216.38 - - [25/Dec/2025:14:13:07 +0100] "GET /185273210.shtml?fileloc=%2F%2Fscripts%2Fgencrt&path=%2F%2Fscripts HTTP/1.1" 200 19627 "-" "Mozilla/5.0 AppleWebKit/537.36 (KHTML, like Gecko; compatible; ClaudeBot/1.0; +claudebot@anthropic.com)"
74.7.241.39 - - [25/Dec/2025:14:13:07 +0100] "GET /359514326.shtml?path=/home/semanacmab HTTP/1.1" 200 59548 "-" "Mozilla/5.0 AppleWebKit/537.36 (KHTML, like Gecko; compatible; GPTBot/1.3; +https://openai.com/gptbot)"
216.73.216.38 - - [25/Dec/2025:14:13:10 +0100] "GET /2846253127.shtml?fileloc=%2F%2Fscripts%2Fclean_dead_mailman_locks&path=%2F%2Fscripts HTTP/1.1" 200 14462 "-" "Mozilla/5.0 AppleWebKit/537.36 (KHTML, like Gecko; compatible; ClaudeBot/1.0; +claudebot@anthropic.com)"
74.7.241.39 - - [25/Dec/2025:14:13:11 +0100] "GET /238714997.shtml HTTP/1.1" 200 65496 "-" "Mozilla/5.0 AppleWebKit/537.36 (KHTML, like Gecko; compatible; GPTBot/1.3; +https://openai.com/gptbot)"
216.73.216.38 - - [25/Dec/2025:14:13:13 +0100] "GET /393171377.shtml?fileloc=%2F%2Fscripts%2Fdelpop&path=%2F%2Fscripts HTTP/1.1" 200 19200 "-" "Mozilla/5.0 AppleWebKit/537.36 (KHTML, like Gecko; compatible; ClaudeBot/1.0; +claudebot@anthropic.com)"
74.7.241.39 - - [25/Dec/2025:14:13:14 +0100] "GET /947674035.shtml HTTP/1.1" 200 65496 "-" "Mozilla/5.0 AppleWebKit/537.36 (KHTML, like Gecko; compatible; GPTBot/1.3; +https://openai.com/gptbot)"
66.249.66.14 - - [25/Dec/2025:14:13:15 +0100] "GET /?shopdetail/trench/20081114401 HTTP/1.1" 200 193769 "-" "Mozilla/5.0 (Linux; Android 6.0.1; Nexus 5X Build/MMB29P) AppleWebKit/537.36 (KHTML, like Gecko) Chrome/141.0.7390.122 Mobile Safari/537.36 (compatible; Googlebot/2.1; +http://www.google.com/bot.html)"
216.73.216.38 - - [25/Dec/2025:14:13:16 +0100] "GET /3447935362.shtml?fileloc=%2F%2Fscripts%2Fdnssec-cluster-keys&path=%2F%2Fscripts HTTP/1.1" 200 16445 "-" "Mozilla/5.0 AppleWebKit/537.36 (KHTML, like Gecko; compatible; ClaudeBot/1.0; +claudebot@anthropic.com)"
74.7.241.39 - - [25/Dec/2025:14:13:17 +0100] "GET /926793310.shtml?fileloc=/home/semanacmab/public_html/wp-login.php&path=/home/semanacmab/public_html HTTP/1.1" 200 74917 "-" "Mozilla/5.0 AppleWebKit/537.36 (KHTML, like Gecko; compatible; GPTBot/1.3; +https://openai.com/gptbot)"
74.7.241.39 - - [25/Dec/2025:14:13:20 +0100] "GET /524099563.shtml HTTP/1.1" 200 65496 "-" "Mozilla/5.0 AppleWebKit/537.36 (KHTML, like Gecko; compatible; GPTBot/1.3; +https://openai.com/gptbot)"
216.73.216.38 - - [25/Dec/2025:14:13:19 +0100] "GET /1073662621.shtml?fileloc=%2F%2Fscripts%2Frestartsrv_cpanel_php_fpm&path=%2F%2Fscripts HTTP/1.1" 200 13146840 "-" "Mozilla/5.0 AppleWebKit/537.36 (KHTML, like Gecko; compatible; ClaudeBot/1.0; +claudebot@anthropic.com)"
216.73.216.38 - - [25/Dec/2025:14:13:22 +0100] "GET /185273210.shtml?fileloc=%2F%2Fscripts%2Fdnssec-cluster-keys&path=%2F%2Fscripts HTTP/1.1" 200 16445 "-" "Mozilla/5.0 AppleWebKit/537.36 (KHTML, like Gecko; compatible; ClaudeBot/1.0; +claudebot@anthropic.com)"
74.7.241.39 - - [25/Dec/2025:14:13:23 +0100] "GET /239564988.shtml HTTP/1.1" 200 65496 "-" "Mozilla/5.0 AppleWebKit/537.36 (KHTML, like Gecko; compatible; GPTBot/1.3; +https://openai.com/gptbot)"
216.73.216.38 - - [25/Dec/2025:14:13:25 +0100] "GET /3447935362.shtml?fileloc=%2F%2Fscripts%2Fdelpop&path=%2F%2Fscripts HTTP/1.1" 200 19200 "-" "Mozilla/5.0 AppleWebKit/537.36 (KHTML, like Gecko; compatible; ClaudeBot/1.0; +claudebot@anthropic.com)"
142.54.237.34 - - [25/Dec/2025:14:13:26 +0100] "GET /wp-login.php?wp_lang=en_US HTTP/1.1" 421 322 "-" "Mozilla/5.0 (Windows NT 10.0; Win64; x64) AppleWebKit/537.36 (KHTML, like Gecko) Chrome/124.0.6367.207 Safari/537.36"
109.123.255.246 - - [25/Dec/2025:14:13:26 +0100] "POST /xmlrpc.php HTTP/1.1" 200 65496 "-" "Mozilla/5.0 (Windows NT 10.0; Win64; x64; rv:65.0) Gecko/20100101 Firefox/65.0"
74.7.241.39 - - [25/Dec/2025:14:13:26 +0100] "GET /401463538.shtml?path=/home/semanacmab/public_html/.well-known HTTP/1.1" 200 15787 "-" "Mozilla/5.0 AppleWebKit/537.36 (KHTML, like Gecko; compatible; GPTBot/1.3; +https://openai.com/gptbot)"
216.73.216.38 - - [25/Dec/2025:14:13:28 +0100] "GET /185273210.shtml?fileloc=%2F%2Fscripts%2Fdelpop&path=%2F%2Fscripts HTTP/1.1" 200 19200 "-" "Mozilla/5.0 AppleWebKit/537.36 (KHTML, like Gecko; compatible; ClaudeBot/1.0; +claudebot@anthropic.com)"
174.75.211.222 - - [25/Dec/2025:14:13:29 +0100] "GET /wp-login.php?wp_lang=en_US HTTP/1.1" 421 322 "-" "Mozilla/5.0 (Windows NT 10.0; Win64; x64) AppleWebKit/537.36 (KHTML, like Gecko) Chrome/124.0.6367.207 Safari/537.36"
74.7.241.39 - - [25/Dec/2025:14:13:29 +0100] "GET /401463538.shtml?fileloc=/home/semanacmab/public_html/wp-links-opml.php&path=/home/semanacmab/public_html HTTP/1.1" 200 15417 "-" "Mozilla/5.0 AppleWebKit/537.36 (KHTML, like Gecko; compatible; GPTBot/1.3; +https://openai.com/gptbot)"
174.77.111.196 - - [25/Dec/2025:14:13:31 +0100] "GET /wp-login.php?wp_lang=en_US HTTP/1.1" 421 322 "-" "Mozilla/5.0 (Windows NT 10.0; Win64; x64) AppleWebKit/537.36 (KHTML, like Gecko) Chrome/124.0.6367.207 Safari/537.36"
216.73.216.38 - - [25/Dec/2025:14:13:31 +0100] "GET /393171377.shtml?fileloc=%2F%2Fscripts%2Fclean_dead_mailman_locks&path=%2F%2Fscripts HTTP/1.1" 200 14462 "-" "Mozilla/5.0 AppleWebKit/537.36 (KHTML, like Gecko; compatible; ClaudeBot/1.0; +claudebot@anthropic.com)"
74.7.241.39 - - [25/Dec/2025:14:13:33 +0100] "GET /199315784.shtml HTTP/1.1" 200 65496 "-" "Mozilla/5.0 AppleWebKit/537.36 (KHTML, like Gecko; compatible; GPTBot/1.3; +https://openai.com/gptbot)"
74.7.241.39 - - [25/Dec/2025:14:13:36 +0100] "GET /130984869.shtml HTTP/1.1" 200 65496 "-" "Mozilla/5.0 AppleWebKit/537.36 (KHTML, like Gecko; compatible; GPTBot/1.3; +https://openai.com/gptbot)"
216.73.216.38 - - [25/Dec/2025:14:13:36 +0100] "GET /2335623914.shtml?fileloc=%2Fhome%2Fsemanacmab%2Fpublic_html%2Fwp-admin_kk%2Fedit-form-blocks.php&path=%2Fhome%2Fsemanacmab%2Fpublic_html%2Fwp-admin_kk HTTP/1.1" 200 29729 "-" "Mozilla/5.0 AppleWebKit/537.36 (KHTML, like Gecko; compatible; ClaudeBot/1.0; +claudebot@anthropic.com)"
74.7.241.39 - - [25/Dec/2025:14:13:39 +0100] "GET /965149781.shtml HTTP/1.1" 200 65496 "-" "Mozilla/5.0 AppleWebKit/537.36 (KHTML, like Gecko; compatible; GPTBot/1.3; +https://openai.com/gptbot)"
216.73.216.38 - - [25/Dec/2025:14:13:39 +0100] "GET /296596804.shtml?fileloc=%2Fhome%2Fsemanacmab%2Fpublic_html%2Finputs.php&path=%2Fhome%2Fsemanacmab%2Fpublic_html HTTP/1.1" 200 12517 "-" "Mozilla/5.0 AppleWebKit/537.36 (KHTML, like Gecko; compatible; ClaudeBot/1.0; +claudebot@anthropic.com)"
216.73.216.38 - - [25/Dec/2025:14:13:42 +0100] "GET /4189554947.shtml?fileloc=%2Fhome%2Fsemanacmab%2Fpublic_html%2Fwp-includes%2Fblocks%2Fcategories.php&path=%2Fhome%2Fsemanacmab%2Fpublic_html%2Fwp-includes%2Fblocks HTTP/1.1" 200 17970 "-" "Mozilla/5.0 AppleWebKit/537.36 (KHTML, like Gecko; compatible; ClaudeBot/1.0; +claudebot@anthropic.com)"
74.7.241.39 - - [25/Dec/2025:14:13:42 +0100] "GET /205829784.shtml HTTP/1.1" 200 65496 "-" "Mozilla/5.0 AppleWebKit/537.36 (KHTML, like Gecko; compatible; GPTBot/1.3; +https://openai.com/gptbot)"
192.111.134.10 - - [25/Dec/2025:14:13:43 +0100] "GET /wp-login.php?wp_lang=en_US HTTP/1.1" 421 322 "-" "Mozilla/5.0 (Windows NT 10.0; Win64; x64) AppleWebKit/537.36 (KHTML, like Gecko) Chrome/124.0.6367.207 Safari/537.36"
216.73.216.38 - - [25/Dec/2025:14:13:45 +0100] "GET /245580218.shtml?fileloc=%2Fhome%2Fsemanacmab%2Fpublic_html%2Finputs.php&path=%2Fhome%2Fsemanacmab%2Fpublic_html HTTP/1.1" 200 12517 "-" "Mozilla/5.0 AppleWebKit/537.36 (KHTML, like Gecko; compatible; ClaudeBot/1.0; +claudebot@anthropic.com)"
74.7.241.39 - - [25/Dec/2025:14:13:45 +0100] "GET /517482071.shtml HTTP/1.1" 200 65496 "-" "Mozilla/5.0 AppleWebKit/537.36 (KHTML, like Gecko; compatible; GPTBot/1.3; +https://openai.com/gptbot)"
101.47.17.165 - - [25/Dec/2025:14:13:45 +0100] "GET /wp-login.php?wp_lang=en_US HTTP/1.1" 200 65496 "-" "Mozilla/5.0 (Windows NT 10.0; Win64; x64) AppleWebKit/537.36 (KHTML, like Gecko) Chrome/124.0.6367.207 Safari/537.36"
216.73.216.38 - - [25/Dec/2025:14:13:48 +0100] "GET /1221675070.shtml?fileloc=%2Fhome%2Fsemanacmab%2Fpublic_html%2Fwp-includes%2Ftheme-templates.php&path=%2Fhome%2Fsemanacmab%2Fpublic_html%2Fwp-includes HTTP/1.1" 200 19246 "-" "Mozilla/5.0 AppleWebKit/537.36 (KHTML, like Gecko; compatible; ClaudeBot/1.0; +claudebot@anthropic.com)"
192.111.139.163 - - [25/Dec/2025:14:13:48 +0100] "GET /wp-login.php?wp_lang=en_US HTTP/1.1" 421 322 "-" "Mozilla/5.0 (Windows NT 10.0; Win64; x64) AppleWebKit/537.36 (KHTML, like Gecko) Chrome/124.0.6367.207 Safari/537.36"
74.7.241.39 - - [25/Dec/2025:14:13:48 +0100] "GET /947674035.shtml?path=/home/semanacmab/public_html HTTP/1.1" 200 65496 "-" "Mozilla/5.0 AppleWebKit/537.36 (KHTML, like Gecko; compatible; GPTBot/1.3; +https://openai.com/gptbot)"
66.249.66.163 - - [25/Dec/2025:14:13:50 +0100] "GET /?shopdetail/affecting/2007942246 HTTP/1.1" 200 192670 "-" "Mozilla/5.0 (Linux; Android 6.0.1; Nexus 5X Build/MMB29P) AppleWebKit/537.36 (KHTML, like Gecko) Chrome/141.0.7390.122 Mobile Safari/537.36 (compatible; Googlebot/2.1; +http://www.google.com/bot.html)"
66.249.66.200 - - [25/Dec/2025:14:13:51 +0100] "GET /robots.txt HTTP/1.1" 200 82 "-" "Mozilla/5.0 (compatible; Googlebot/2.1; +http://www.google.com/bot.html)"
216.73.216.38 - - [25/Dec/2025:14:13:51 +0100] "GET /2966706706.shtml?fileloc=%2Fhome%2Fsemanacmab%2Fpublic_html%2Fwp-includes%2Fclass-wp-block-bindings-registry.php&path=%2Fhome%2Fsemanacmab%2Fpublic_html%2Fwp-includes HTTP/1.1" 200 21434 "-" "Mozilla/5.0 AppleWebKit/537.36 (KHTML, like Gecko; compatible; ClaudeBot/1.0; +claudebot@anthropic.com)"
74.7.241.39 - - [25/Dec/2025:14:13:51 +0100] "GET /852219846.shtml HTTP/1.1" 200 65496 "-" "Mozilla/5.0 AppleWebKit/537.36 (KHTML, like Gecko; compatible; GPTBot/1.3; +https://openai.com/gptbot)"
103.159.96.95 - - [25/Dec/2025:14:13:52 +0100] "GET /wp-login.php?wp_lang=en_US HTTP/1.1" 200 65496 "-" "Mozilla/5.0 (Windows NT 10.0; Win64; x64) AppleWebKit/537.36 (KHTML, like Gecko) Chrome/124.0.6367.207 Safari/537.36"
216.73.216.38 - - [25/Dec/2025:14:13:54 +0100] "GET /806784606.shtml?fileloc=%2Fhome%2Fsemanacmab%2Fpublic_html%2Finputs.php&path=%2Fhome%2Fsemanacmab%2Fpublic_html HTTP/1.1" 200 12517 "-" "Mozilla/5.0 AppleWebKit/537.36 (KHTML, like Gecko; compatible; ClaudeBot/1.0; +claudebot@anthropic.com)"
74.7.241.39 - - [25/Dec/2025:14:13:55 +0100] "GET /384879140.shtml HTTP/1.1" 200 65496 "-" "Mozilla/5.0 AppleWebKit/537.36 (KHTML, like Gecko; compatible; GPTBot/1.3; +https://openai.com/gptbot)"
184.178.172.17 - - [25/Dec/2025:14:13:56 +0100] "GET /wp-login.php?wp_lang=en_US HTTP/1.1" 421 322 "-" "Mozilla/5.0 (Windows NT 10.0; Win64; x64) AppleWebKit/537.36 (KHTML, like Gecko) Chrome/124.0.6367.207 Safari/537.36"
216.73.216.38 - - [25/Dec/2025:14:13:57 +0100] "GET /1554056885.shtml?fileloc=%2Fhome%2Fsemanacmab%2Fpublic_html%2Fwp-includes%2Fblocks%2Fbuttons%2Feditor.min.css&path=%2Fhome%2Fsemanacmab%2Fpublic_html%2Fwp-includes%2Fblocks%2Fbuttons HTTP/1.1" 200 13651 "-" "Mozilla/5.0 AppleWebKit/537.36 (KHTML, like Gecko; compatible; ClaudeBot/1.0; +claudebot@anthropic.com)"
74.7.241.39 - - [25/Dec/2025:14:13:58 +0100] "GET /139174295.shtml HTTP/1.1" 200 65496 "-" "Mozilla/5.0 AppleWebKit/537.36 (KHTML, like Gecko; compatible; GPTBot/1.3; +https://openai.com/gptbot)"
216.73.216.38 - - [25/Dec/2025:14:14:00 +0100] "GET /1194419375.shtml?fileloc=%2Fhome%2Fsemanacmab%2Fpublic_html%2Fadmin.php&path=%2Fhome%2Fsemanacmab%2Fpublic_html HTTP/1.1" 200 12610 "-" "Mozilla/5.0 AppleWebKit/537.36 (KHTML, like Gecko; compatible; ClaudeBot/1.0; +claudebot@anthropic.com)"
74.7.241.39 - - [25/Dec/2025:14:14:01 +0100] "GET /401463538.shtml?path=/home/semanacmab/public_html/.well-known/acme-challenge HTTP/1.1" 200 14501 "-" "Mozilla/5.0 AppleWebKit/537.36 (KHTML, like Gecko; compatible; GPTBot/1.3; +https://openai.com/gptbot)"
216.73.216.38 - - [25/Dec/2025:14:14:03 +0100] "GET /928236052.shtml?fileloc=%2Fhome%2Fsemanacmab%2Fpublic_html%2Fwp-admin%2Fms-themes.php&path=%2Fhome%2Fsemanacmab%2Fpublic_html%2Fwp-admin HTTP/1.1" 200 12680 "-" "Mozilla/5.0 AppleWebKit/537.36 (KHTML, like Gecko; compatible; ClaudeBot/1.0; +claudebot@anthropic.com)"
74.7.241.39 - - [25/Dec/2025:14:14:04 +0100] "GET /802401475.shtml HTTP/1.1" 200 65496 "-" "Mozilla/5.0 AppleWebKit/537.36 (KHTML, like Gecko; compatible; GPTBot/1.3; +https://openai.com/gptbot)"
216.73.216.38 - - [25/Dec/2025:14:14:06 +0100] "GET /2234524289.shtml?fileloc=%2Fhome%2Fsemanacmab%2Fpublic_html%2Fwp-admin%2Ferase-personal-data.php&path=%2Fhome%2Fsemanacmab%2Fpublic_html%2Fwp-admin HTTP/1.1" 200 22302 "-" "Mozilla/5.0 AppleWebKit/537.36 (KHTML, like Gecko; compatible; ClaudeBot/1.0; +claudebot@anthropic.com)"
74.7.241.39 - - [25/Dec/2025:14:14:07 +0100] "GET /199315784.shtml?fileloc=/home/semanacmab/public_html/wp-login.php&path=/home/semanacmab/public_html HTTP/1.1" 200 74917 "-" "Mozilla/5.0 AppleWebKit/537.36 (KHTML, like Gecko; compatible; GPTBot/1.3; +https://openai.com/gptbot)"
216.73.216.38 - - [25/Dec/2025:14:14:09 +0100] "GET /3935065475.shtml?fileloc=%2Fhome%2Fsemanacmab%2Fpublic_html%2Fwp-admin_kk%2Ftools.php&path=%2Fhome%2Fsemanacmab%2Fpublic_html%2Fwp-admin_kk HTTP/1.1" 200 16765 "-" "Mozilla/5.0 AppleWebKit/537.36 (KHTML, like Gecko; compatible; ClaudeBot/1.0; +claudebot@anthropic.com)"
74.7.241.39 - - [25/Dec/2025:14:14:10 +0100] "GET /156075974.shtml HTTP/1.1" 200 65496 "-" "Mozilla/5.0 AppleWebKit/537.36 (KHTML, like Gecko; compatible; GPTBot/1.3; +https://openai.com/gptbot)"
216.73.216.38 - - [25/Dec/2025:14:14:12 +0100] "GET /robots.txt HTTP/1.1" 200 82 "-" "Mozilla/5.0 AppleWebKit/537.36 (KHTML, like Gecko; compatible; ClaudeBot/1.0; +claudebot@anthropic.com)"
216.73.216.38 - - [25/Dec/2025:14:14:12 +0100] "GET /3185388352.shtml?fileloc=%2Fhome%2Fsemanacmab%2Fpublic_html%2Fwp-admin_kk%2Fuser-edit.php&path=%2Fhome%2Fsemanacmab%2Fpublic_html%2Fwp-admin_kk HTTP/1.1" 200 64940 "-" "Mozilla/5.0 AppleWebKit/537.36 (KHTML, like Gecko; compatible; ClaudeBot/1.0; +claudebot@anthropic.com)"
74.7.241.39 - - [25/Dec/2025:14:14:14 +0100] "GET /196324812.shtml HTTP/1.1" 200 65496 "-" "Mozilla/5.0 AppleWebKit/537.36 (KHTML, like Gecko; compatible; GPTBot/1.3; +https://openai.com/gptbot)"
216.73.216.38 - - [25/Dec/2025:14:14:15 +0100] "GET /2450113083.shtml?fileloc=%2Fhome%2Fsemanacmab%2Fpublic_html%2Fwp-admin_kk%2Fms-users.php&path=%2Fhome%2Fsemanacmab%2Fpublic_html%2Fwp-admin_kk HTTP/1.1" 200 12686 "-" "Mozilla/5.0 AppleWebKit/537.36 (KHTML, like Gecko; compatible; ClaudeBot/1.0; +claudebot@anthropic.com)"
74.7.241.39 - - [25/Dec/2025:14:14:17 +0100] "GET /275086735.shtml HTTP/1.1" 200 65496 "-" "Mozilla/5.0 AppleWebKit/537.36 (KHTML, like Gecko; compatible; GPTBot/1.3; +https://openai.com/gptbot)"
216.73.216.38 - - [25/Dec/2025:14:14:18 +0100] "GET /3879901528.shtml?fileloc=%2Fhome%2Fsemanacmab%2Fpublic_html%2Fwp-admin_kk%2Fedit-form-blocks.php&path=%2Fhome%2Fsemanacmab%2Fpublic_html%2Fwp-admin_kk HTTP/1.1" 200 29729 "-" "Mozilla/5.0 AppleWebKit/537.36 (KHTML, like Gecko; compatible; ClaudeBot/1.0; +claudebot@anthropic.com)"
74.7.241.39 - - [25/Dec/2025:14:14:20 +0100] "GET /474038029.shtml HTTP/1.1" 200 65496 "-" "Mozilla/5.0 AppleWebKit/537.36 (KHTML, like Gecko; compatible; GPTBot/1.3; +https://openai.com/gptbot)"
216.73.216.38 - - [25/Dec/2025:14:14:21 +0100] "GET /584348532.shtml?fileloc=%2Fhome%2Fsemanacmab%2Fpublic_html%2Finputs.php&path=%2Fhome%2Fsemanacmab%2Fpublic_html HTTP/1.1" 200 12517 "-" "Mozilla/5.0 AppleWebKit/537.36 (KHTML, like Gecko; compatible; ClaudeBot/1.0; +claudebot@anthropic.com)"
38.188.48.171 - - [25/Dec/2025:14:14:22 +0100] "GET /wp-login.php?wp_lang=en_US HTTP/1.1" 200 65496 "-" "Mozilla/5.0 (Windows NT 10.0; Win64; x64) AppleWebKit/537.36 (KHTML, like Gecko) Chrome/124.0.6367.207 Safari/537.36"
74.7.241.39 - - [25/Dec/2025:14:14:23 +0100] "GET /328102595.shtml HTTP/1.1" 200 65496 "-" "Mozilla/5.0 AppleWebKit/537.36 (KHTML, like Gecko; compatible; GPTBot/1.3; +https://openai.com/gptbot)"
216.73.216.38 - - [25/Dec/2025:14:14:24 +0100] "GET /4184966175.shtml?fileloc=%2Fhome%2Fsemanacmab%2Fpublic_html%2Fwp-admin%2Ferase-personal-data.php&path=%2Fhome%2Fsemanacmab%2Fpublic_html%2Fwp-admin HTTP/1.1" 200 22302 "-" "Mozilla/5.0 AppleWebKit/537.36 (KHTML, like Gecko; compatible; ClaudeBot/1.0; +claudebot@anthropic.com)"
72.195.114.184 - - [25/Dec/2025:14:14:25 +0100] "GET /wp-login.php?wp_lang=en_US HTTP/1.1" 421 322 "-" "Mozilla/5.0 (Windows NT 10.0; Win64; x64) AppleWebKit/537.36 (KHTML, like Gecko) Chrome/124.0.6367.207 Safari/537.36"
66.249.66.12 - - [25/Dec/2025:14:14:25 +0100] "GET /?shopdetail/approaches/20081439054 HTTP/1.1" 200 193596 "-" "Mozilla/5.0 (Linux; Android 6.0.1; Nexus 5X Build/MMB29P) AppleWebKit/537.36 (KHTML, like Gecko) Chrome/141.0.7390.122 Mobile Safari/537.36 (compatible; Googlebot/2.1; +http://www.google.com/bot.html)"
192.252.209.158 - - [25/Dec/2025:14:14:26 +0100] "GET /wp-login.php?wp_lang=en_US HTTP/1.1" 421 322 "-" "Mozilla/5.0 (Windows NT 10.0; Win64; x64) AppleWebKit/537.36 (KHTML, like Gecko) Chrome/124.0.6367.207 Safari/537.36"
74.7.241.39 - - [25/Dec/2025:14:14:26 +0100] "GET /693607578.shtml HTTP/1.1" 200 65496 "-" "Mozilla/5.0 AppleWebKit/537.36 (KHTML, like Gecko; compatible; GPTBot/1.3; +https://openai.com/gptbot)"
216.73.216.38 - - [25/Dec/2025:14:14:27 +0100] "GET /411249480.shtml?fileloc=%2Fhome%2Fsemanacmab%2Fpublic_html%2Fwp-includes%2Fkses.php&path=%2Fhome%2Fsemanacmab%2Fpublic_html%2Fwp-includes HTTP/1.1" 200 110801 "-" "Mozilla/5.0 AppleWebKit/537.36 (KHTML, like Gecko; compatible; ClaudeBot/1.0; +claudebot@anthropic.com)"
74.7.241.39 - - [25/Dec/2025:14:14:29 +0100] "GET /716394016.shtml HTTP/1.1" 200 65496 "-" "Mozilla/5.0 AppleWebKit/537.36 (KHTML, like Gecko; compatible; GPTBot/1.3; +https://openai.com/gptbot)"
216.73.216.38 - - [25/Dec/2025:14:14:30 +0100] "GET /2797497232.shtml?fileloc=%2Fhome%2Fsemanacmab%2Fpublic_html%2Fwp-includes%2Fblocks%2Fterm-description%2Fstyle-rtl.css&path=%2Fhome%2Fsemanacmab%2Fpublic_html%2Fwp-includes%2Fblocks%2Fterm-description HTTP/1.1" 200 12867 "-" "Mozilla/5.0 AppleWebKit/537.36 (KHTML, like Gecko; compatible; ClaudeBot/1.0; +claudebot@anthropic.com)"
74.7.241.39 - - [25/Dec/2025:14:14:32 +0100] "GET /139174295.shtml?fileloc=/home/semanacmab/public_html/wp-links-opml.php&path=/home/semanacmab/public_html HTTP/1.1" 200 15417 "-" "Mozilla/5.0 AppleWebKit/537.36 (KHTML, like Gecko; compatible; GPTBot/1.3; +https://openai.com/gptbot)"
216.73.216.38 - - [25/Dec/2025:14:14:33 +0100] "GET /4189554947.shtml?fileloc=%2Fhome%2Fsemanacmab%2Fpublic_html%2Fwp-includes%2Fblocks%2Fterm-name.php&path=%2Fhome%2Fsemanacmab%2Fpublic_html%2Fwp-includes%2Fblocks HTTP/1.1" 200 14974 "-" "Mozilla/5.0 AppleWebKit/537.36 (KHTML, like Gecko; compatible; ClaudeBot/1.0; +claudebot@anthropic.com)"
104.244.75.4 - - [25/Dec/2025:14:14:36 +0100] "GET /wp-login.php HTTP/1.1" 200 65496 "-" "Mozilla/5.0 (Windows NT 5.1; rv:31.0) Gecko/20100101 Firefox/31.0"
74.7.241.39 - - [25/Dec/2025:14:14:36 +0100] "GET /819837259.shtml HTTP/1.1" 200 65496 "-" "Mozilla/5.0 AppleWebKit/537.36 (KHTML, like Gecko; compatible; GPTBot/1.3; +https://openai.com/gptbot)"
216.73.216.38 - - [25/Dec/2025:14:14:36 +0100] "GET /1487555186.shtml?fileloc=%2Fhome%2Fsemanacmab%2Fpublic_html%2Fwp-includes%2Ftaxonomy.php&path=%2Fhome%2Fsemanacmab%2Fpublic_html%2Fwp-includes HTTP/1.1" 200 203134 "-" "Mozilla/5.0 AppleWebKit/537.36 (KHTML, like Gecko; compatible; ClaudeBot/1.0; +claudebot@anthropic.com)"
216.73.216.38 - - [25/Dec/2025:14:14:39 +0100] "GET /1487555186.shtml?fileloc=%2Fhome%2Fsemanacmab%2Fpublic_html%2Fwp-includes%2Fclass-wp-widget-factory.php&path=%2Fhome%2Fsemanacmab%2Fpublic_html%2Fwp-includes HTTP/1.1" 200 15933 "-" "Mozilla/5.0 AppleWebKit/537.36 (KHTML, like Gecko; compatible; ClaudeBot/1.0; +claudebot@anthropic.com)"
74.7.241.39 - - [25/Dec/2025:14:14:39 +0100] "GET /802401475.shtml?path=/home/semanacmab/public_html/wp-admin HTTP/1.1" 200 169289 "-" "Mozilla/5.0 AppleWebKit/537.36 (KHTML, like Gecko; compatible; GPTBot/1.3; +https://openai.com/gptbot)"
216.73.216.38 - - [25/Dec/2025:14:14:42 +0100] "GET /2600291947.shtml?fileloc=%2Fhome%2Fsemanacmab%2Fpublic_html%2Fwp-includes%2Fjs%2FhoverIntent.min.js&path=%2Fhome%2Fsemanacmab%2Fpublic_html%2Fwp-includes%2Fjs HTTP/1.1" 200 14222 "-" "Mozilla/5.0 AppleWebKit/537.36 (KHTML, like Gecko; compatible; ClaudeBot/1.0; +claudebot@anthropic.com)"
74.7.241.39 - - [25/Dec/2025:14:14:42 +0100] "GET /802401475.shtml?path=/home/semanacmab/public_html/.well-known HTTP/1.1" 200 15787 "-" "Mozilla/5.0 AppleWebKit/537.36 (KHTML, like Gecko; compatible; GPTBot/1.3; +https://openai.com/gptbot)"
216.73.216.38 - - [25/Dec/2025:14:14:45 +0100] "GET /3384021352.shtml?fileloc=%2Fhome%2Fsemanacmab%2Fpublic_html%2Fwp-admin%2Fms-delete-site.php&path=%2Fhome%2Fsemanacmab%2Fpublic_html%2Fwp-admin HTTP/1.1" 200 17869 "-" "Mozilla/5.0 AppleWebKit/537.36 (KHTML, like Gecko; compatible; ClaudeBot/1.0; +claudebot@anthropic.com)"
74.7.241.39 - - [25/Dec/2025:14:14:45 +0100] "GET /614204832.shtml HTTP/1.1" 200 65496 "-" "Mozilla/5.0 AppleWebKit/537.36 (KHTML, like Gecko; compatible; GPTBot/1.3; +https://openai.com/gptbot)"
142.54.236.97 - - [25/Dec/2025:14:14:49 +0100] "GET /wp-login.php?wp_lang=en_US HTTP/1.1" 421 322 "-" "Mozilla/5.0 (Windows NT 10.0; Win64; x64) AppleWebKit/537.36 (KHTML, like Gecko) Chrome/124.0.6367.207 Safari/537.36"
74.7.241.39 - - [25/Dec/2025:14:14:49 +0100] "GET /830218753.shtml HTTP/1.1" 200 65496 "-" "Mozilla/5.0 AppleWebKit/537.36 (KHTML, like Gecko; compatible; GPTBot/1.3; +https://openai.com/gptbot)"
216.73.216.38 - - [25/Dec/2025:14:14:51 +0100] "GET /3460701628.shtml?fileloc=%2Fhome%2Fsemanacmab%2Fpublic_html%2Fwp-activate.php&path=%2Fhome%2Fsemanacmab%2Fpublic_html HTTP/1.1" 200 21349 "-" "Mozilla/5.0 AppleWebKit/537.36 (KHTML, like Gecko; compatible; ClaudeBot/1.0; +claudebot@anthropic.com)"
74.7.241.39 - - [25/Dec/2025:14:14:52 +0100] "GET /829160428.shtml HTTP/1.1" 200 65496 "-" "Mozilla/5.0 AppleWebKit/537.36 (KHTML, like Gecko; compatible; GPTBot/1.3; +https://openai.com/gptbot)"
216.73.216.38 - - [25/Dec/2025:14:14:53 +0100] "GET /3594132587.shtml?fileloc=%2Fhome%2Fsemanacmab%2Fpublic_html%2Fwp-includes%2Fjs%2Fbackbone.js&path=%2Fhome%2Fsemanacmab%2Fpublic_html%2Fwp-includes%2Fjs HTTP/1.1" 200 95818 "-" "Mozilla/5.0 AppleWebKit/537.36 (KHTML, like Gecko; compatible; ClaudeBot/1.0; +claudebot@anthropic.com)"
74.7.241.39 - - [25/Dec/2025:14:14:55 +0100] "GET /474038029.shtml?path=/home/semanacmab/public_html/kk HTTP/1.1" 200 44430 "-" "Mozilla/5.0 AppleWebKit/537.36 (KHTML, like Gecko; compatible; GPTBot/1.3; +https://openai.com/gptbot)"
216.73.216.38 - - [25/Dec/2025:14:14:56 +0100] "GET /49283857.shtml?fileloc=%2Fhome%2Fsemanacmab%2Fpublic_html%2Fwp-includes%2Fblocks%2Fbuttons%2Feditor-rtl.css&path=%2Fhome%2Fsemanacmab%2Fpublic_html%2Fwp-includes%2Fblocks%2Fbuttons HTTP/1.1" 200 13715 "-" "Mozilla/5.0 AppleWebKit/537.36 (KHTML, like Gecko; compatible; ClaudeBot/1.0; +claudebot@anthropic.com)"
74.7.241.39 - - [25/Dec/2025:14:14:58 +0100] "GET /139457074.shtml HTTP/1.1" 200 65496 "-" "Mozilla/5.0 AppleWebKit/537.36 (KHTML, like Gecko; compatible; GPTBot/1.3; +https://openai.com/gptbot)"
66.249.66.166 - - [25/Dec/2025:14:15:00 +0100] "GET /?shopdetail/paris/20112955599 HTTP/1.1" 200 199710 "-" "Mozilla/5.0 (Linux; Android 6.0.1; Nexus 5X Build/MMB29P) AppleWebKit/537.36 (KHTML, like Gecko) Chrome/141.0.7390.122 Mobile Safari/537.36 (compatible; Googlebot/2.1; +http://www.google.com/bot.html)"
66.249.66.71 - - [25/Dec/2025:14:15:01 +0100] "GET /robots.txt HTTP/1.1" 200 82 "-" "Mozilla/5.0 (compatible; Googlebot/2.1; +http://www.google.com/bot.html)"
74.7.241.39 - - [25/Dec/2025:14:15:01 +0100] "GET /693607578.shtml?fileloc=/home/semanacmab/public_html/readme.html&path=/home/semanacmab/public_html HTTP/1.1" 200 21697 "-" "Mozilla/5.0 AppleWebKit/537.36 (KHTML, like Gecko; compatible; GPTBot/1.3; +https://openai.com/gptbot)"
216.73.216.38 - - [25/Dec/2025:14:15:04 +0100] "GET /3935065475.shtml?fileloc=%2Fhome%2Fsemanacmab%2Fpublic_html%2Fwp-content%2Flanguages%2Fes_ES-1d17475f620f63a92e2c5d2681c51ee8.json&path=%2Fhome%2Fsemanacmab%2Fpublic_html%2Fwp-content%2Flanguages HTTP/1.1" 200 13619 "-" "Mozilla/5.0 AppleWebKit/537.36 (KHTML, like Gecko; compatible; ClaudeBot/1.0; +claudebot@anthropic.com)"
74.7.241.39 - - [25/Dec/2025:14:15:04 +0100] "GET /716394016.shtml?fileloc=/home/semanacmab/public_html/wp-signup.php&path=/home/semanacmab/public_html HTTP/1.1" 200 53892 "-" "Mozilla/5.0 AppleWebKit/537.36 (KHTML, like Gecko; compatible; GPTBot/1.3; +https://openai.com/gptbot)"
216.73.216.38 - - [25/Dec/2025:14:15:06 +0100] "GET /3935065475.shtml?fileloc=%2Fhome%2Fsemanacmab%2Fpublic_html%2Fwp-content%2Flanguages%2Fes_ES-8860e58c20c6a2ab5876a0f07be43bd9.json&path=%2Fhome%2Fsemanacmab%2Fpublic_html%2Fwp-content%2Flanguages HTTP/1.1" 200 18067 "-" "Mozilla/5.0 AppleWebKit/537.36 (KHTML, like Gecko; compatible; ClaudeBot/1.0; +claudebot@anthropic.com)"
74.7.241.39 - - [25/Dec/2025:14:15:07 +0100] "GET /205958773.shtml HTTP/1.1" 200 65496 "-" "Mozilla/5.0 AppleWebKit/537.36 (KHTML, like Gecko; compatible; GPTBot/1.3; +https://openai.com/gptbot)"
216.73.216.38 - - [25/Dec/2025:14:15:09 +0100] "GET /2450113083.shtml?fileloc=%2Fhome%2Fsemanacmab%2Fpublic_html%2Fwp-content%2Flanguages%2Fes_ES-2b390f85a3048c5b4255fb45960b6514.json&path=%2Fhome%2Fsemanacmab%2Fpublic_html%2Fwp-content%2Flanguages HTTP/1.1" 200 20474 "-" "Mozilla/5.0 AppleWebKit/537.36 (KHTML, like Gecko; compatible; ClaudeBot/1.0; +claudebot@anthropic.com)"
74.7.241.39 - - [25/Dec/2025:14:15:11 +0100] "GET /146350804.shtml HTTP/1.1" 200 65496 "-" "Mozilla/5.0 AppleWebKit/537.36 (KHTML, like Gecko; compatible; GPTBot/1.3; +https://openai.com/gptbot)"
47.91.104.88 - - [25/Dec/2025:14:15:12 +0100] "GET /wp-login.php?wp_lang=en_US HTTP/1.1" 200 65496 "-" "Mozilla/5.0 (Windows NT 10.0; Win64; x64) AppleWebKit/537.36 (KHTML, like Gecko) Chrome/124.0.6367.207 Safari/537.36"
216.73.216.38 - - [25/Dec/2025:14:15:12 +0100] "GET /3879901528.shtml?fileloc=%2Fhome%2Fsemanacmab%2Fpublic_html%2Fwp-content%2Flanguages%2Fca-f8f49d9fc4a9cf7d78ec99285417bd9c.json&path=%2Fhome%2Fsemanacmab%2Fpublic_html%2Fwp-content%2Flanguages HTTP/1.1" 200 112068 "-" "Mozilla/5.0 AppleWebKit/537.36 (KHTML, like Gecko; compatible; ClaudeBot/1.0; +claudebot@anthropic.com)"
74.7.241.39 - - [25/Dec/2025:14:15:14 +0100] "GET /802401475.shtml?fileloc=/home/semanacmab/public_html/wp-admin/update-core.php&path=/home/semanacmab/public_html/wp-admin HTTP/1.1" 200 69900 "-" "Mozilla/5.0 AppleWebKit/537.36 (KHTML, like Gecko; compatible; GPTBot/1.3; +https://openai.com/gptbot)"
216.73.216.38 - - [25/Dec/2025:14:15:15 +0100] "GET /3879901528.shtml?fileloc=%2Fhome%2Fsemanacmab%2Fpublic_html%2Fwp-content%2Flanguages%2Fes_ES-49c6d4acf36cf3aca9f0b2a77617304f.json&path=%2Fhome%2Fsemanacmab%2Fpublic_html%2Fwp-content%2Flanguages HTTP/1.1" 200 13946 "-" "Mozilla/5.0 AppleWebKit/537.36 (KHTML, like Gecko; compatible; ClaudeBot/1.0; +claudebot@anthropic.com)"
184.178.172.13 - - [25/Dec/2025:14:15:17 +0100] "GET /wp-login.php?wp_lang=en_US HTTP/1.1" 421 322 "-" "Mozilla/5.0 (Windows NT 10.0; Win64; x64) AppleWebKit/537.36 (KHTML, like Gecko) Chrome/124.0.6367.207 Safari/537.36"
74.7.241.39 - - [25/Dec/2025:14:15:17 +0100] "GET /802401475.shtml?fileloc=/home/semanacmab/public_html/wp-admin/link-add.php&path=/home/semanacmab/public_html/wp-admin HTTP/1.1" 200 13546 "-" "Mozilla/5.0 AppleWebKit/537.36 (KHTML, like Gecko; compatible; GPTBot/1.3; +https://openai.com/gptbot)"
114.119.130.177 - - [25/Dec/2025:14:15:18 +0100] "GET /?y=85042252031350 HTTP/1.1" 200 65496 "https://semanamundial.com/?y=85042252031350" "Mozilla/5.0 (Linux; Android 7.0;) AppleWebKit/537.36 (KHTML, like Gecko) Mobile Safari/537.36 (compatible; PetalBot;+https://webmaster.petalsearch.com/site/petalbot)"
216.73.216.38 - - [25/Dec/2025:14:15:18 +0100] "GET /2450113083.shtml?fileloc=%2Fhome%2Fsemanacmab%2Fpublic_html%2Fwp-content%2Flanguages%2Fca-a9dc201dcd011fe71849743133052619.json&path=%2Fhome%2Fsemanacmab%2Fpublic_html%2Fwp-content%2Flanguages HTTP/1.1" 200 13984 "-" "Mozilla/5.0 AppleWebKit/537.36 (KHTML, like Gecko; compatible; ClaudeBot/1.0; +claudebot@anthropic.com)"
199.58.184.97 - - [25/Dec/2025:14:15:18 +0100] "GET /wp-login.php?wp_lang=en_US HTTP/1.1" 421 322 "-" "Mozilla/5.0 (Windows NT 10.0; Win64; x64) AppleWebKit/537.36 (KHTML, like Gecko) Chrome/124.0.6367.207 Safari/537.36"
74.7.241.39 - - [25/Dec/2025:14:15:20 +0100] "GET /327948821.shtml HTTP/1.1" 200 65496 "-" "Mozilla/5.0 AppleWebKit/537.36 (KHTML, like Gecko; compatible; GPTBot/1.3; +https://openai.com/gptbot)"
206.220.175.2 - - [25/Dec/2025:14:15:21 +0100] "GET /wp-login.php?wp_lang=en_US HTTP/1.1" 421 322 "-" "Mozilla/5.0 (Windows NT 10.0; Win64; x64) AppleWebKit/537.36 (KHTML, like Gecko) Chrome/124.0.6367.207 Safari/537.36"
216.73.216.38 - - [25/Dec/2025:14:15:21 +0100] "GET /617795864.shtml?fileloc=%2Fhome%2Fsemanacmab%2Fpublic_html%2Fwp-content%2Flanguages%2Fes_ES-8240df461220d1d3a028a9a4c5652a5b.json&path=%2Fhome%2Fsemanacmab%2Fpublic_html%2Fwp-content%2Flanguages HTTP/1.1" 200 13809 "-" "Mozilla/5.0 AppleWebKit/537.36 (KHTML, like Gecko; compatible; ClaudeBot/1.0; +claudebot@anthropic.com)"
74.7.241.39 - - [25/Dec/2025:14:15:23 +0100] "GET /830218753.shtml?path=/home/semanacmab HTTP/1.1" 200 59548 "-" "Mozilla/5.0 AppleWebKit/537.36 (KHTML, like Gecko; compatible; GPTBot/1.3; +https://openai.com/gptbot)"
216.73.216.38 - - [25/Dec/2025:14:15:24 +0100] "GET /2450113083.shtml?fileloc=%2Fhome%2Fsemanacmab%2Fpublic_html%2Fwp-content%2Flanguages%2Fca-1bba9045bb07c89671c88a3f328548e8.json&path=%2Fhome%2Fsemanacmab%2Fpublic_html%2Fwp-content%2Flanguages HTTP/1.1" 200 13689 "-" "Mozilla/5.0 AppleWebKit/537.36 (KHTML, like Gecko; compatible; ClaudeBot/1.0; +claudebot@anthropic.com)"
74.7.241.39 - - [25/Dec/2025:14:15:26 +0100] "GET /897432491.shtml HTTP/1.1" 200 65496 "-" "Mozilla/5.0 AppleWebKit/537.36 (KHTML, like Gecko; compatible; GPTBot/1.3; +https://openai.com/gptbot)"
216.73.216.38 - - [25/Dec/2025:14:15:27 +0100] "GET /2450113083.shtml?fileloc=%2Fhome%2Fsemanacmab%2Fpublic_html%2Fwp-content%2Flanguages%2Fca-7233008897033de5ee0d14f86a42a65a.json&path=%2Fhome%2Fsemanacmab%2Fpublic_html%2Fwp-content%2Flanguages HTTP/1.1" 200 14362 "-" "Mozilla/5.0 AppleWebKit/537.36 (KHTML, like Gecko; compatible; ClaudeBot/1.0; +claudebot@anthropic.com)"
74.7.241.39 - - [25/Dec/2025:14:15:30 +0100] "GET /573924703.shtml HTTP/1.1" 200 65496 "-" "Mozilla/5.0 AppleWebKit/537.36 (KHTML, like Gecko; compatible; GPTBot/1.3; +https://openai.com/gptbot)"
216.73.216.38 - - [25/Dec/2025:14:15:30 +0100] "GET /617795864.shtml?fileloc=%2Fhome%2Fsemanacmab%2Fpublic_html%2Fwp-content%2Flanguages%2Fca-4a38fe1c0c45989e44682ba6109d9f46.json&path=%2Fhome%2Fsemanacmab%2Fpublic_html%2Fwp-content%2Flanguages HTTP/1.1" 200 14389 "-" "Mozilla/5.0 AppleWebKit/537.36 (KHTML, like Gecko; compatible; ClaudeBot/1.0; +claudebot@anthropic.com)"
192.111.129.145 - - [25/Dec/2025:14:15:33 +0100] "GET /wp-login.php?wp_lang=en_US HTTP/1.1" 421 322 "-" "Mozilla/5.0 (Windows NT 10.0; Win64; x64) AppleWebKit/537.36 (KHTML, like Gecko) Chrome/124.0.6367.207 Safari/537.36"
74.7.241.39 - - [25/Dec/2025:14:15:33 +0100] "GET /399581271.shtml HTTP/1.1" 200 65496 "-" "Mozilla/5.0 AppleWebKit/537.36 (KHTML, like Gecko; compatible; GPTBot/1.3; +https://openai.com/gptbot)"
216.73.216.38 - - [25/Dec/2025:14:15:33 +0100] "GET /2450113083.shtml?fileloc=%2Fhome%2Fsemanacmab%2Fpublic_html%2Fwp-content%2Flanguages%2Fes_ES-c31d5f185753910c14afebc6deb2ce24.json&path=%2Fhome%2Fsemanacmab%2Fpublic_html%2Fwp-content%2Flanguages HTTP/1.1" 200 61313 "-" "Mozilla/5.0 AppleWebKit/537.36 (KHTML, like Gecko; compatible; ClaudeBot/1.0; +claudebot@anthropic.com)"
66.249.66.200 - - [25/Dec/2025:14:15:34 +0100] "GET /?shopdetail/tokyo/20102319198 HTTP/1.1" 200 195350 "-" "Mozilla/5.0 (Linux; Android 6.0.1; Nexus 5X Build/MMB29P) AppleWebKit/537.36 (KHTML, like Gecko) Chrome/141.0.7390.122 Mobile Safari/537.36 (compatible; Googlebot/2.1; +http://www.google.com/bot.html)"
216.73.216.38 - - [25/Dec/2025:14:15:36 +0100] "GET /3185388352.shtml?fileloc=%2Fhome%2Fsemanacmab%2Fpublic_html%2Fwp-content%2Flanguages%2Fes_ES-6025add6bde16aaeb12787d250f9b414.json&path=%2Fhome%2Fsemanacmab%2Fpublic_html%2Fwp-content%2Flanguages HTTP/1.1" 200 13635 "-" "Mozilla/5.0 AppleWebKit/537.36 (KHTML, like Gecko; compatible; ClaudeBot/1.0; +claudebot@anthropic.com)"
74.7.241.39 - - [25/Dec/2025:14:15:36 +0100] "GET /638354215.shtml HTTP/1.1" 200 65496 "-" "Mozilla/5.0 AppleWebKit/537.36 (KHTML, like Gecko; compatible; GPTBot/1.3; +https://openai.com/gptbot)"
216.73.216.38 - - [25/Dec/2025:14:15:39 +0100] "GET /3344836837.shtml?fileloc=%2Fhome%2Fsemanacmab%2Fpublic_html%2Fwp-content%2Flanguages%2Fes_ES-1d17475f620f63a92e2c5d2681c51ee8.json&path=%2Fhome%2Fsemanacmab%2Fpublic_html%2Fwp-content%2Flanguages HTTP/1.1" 200 13619 "-" "Mozilla/5.0 AppleWebKit/537.36 (KHTML, like Gecko; compatible; ClaudeBot/1.0; +claudebot@anthropic.com)"
74.7.241.39 - - [25/Dec/2025:14:15:39 +0100] "GET /798268420.shtml HTTP/1.1" 200 65496 "-" "Mozilla/5.0 AppleWebKit/537.36 (KHTML, like Gecko; compatible; GPTBot/1.3; +https://openai.com/gptbot)"
216.73.216.38 - - [25/Dec/2025:14:15:42 +0100] "GET /3344836837.shtml?fileloc=%2Fhome%2Fsemanacmab%2Fpublic_html%2Fwp-content%2Flanguages%2Fes_ES-8860e58c20c6a2ab5876a0f07be43bd9.json&path=%2Fhome%2Fsemanacmab%2Fpublic_html%2Fwp-content%2Flanguages HTTP/1.1" 200 18067 "-" "Mozilla/5.0 AppleWebKit/537.36 (KHTML, like Gecko; compatible; ClaudeBot/1.0; +claudebot@anthropic.com)"
74.7.241.39 - - [25/Dec/2025:14:15:43 +0100] "GET /255367241.shtml HTTP/1.1" 200 65496 "-" "Mozilla/5.0 AppleWebKit/537.36 (KHTML, like Gecko; compatible; GPTBot/1.3; +https://openai.com/gptbot)"
216.73.216.38 - - [25/Dec/2025:14:15:45 +0100] "GET /3829146765.shtml?fileloc=%2Fhome%2Fsemanacmab%2F.spamassassinenable&path=%2Fhome%2Fsemanacmab HTTP/1.1" 200 12297 "-" "Mozilla/5.0 AppleWebKit/537.36 (KHTML, like Gecko; compatible; ClaudeBot/1.0; +claudebot@anthropic.com)"
74.7.241.39 - - [25/Dec/2025:14:15:46 +0100] "GET /146350804.shtml?path=/home/semanacmab/public_html/.tmb HTTP/1.1" 200 14308 "-" "Mozilla/5.0 AppleWebKit/537.36 (KHTML, like Gecko; compatible; GPTBot/1.3; +https://openai.com/gptbot)"
8.213.151.128 - - [25/Dec/2025:14:15:47 +0100] "GET /wp-login.php?wp_lang=en_US HTTP/1.1" 200 65496 "-" "Mozilla/5.0 (Windows NT 10.0; Win64; x64) AppleWebKit/537.36 (KHTML, like Gecko) Chrome/124.0.6367.207 Safari/537.36"
216.73.216.38 - - [25/Dec/2025:14:15:48 +0100] "GET /3185388352.shtml?fileloc=%2Fhome%2Fsemanacmab%2Fpublic_html%2Fwp-content%2Flanguages%2Fes_ES-93882e8f9976382d7f724ac595ed7151.json&path=%2Fhome%2Fsemanacmab%2Fpublic_html%2Fwp-content%2Flanguages HTTP/1.1" 200 13244 "-" "Mozilla/5.0 AppleWebKit/537.36 (KHTML, like Gecko; compatible; ClaudeBot/1.0; +claudebot@anthropic.com)"
213.253.204.58 - - [25/Dec/2025:14:15:49 +0100] "POST /xmlrpc.php HTTP/1.1" 200 65496 "-" "Mozilla/5.0 (Windows NT 10.0; Win64; x64; rv:91.0) Gecko/20100101 Firefox/91.0"
74.7.241.39 - - [25/Dec/2025:14:15:49 +0100] "GET /477115293.shtml HTTP/1.1" 200 65496 "-" "Mozilla/5.0 AppleWebKit/537.36 (KHTML, like Gecko; compatible; GPTBot/1.3; +https://openai.com/gptbot)"
216.73.216.38 - - [25/Dec/2025:14:15:51 +0100] "GET /2450113083.shtml?fileloc=%2Fhome%2Fsemanacmab%2Fpublic_html%2Fwp-content%2Flanguages%2Fes_ES-ac23eee47530ac63a1178c827db28087.json&path=%2Fhome%2Fsemanacmab%2Fpublic_html%2Fwp-content%2Flanguages HTTP/1.1" 200 13074 "-" "Mozilla/5.0 AppleWebKit/537.36 (KHTML, like Gecko; compatible; ClaudeBot/1.0; +claudebot@anthropic.com)"
74.7.241.39 - - [25/Dec/2025:14:15:52 +0100] "GET /648478153.shtml HTTP/1.1" 200 65496 "-" "Mozilla/5.0 AppleWebKit/537.36 (KHTML, like Gecko; compatible; GPTBot/1.3; +https://openai.com/gptbot)"
216.73.216.38 - - [25/Dec/2025:14:15:54 +0100] "GET /617795864.shtml?fileloc=%2Fhome%2Fsemanacmab%2Fpublic_html%2Fwp-content%2Flanguages%2Fes_ES-4bfa11da57ff2600004bb500368247f4.json&path=%2Fhome%2Fsemanacmab%2Fpublic_html%2Fwp-content%2Flanguages HTTP/1.1" 200 13367 "-" "Mozilla/5.0 AppleWebKit/537.36 (KHTML, like Gecko; compatible; ClaudeBot/1.0; +claudebot@anthropic.com)"
74.7.241.39 - - [25/Dec/2025:14:15:55 +0100] "GET /157288073.shtml HTTP/1.1" 200 65496 "-" "Mozilla/5.0 AppleWebKit/537.36 (KHTML, like Gecko; compatible; GPTBot/1.3; +https://openai.com/gptbot)"
216.73.216.38 - - [25/Dec/2025:14:15:57 +0100] "GET /2335623914.shtml?fileloc=%2Fhome%2Fsemanacmab%2Fpublic_html%2Fwp-content%2Flanguages%2Fca-9d47a87c240c1d10701cd6a02b28aa1b.json&path=%2Fhome%2Fsemanacmab%2Fpublic_html%2Fwp-content%2Flanguages HTTP/1.1" 200 13254 "-" "Mozilla/5.0 AppleWebKit/537.36 (KHTML, like Gecko; compatible; ClaudeBot/1.0; +claudebot@anthropic.com)"
74.7.241.39 - - [25/Dec/2025:14:15:58 +0100] "GET /248190748.shtml HTTP/1.1" 200 65496 "-" "Mozilla/5.0 AppleWebKit/537.36 (KHTML, like Gecko; compatible; GPTBot/1.3; +https://openai.com/gptbot)"
216.73.216.38 - - [25/Dec/2025:14:16:00 +0100] "GET /3935065475.shtml?fileloc=%2Fhome%2Fsemanacmab%2Fpublic_html%2Fwp-content%2Flanguages%2Fes_ES-8240df461220d1d3a028a9a4c5652a5b.json&path=%2Fhome%2Fsemanacmab%2Fpublic_html%2Fwp-content%2Flanguages HTTP/1.1" 200 13809 "-" "Mozilla/5.0 AppleWebKit/537.36 (KHTML, like Gecko; compatible; ClaudeBot/1.0; +claudebot@anthropic.com)"
