74.7.241.39 - - [25/Dec/2025:14:03:19 +0100] "GET /818736219.shtml?fileloc=/home/semanacmab/public_html/readme.html&path=/home/semanacmab/public_html HTTP/1.1" 200 21697 "-" "Mozilla/5.0 AppleWebKit/537.36 (KHTML, like Gecko; compatible; GPTBot/1.3; +https://openai.com/gptbot)"
66.249.66.200 - - [25/Dec/2025:14:03:18 +0100] "GET /?shopdetail/str/20091502982 HTTP/1.1" 200 202510 "-" "Mozilla/5.0 (Linux; Android 6.0.1; Nexus 5X Build/MMB29P) AppleWebKit/537.36 (KHTML, like Gecko) Chrome/141.0.7390.122 Mobile Safari/537.36 (compatible; Googlebot/2.1; +http://www.google.com/bot.html)"
216.73.216.38 - - [25/Dec/2025:14:03:20 +0100] "GET /72177975.shtml?path=%2Fhome%2Fsemanacmab%2Fpublic_html%2Fwp-includes%2Fjs HTTP/1.1" 200 189404 "-" "Mozilla/5.0 AppleWebKit/537.36 (KHTML, like Gecko; compatible; ClaudeBot/1.0; +claudebot@anthropic.com)"
74.7.241.39 - - [25/Dec/2025:14:03:22 +0100] "GET /796103830.shtml HTTP/1.1" 200 65496 "-" "Mozilla/5.0 AppleWebKit/537.36 (KHTML, like Gecko; compatible; GPTBot/1.3; +https://openai.com/gptbot)"
216.73.216.38 - - [25/Dec/2025:14:03:23 +0100] "GET /2558059972.shtml?path=%2Fhome%2Fsemanacmab%2Fpublic_html%2Fwp-includes%2Fjs HTTP/1.1" 200 189404 "-" "Mozilla/5.0 AppleWebKit/537.36 (KHTML, like Gecko; compatible; ClaudeBot/1.0; +claudebot@anthropic.com)"
74.7.241.39 - - [25/Dec/2025:14:03:25 +0100] "GET /337489627.shtml HTTP/1.1" 200 65496 "-" "Mozilla/5.0 AppleWebKit/537.36 (KHTML, like Gecko; compatible; GPTBot/1.3; +https://openai.com/gptbot)"
216.73.216.38 - - [25/Dec/2025:14:03:26 +0100] "GET /1554056885.shtml?path=%2Fhome%2Fsemanacmab%2Fpublic_html%2Fwp-includes%2Fblocks%2Fcomment-content HTTP/1.1" 200 22815 "-" "Mozilla/5.0 AppleWebKit/537.36 (KHTML, like Gecko; compatible; ClaudeBot/1.0; +claudebot@anthropic.com)"
74.7.241.39 - - [25/Dec/2025:14:03:28 +0100] "GET /607982386.shtml?fileloc=/home/semanacmab/public_html/wp-config-sample.php&path=/home/semanacmab/public_html HTTP/1.1" 200 16088 "-" "Mozilla/5.0 AppleWebKit/537.36 (KHTML, like Gecko; compatible; GPTBot/1.3; +https://openai.com/gptbot)"
216.73.216.38 - - [25/Dec/2025:14:03:29 +0100] "GET /49283857.shtml?path=%2Fhome%2Fsemanacmab%2Fpublic_html%2Fwp-includes%2Fblocks%2Fcomment-template HTTP/1.1" 200 22841 "-" "Mozilla/5.0 AppleWebKit/537.36 (KHTML, like Gecko; compatible; ClaudeBot/1.0; +claudebot@anthropic.com)"
74.7.241.39 - - [25/Dec/2025:14:03:31 +0100] "GET /523671147.shtml HTTP/1.1" 200 65496 "-" "Mozilla/5.0 AppleWebKit/537.36 (KHTML, like Gecko; compatible; GPTBot/1.3; +https://openai.com/gptbot)"
216.73.216.38 - - [25/Dec/2025:14:03:32 +0100] "GET /2797497232.shtml?path=%2Fhome%2Fsemanacmab%2Fpublic_html%2Fwp-includes%2Fblocks%2Fcomment-content HTTP/1.1" 200 22815 "-" "Mozilla/5.0 AppleWebKit/537.36 (KHTML, like Gecko; compatible; ClaudeBot/1.0; +claudebot@anthropic.com)"
114.119.130.177 - - [25/Dec/2025:14:03:32 +0100] "GET /?paged=30&s&post_type=post HTTP/1.1" 200 65496 "https://semanamundial.com/?paged=29&s&post_type=post" "Mozilla/5.0 (Linux; Android 7.0;) AppleWebKit/537.36 (KHTML, like Gecko) Mobile Safari/537.36 (compatible; PetalBot;+https://webmaster.petalsearch.com/site/petalbot)"
74.7.241.39 - - [25/Dec/2025:14:03:34 +0100] "GET /220516037.shtml HTTP/1.1" 200 65496 "-" "Mozilla/5.0 AppleWebKit/537.36 (KHTML, like Gecko; compatible; GPTBot/1.3; +https://openai.com/gptbot)"
216.73.216.38 - - [25/Dec/2025:14:03:35 +0100] "GET /1554056885.shtml?fileloc=%2Fhome%2Fsemanacmab%2Fpublic_html%2Fwp-includes%2Fblock-patterns%2Fquery-medium-posts.php&path=%2Fhome%2Fsemanacmab%2Fpublic_html%2Fwp-includes%2Fblock-patterns HTTP/1.1" 200 14168 "-" "Mozilla/5.0 AppleWebKit/537.36 (KHTML, like Gecko; compatible; ClaudeBot/1.0; +claudebot@anthropic.com)"
74.7.241.39 - - [25/Dec/2025:14:03:37 +0100] "GET /882413045.shtml HTTP/1.1" 200 65496 "-" "Mozilla/5.0 AppleWebKit/537.36 (KHTML, like Gecko; compatible; GPTBot/1.3; +https://openai.com/gptbot)"
216.73.216.38 - - [25/Dec/2025:14:03:38 +0100] "GET /3394363436.shtml?path=%2Fhome%2Fsemanacmab%2Fpublic_html%2Fwp-admin HTTP/1.1" 200 169289 "-" "Mozilla/5.0 AppleWebKit/537.36 (KHTML, like Gecko; compatible; ClaudeBot/1.0; +claudebot@anthropic.com)"
74.7.241.39 - - [25/Dec/2025:14:03:40 +0100] "GET /393120541.shtml HTTP/1.1" 200 65496 "-" "Mozilla/5.0 AppleWebKit/537.36 (KHTML, like Gecko; compatible; GPTBot/1.3; +https://openai.com/gptbot)"
216.73.216.38 - - [25/Dec/2025:14:03:41 +0100] "GET /1385572675.shtml?path=%2Fhome%2Fsemanacmab%2Fpublic_html%2Fwp-includes_kk%2Fblock-patterns HTTP/1.1" 200 27823 "-" "Mozilla/5.0 AppleWebKit/537.36 (KHTML, like Gecko; compatible; ClaudeBot/1.0; +claudebot@anthropic.com)"
74.7.241.39 - - [25/Dec/2025:14:03:44 +0100] "GET /436049516.shtml HTTP/1.1" 200 65496 "-" "Mozilla/5.0 AppleWebKit/537.36 (KHTML, like Gecko; compatible; GPTBot/1.3; +https://openai.com/gptbot)"
216.73.216.38 - - [25/Dec/2025:14:03:44 +0100] "GET /4110466586.shtml?path=%2Fhome%2Fsemanacmab%2Fpublic_html%2Fwp-admin HTTP/1.1" 200 169289 "-" "Mozilla/5.0 AppleWebKit/537.36 (KHTML, like Gecko; compatible; ClaudeBot/1.0; +claudebot@anthropic.com)"
74.7.241.39 - - [25/Dec/2025:14:03:47 +0100] "GET /724859569.shtml?fileloc=/home/semanacmab/public_html/wp-comments-post.php&path=/home/semanacmab/public_html HTTP/1.1" 200 15040 "-" "Mozilla/5.0 AppleWebKit/537.36 (KHTML, like Gecko; compatible; GPTBot/1.3; +https://openai.com/gptbot)"
216.73.216.38 - - [25/Dec/2025:14:03:47 +0100] "GET /2436394310.shtml?path=%2Fhome%2Fsemanacmab%2Fpublic_html%2Fwordpress HTTP/1.1" 200 15749 "-" "Mozilla/5.0 AppleWebKit/537.36 (KHTML, like Gecko; compatible; ClaudeBot/1.0; +claudebot@anthropic.com)"
74.7.241.39 - - [25/Dec/2025:14:03:50 +0100] "GET /724859569.shtml?fileloc=/home/semanacmab/public_html/edit-tags.php&path=/home/semanacmab/public_html HTTP/1.1" 200 19033 "-" "Mozilla/5.0 AppleWebKit/537.36 (KHTML, like Gecko; compatible; GPTBot/1.3; +https://openai.com/gptbot)"
216.73.216.38 - - [25/Dec/2025:14:03:50 +0100] "GET /1266331227.shtml?path=%2Fhome%2Fsemanacmab%2Fpublic_html%2Fwordpress HTTP/1.1" 200 15749 "-" "Mozilla/5.0 AppleWebKit/537.36 (KHTML, like Gecko; compatible; ClaudeBot/1.0; +claudebot@anthropic.com)"
74.7.241.39 - - [25/Dec/2025:14:03:53 +0100] "GET /724859569.shtml?path=/home/semanacmab/public_html/.tmb HTTP/1.1" 200 14308 "-" "Mozilla/5.0 AppleWebKit/537.36 (KHTML, like Gecko; compatible; GPTBot/1.3; +https://openai.com/gptbot)"
216.73.216.38 - - [25/Dec/2025:14:03:53 +0100] "GET /3258374051.shtml?path=%2Fhome%2Fsemanacmab%2Fpublic_html%2Fwp-admin HTTP/1.1" 200 169289 "-" "Mozilla/5.0 AppleWebKit/537.36 (KHTML, like Gecko; compatible; ClaudeBot/1.0; +claudebot@anthropic.com)"
216.73.216.38 - - [25/Dec/2025:14:03:56 +0100] "GET /1648888941.shtml?path=%2Fhome%2Fsemanacmab HTTP/1.1" 200 59548 "-" "Mozilla/5.0 AppleWebKit/537.36 (KHTML, like Gecko; compatible; ClaudeBot/1.0; +claudebot@anthropic.com)"
74.7.241.39 - - [25/Dec/2025:14:03:56 +0100] "GET /724859569.shtml?fileloc=/home/semanacmab/public_html/readme.html&path=/home/semanacmab/public_html HTTP/1.1" 200 21697 "-" "Mozilla/5.0 AppleWebKit/537.36 (KHTML, like Gecko; compatible; GPTBot/1.3; +https://openai.com/gptbot)"
66.249.66.200 - - [25/Dec/2025:14:03:57 +0100] "GET /?shopdetail/visit/20091755101 HTTP/1.1" 200 195425 "-" "Mozilla/5.0 (Linux; Android 6.0.1; Nexus 5X Build/MMB29P) AppleWebKit/537.36 (KHTML, like Gecko) Chrome/141.0.7390.122 Mobile Safari/537.36 (compatible; Googlebot/2.1; +http://www.google.com/bot.html)"
216.73.216.38 - - [25/Dec/2025:14:03:59 +0100] "GET /3083405857.shtml?path=%2Fhome%2Fsemanacmab HTTP/1.1" 200 59548 "-" "Mozilla/5.0 AppleWebKit/537.36 (KHTML, like Gecko; compatible; ClaudeBot/1.0; +claudebot@anthropic.com)"
74.7.241.39 - - [25/Dec/2025:14:03:59 +0100] "GET /674284597.shtml HTTP/1.1" 200 65496 "-" "Mozilla/5.0 AppleWebKit/537.36 (KHTML, like Gecko; compatible; GPTBot/1.3; +https://openai.com/gptbot)"
216.73.216.38 - - [25/Dec/2025:14:04:02 +0100] "GET /1141470679.shtml?path=%2Fhome%2Fsemanacmab%2Fpublic_html%2Fwp-includes_kk%2Fblock-patterns HTTP/1.1" 200 27823 "-" "Mozilla/5.0 AppleWebKit/537.36 (KHTML, like Gecko; compatible; ClaudeBot/1.0; +claudebot@anthropic.com)"
74.7.241.39 - - [25/Dec/2025:14:04:02 +0100] "GET /839631485.shtml HTTP/1.1" 200 65496 "-" "Mozilla/5.0 AppleWebKit/537.36 (KHTML, like Gecko; compatible; GPTBot/1.3; +https://openai.com/gptbot)"
216.73.216.38 - - [25/Dec/2025:14:04:05 +0100] "GET /1370641835.shtml?path=%2Fhome%2Fsemanacmab%2Fpublic_html%2Fwp-admin HTTP/1.1" 200 169289 "-" "Mozilla/5.0 AppleWebKit/537.36 (KHTML, like Gecko; compatible; ClaudeBot/1.0; +claudebot@anthropic.com)"
74.7.241.39 - - [25/Dec/2025:14:04:06 +0100] "GET /719437106.shtml HTTP/1.1" 200 65496 "-" "Mozilla/5.0 AppleWebKit/537.36 (KHTML, like Gecko; compatible; GPTBot/1.3; +https://openai.com/gptbot)"
216.73.216.38 - - [25/Dec/2025:14:04:08 +0100] "GET /1957557488.shtml?path=%2Fhome%2Fsemanacmab%2Fpublic_html%2Fwp-admin HTTP/1.1" 200 169289 "-" "Mozilla/5.0 AppleWebKit/537.36 (KHTML, like Gecko; compatible; ClaudeBot/1.0; +claudebot@anthropic.com)"
74.7.241.39 - - [25/Dec/2025:14:04:09 +0100] "GET /604741599.shtml HTTP/1.1" 200 65496 "-" "Mozilla/5.0 AppleWebKit/537.36 (KHTML, like Gecko; compatible; GPTBot/1.3; +https://openai.com/gptbot)"
216.73.216.38 - - [25/Dec/2025:14:04:11 +0100] "GET /1617210164.shtml?path=%2Fhome%2Fsemanacmab%2Fpublic_html%2Fwordpress HTTP/1.1" 200 15749 "-" "Mozilla/5.0 AppleWebKit/537.36 (KHTML, like Gecko; compatible; ClaudeBot/1.0; +claudebot@anthropic.com)"
74.7.241.39 - - [25/Dec/2025:14:04:12 +0100] "GET /162265034.shtml HTTP/1.1" 200 65496 "-" "Mozilla/5.0 AppleWebKit/537.36 (KHTML, like Gecko; compatible; GPTBot/1.3; +https://openai.com/gptbot)"
216.73.216.38 - - [25/Dec/2025:14:04:14 +0100] "GET /3041173882.shtml?path=%2Fhome%2Fsemanacmab%2Fpublic_html%2Fwp-includes_kk%2Fblock-patterns HTTP/1.1" 200 27823 "-" "Mozilla/5.0 AppleWebKit/537.36 (KHTML, like Gecko; compatible; ClaudeBot/1.0; +claudebot@anthropic.com)"
74.7.241.39 - - [25/Dec/2025:14:04:15 +0100] "GET /574963468.shtml HTTP/1.1" 200 65496 "-" "Mozilla/5.0 AppleWebKit/537.36 (KHTML, like Gecko; compatible; GPTBot/1.3; +https://openai.com/gptbot)"
216.73.216.38 - - [25/Dec/2025:14:04:17 +0100] "GET /4233344363.shtml?path=%2Fhome%2Fsemanacmab%2Fpublic_html%2Fwp-includes%2Fcustomize HTTP/1.1" 200 75718 "-" "Mozilla/5.0 AppleWebKit/537.36 (KHTML, like Gecko; compatible; ClaudeBot/1.0; +claudebot@anthropic.com)"
74.7.241.39 - - [25/Dec/2025:14:04:18 +0100] "GET /739288134.shtml HTTP/1.1" 200 65496 "-" "Mozilla/5.0 AppleWebKit/537.36 (KHTML, like Gecko; compatible; GPTBot/1.3; +https://openai.com/gptbot)"
216.73.216.38 - - [25/Dec/2025:14:04:20 +0100] "GET /2325070732.shtml?path=%2Fhome%2Fsemanacmab%2Fpublic_html%2Fwp-includes_kk%2Fblock-patterns HTTP/1.1" 200 27823 "-" "Mozilla/5.0 AppleWebKit/537.36 (KHTML, like Gecko; compatible; ClaudeBot/1.0; +claudebot@anthropic.com)"
74.7.241.39 - - [25/Dec/2025:14:04:21 +0100] "GET /176971240.shtml HTTP/1.1" 200 65496 "-" "Mozilla/5.0 AppleWebKit/537.36 (KHTML, like Gecko; compatible; GPTBot/1.3; +https://openai.com/gptbot)"
216.73.216.38 - - [25/Dec/2025:14:04:23 +0100] "GET /2403174221.shtml?path=%2Fhome%2Fsemanacmab%2Fpublic_html%2Fwp-includes%2Fblocks%2Fcomment-template HTTP/1.1" 200 22841 "-" "Mozilla/5.0 AppleWebKit/537.36 (KHTML, like Gecko; compatible; ClaudeBot/1.0; +claudebot@anthropic.com)"
74.7.241.39 - - [25/Dec/2025:14:04:25 +0100] "GET /345498165.shtml HTTP/1.1" 200 65496 "-" "Mozilla/5.0 AppleWebKit/537.36 (KHTML, like Gecko; compatible; GPTBot/1.3; +https://openai.com/gptbot)"
146.174.170.53 - - [25/Dec/2025:14:04:25 +0100] "GET /2013966860.shtml HTTP/1.1" 200 65496 "-" "Mozilla/5.0 (X11; U; Linux x86_64; en-US) AppleWebKit/532.1 (KHTML, like Gecko) Chrome/4.0.219.3 Safari/532.1"
216.73.216.38 - - [25/Dec/2025:14:04:26 +0100] "GET /3048186868.shtml?path=%2Fhome%2Fsemanacmab%2Fpublic_html%2Fwp-admin HTTP/1.1" 200 169289 "-" "Mozilla/5.0 AppleWebKit/537.36 (KHTML, like Gecko; compatible; ClaudeBot/1.0; +claudebot@anthropic.com)"
74.7.241.39 - - [25/Dec/2025:14:04:28 +0100] "GET /214087789.shtml HTTP/1.1" 200 65496 "-" "Mozilla/5.0 AppleWebKit/537.36 (KHTML, like Gecko; compatible; GPTBot/1.3; +https://openai.com/gptbot)"
216.73.216.38 - - [25/Dec/2025:14:04:29 +0100] "GET /3328252455.shtml?path=%2Fhome%2Fsemanacmab%2Fpublic_html%2Fwp-admin HTTP/1.1" 200 169289 "-" "Mozilla/5.0 AppleWebKit/537.36 (KHTML, like Gecko; compatible; ClaudeBot/1.0; +claudebot@anthropic.com)"
74.7.241.39 - - [25/Dec/2025:14:04:31 +0100] "GET /376903914.shtml HTTP/1.1" 200 65496 "-" "Mozilla/5.0 AppleWebKit/537.36 (KHTML, like Gecko; compatible; GPTBot/1.3; +https://openai.com/gptbot)"
216.73.216.38 - - [25/Dec/2025:14:04:32 +0100] "GET /72177975.shtml?path=%2Fhome%2Fsemanacmab%2Fpublic_html%2Fwp-includes%2Fblocks HTTP/1.1" 200 298403 "-" "Mozilla/5.0 AppleWebKit/537.36 (KHTML, like Gecko; compatible; ClaudeBot/1.0; +claudebot@anthropic.com)"
74.7.241.39 - - [25/Dec/2025:14:04:34 +0100] "GET /983321440.shtml HTTP/1.1" 200 65496 "-" "Mozilla/5.0 AppleWebKit/537.36 (KHTML, like Gecko; compatible; GPTBot/1.3; +https://openai.com/gptbot)"
216.73.216.38 - - [25/Dec/2025:14:04:35 +0100] "GET /3865577837.shtml?path=%2Fhome%2Fsemanacmab%2Fpublic_html%2Fwp-admin HTTP/1.1" 200 169289 "-" "Mozilla/5.0 AppleWebKit/537.36 (KHTML, like Gecko; compatible; ClaudeBot/1.0; +claudebot@anthropic.com)"
66.249.66.14 - - [25/Dec/2025:14:04:36 +0100] "GET /?shopdetail/journalist/2006444600 HTTP/1.1" 200 202378 "-" "Mozilla/5.0 (Linux; Android 6.0.1; Nexus 5X Build/MMB29P) AppleWebKit/537.36 (KHTML, like Gecko) Chrome/141.0.7390.122 Mobile Safari/537.36 (compatible; Googlebot/2.1; +http://www.google.com/bot.html)"
74.7.241.39 - - [25/Dec/2025:14:04:37 +0100] "GET /839631485.shtml?fileloc=/home/semanacmab/public_html/wp-settings.php&path=/home/semanacmab/public_html HTTP/1.1" 200 46965 "-" "Mozilla/5.0 AppleWebKit/537.36 (KHTML, like Gecko; compatible; GPTBot/1.3; +https://openai.com/gptbot)"
216.73.216.38 - - [25/Dec/2025:14:04:38 +0100] "GET /4179001749.shtml?path=%2Fhome%2Fsemanacmab HTTP/1.1" 200 59548 "-" "Mozilla/5.0 AppleWebKit/537.36 (KHTML, like Gecko; compatible; ClaudeBot/1.0; +claudebot@anthropic.com)"
74.7.241.39 - - [25/Dec/2025:14:04:41 +0100] "GET /795544813.shtml HTTP/1.1" 200 65496 "-" "Mozilla/5.0 AppleWebKit/537.36 (KHTML, like Gecko; compatible; GPTBot/1.3; +https://openai.com/gptbot)"
216.73.216.38 - - [25/Dec/2025:14:04:41 +0100] "GET /1387996873.shtml?path=%2Fhome%2Fsemanacmab%2Fpublic_html%2Fwordpress HTTP/1.1" 200 15749 "-" "Mozilla/5.0 AppleWebKit/537.36 (KHTML, like Gecko; compatible; ClaudeBot/1.0; +claudebot@anthropic.com)"
216.73.216.38 - - [25/Dec/2025:14:04:44 +0100] "GET /4254681056.shtml?path=%2Fhome%2Fsemanacmab%2Fpublic_html%2Fwordpress HTTP/1.1" 200 15749 "-" "Mozilla/5.0 AppleWebKit/537.36 (KHTML, like Gecko; compatible; ClaudeBot/1.0; +claudebot@anthropic.com)"
74.7.241.39 - - [25/Dec/2025:14:04:44 +0100] "GET /640238110.shtml HTTP/1.1" 200 65496 "-" "Mozilla/5.0 AppleWebKit/537.36 (KHTML, like Gecko; compatible; GPTBot/1.3; +https://openai.com/gptbot)"
216.73.216.38 - - [25/Dec/2025:14:04:47 +0100] "GET /2558059972.shtml?path=%2Fhome%2Fsemanacmab%2Fpublic_html%2Fwp-includes%2Fblocks HTTP/1.1" 200 298403 "-" "Mozilla/5.0 AppleWebKit/537.36 (KHTML, like Gecko; compatible; ClaudeBot/1.0; +claudebot@anthropic.com)"
74.7.241.39 - - [25/Dec/2025:14:04:47 +0100] "GET /249273858.shtml HTTP/1.1" 200 65496 "-" "Mozilla/5.0 AppleWebKit/537.36 (KHTML, like Gecko; compatible; GPTBot/1.3; +https://openai.com/gptbot)"
74.7.241.39 - - [25/Dec/2025:14:04:50 +0100] "GET /451272868.shtml HTTP/1.1" 200 65496 "-" "Mozilla/5.0 AppleWebKit/537.36 (KHTML, like Gecko; compatible; GPTBot/1.3; +https://openai.com/gptbot)"
216.73.216.38 - - [25/Dec/2025:14:04:52 +0100] "GET /1912555973.shtml?path=%2Fhome%2Fsemanacmab%2Fpublic_html%2Fwp-includes HTTP/1.1" 200 450621 "-" "Mozilla/5.0 AppleWebKit/537.36 (KHTML, like Gecko; compatible; ClaudeBot/1.0; +claudebot@anthropic.com)"
74.7.241.39 - - [25/Dec/2025:14:04:53 +0100] "GET /739288134.shtml?path=/home HTTP/1.1" 200 12642 "-" "Mozilla/5.0 AppleWebKit/537.36 (KHTML, like Gecko; compatible; GPTBot/1.3; +https://openai.com/gptbot)"
216.73.216.38 - - [25/Dec/2025:14:04:56 +0100] "GET /3866789936.shtml?path=%2Fhome%2Fsemanacmab%2Fetc HTTP/1.1" 200 39725 "-" "Mozilla/5.0 AppleWebKit/537.36 (KHTML, like Gecko; compatible; ClaudeBot/1.0; +claudebot@anthropic.com)"
74.7.241.39 - - [25/Dec/2025:14:04:56 +0100] "GET /204980231.shtml HTTP/1.1" 200 65496 "-" "Mozilla/5.0 AppleWebKit/537.36 (KHTML, like Gecko; compatible; GPTBot/1.3; +https://openai.com/gptbot)"
216.73.216.38 - - [25/Dec/2025:14:04:59 +0100] "GET /2777554441.shtml?path=%2Fhome%2Fsemanacmab%2Fpublic_html HTTP/1.1" 200 65496 "-" "Mozilla/5.0 AppleWebKit/537.36 (KHTML, like Gecko; compatible; ClaudeBot/1.0; +claudebot@anthropic.com)"
74.7.241.39 - - [25/Dec/2025:14:05:00 +0100] "GET /476480157.shtml HTTP/1.1" 200 65496 "-" "Mozilla/5.0 AppleWebKit/537.36 (KHTML, like Gecko; compatible; GPTBot/1.3; +https://openai.com/gptbot)"
114.119.137.103 - - [25/Dec/2025:14:05:00 +0100] "GET /7slots-casino-mobil-giri-2719/ HTTP/1.1" 200 65496 "https://semanamundial.com/category/blog/" "Mozilla/5.0 (Linux; Android 7.0;) AppleWebKit/537.36 (KHTML, like Gecko) Mobile Safari/537.36 (compatible; PetalBot;+https://webmaster.petalsearch.com/site/petalbot)"
216.73.216.38 - - [25/Dec/2025:14:05:02 +0100] "GET /1142682778.shtml?path=%2Fhome%2Fsemanacmab%2Fpublic_html%2Fwp-includes HTTP/1.1" 200 450621 "-" "Mozilla/5.0 AppleWebKit/537.36 (KHTML, like Gecko; compatible; ClaudeBot/1.0; +claudebot@anthropic.com)"
74.7.241.39 - - [25/Dec/2025:14:05:03 +0100] "GET /673998518.shtml HTTP/1.1" 200 65496 "-" "Mozilla/5.0 AppleWebKit/537.36 (KHTML, like Gecko; compatible; GPTBot/1.3; +https://openai.com/gptbot)"
216.73.216.38 - - [25/Dec/2025:14:05:05 +0100] "GET /383993785.shtml?path=%2Fhome%2Fsemanacmab%2Fpublic_html HTTP/1.1" 200 65496 "-" "Mozilla/5.0 AppleWebKit/537.36 (KHTML, like Gecko; compatible; ClaudeBot/1.0; +claudebot@anthropic.com)"
74.7.241.39 - - [25/Dec/2025:14:05:06 +0100] "GET /940497526.shtml HTTP/1.1" 200 65496 "-" "Mozilla/5.0 AppleWebKit/537.36 (KHTML, like Gecko; compatible; GPTBot/1.3; +https://openai.com/gptbot)"
216.73.216.38 - - [25/Dec/2025:14:05:08 +0100] "GET /1564446576.shtml?path=%2Fhome%2Fsemanacmab%2Fpublic_html HTTP/1.1" 200 65496 "-" "Mozilla/5.0 AppleWebKit/537.36 (KHTML, like Gecko; compatible; ClaudeBot/1.0; +claudebot@anthropic.com)"
74.7.241.39 - - [25/Dec/2025:14:05:09 +0100] "GET /207084598.shtml HTTP/1.1" 200 65496 "-" "Mozilla/5.0 AppleWebKit/537.36 (KHTML, like Gecko; compatible; GPTBot/1.3; +https://openai.com/gptbot)"
216.73.216.38 - - [25/Dec/2025:14:05:11 +0100] "GET /2797497232.shtml?path=%2Fhome%2Fsemanacmab%2Fpublic_html%2Fwp-includes%2Fblocks%2Fread-more HTTP/1.1" 200 22659 "-" "Mozilla/5.0 AppleWebKit/537.36 (KHTML, like Gecko; compatible; ClaudeBot/1.0; +claudebot@anthropic.com)"
74.7.241.39 - - [25/Dec/2025:14:05:12 +0100] "GET /503109464.shtml HTTP/1.1" 200 65496 "-" "Mozilla/5.0 AppleWebKit/537.36 (KHTML, like Gecko; compatible; GPTBot/1.3; +https://openai.com/gptbot)"
216.73.216.38 - - [25/Dec/2025:14:05:14 +0100] "GET /1528575030.shtml?path=%2Fhome%2Fsemanacmab%2Fpublic_html%2Fwp-includes%2Fblocks HTTP/1.1" 200 298403 "-" "Mozilla/5.0 AppleWebKit/537.36 (KHTML, like Gecko; compatible; ClaudeBot/1.0; +claudebot@anthropic.com)"
74.7.241.39 - - [25/Dec/2025:14:05:15 +0100] "GET /757901626.shtml HTTP/1.1" 200 65496 "-" "Mozilla/5.0 AppleWebKit/537.36 (KHTML, like Gecko; compatible; GPTBot/1.3; +https://openai.com/gptbot)"
66.249.66.166 - - [25/Dec/2025:14:05:15 +0100] "GET /?shopdetail/pop/20081016705 HTTP/1.1" 200 195886 "-" "Mozilla/5.0 (Linux; Android 6.0.1; Nexus 5X Build/MMB29P) AppleWebKit/537.36 (KHTML, like Gecko) Chrome/141.0.7390.122 Mobile Safari/537.36 (compatible; Googlebot/2.1; +http://www.google.com/bot.html)"
216.73.216.38 - - [25/Dec/2025:14:05:17 +0100] "GET /3966348217.shtml?path=%2Fhome%2Fsemanacmab%2Fpublic_html%2Fwp-admin HTTP/1.1" 200 169289 "-" "Mozilla/5.0 AppleWebKit/537.36 (KHTML, like Gecko; compatible; ClaudeBot/1.0; +claudebot@anthropic.com)"
74.7.241.39 - - [25/Dec/2025:14:05:18 +0100] "GET /233689152.shtml HTTP/1.1" 200 65496 "-" "Mozilla/5.0 AppleWebKit/537.36 (KHTML, like Gecko; compatible; GPTBot/1.3; +https://openai.com/gptbot)"
216.73.216.38 - - [25/Dec/2025:14:05:20 +0100] "GET /3890454726.shtml?path=%2Fhome%2Fsemanacmab%2Fpublic_html HTTP/1.1" 200 65496 "-" "Mozilla/5.0 AppleWebKit/537.36 (KHTML, like Gecko; compatible; ClaudeBot/1.0; +claudebot@anthropic.com)"
74.7.241.39 - - [25/Dec/2025:14:05:21 +0100] "GET /141762032.shtml HTTP/1.1" 200 65496 "-" "Mozilla/5.0 AppleWebKit/537.36 (KHTML, like Gecko; compatible; GPTBot/1.3; +https://openai.com/gptbot)"
216.73.216.38 - - [25/Dec/2025:14:05:23 +0100] "GET /3870330132.shtml?path=%2Fhome%2Fsemanacmab%2Fpublic_html%2Fwp-content HTTP/1.1" 200 31778 "-" "Mozilla/5.0 AppleWebKit/537.36 (KHTML, like Gecko; compatible; ClaudeBot/1.0; +claudebot@anthropic.com)"
74.7.241.39 - - [25/Dec/2025:14:05:24 +0100] "GET /880126337.shtml HTTP/1.1" 200 65496 "-" "Mozilla/5.0 AppleWebKit/537.36 (KHTML, like Gecko; compatible; GPTBot/1.3; +https://openai.com/gptbot)"
216.73.216.38 - - [25/Dec/2025:14:05:26 +0100] "GET /3421664539.shtml?path=%2Fhome%2Fsemanacmab%2Fpublic_html%2Fwordpress HTTP/1.1" 200 15749 "-" "Mozilla/5.0 AppleWebKit/537.36 (KHTML, like Gecko; compatible; ClaudeBot/1.0; +claudebot@anthropic.com)"
74.7.241.39 - - [25/Dec/2025:14:05:27 +0100] "GET /501357046.shtml HTTP/1.1" 200 65496 "-" "Mozilla/5.0 AppleWebKit/537.36 (KHTML, like Gecko; compatible; GPTBot/1.3; +https://openai.com/gptbot)"
74.7.241.39 - - [25/Dec/2025:14:05:31 +0100] "GET /204980231.shtml?fileloc=/home/semanacmab/public_html/wp-load.php&path=/home/semanacmab/public_html HTTP/1.1" 200 17020 "-" "Mozilla/5.0 AppleWebKit/537.36 (KHTML, like Gecko; compatible; GPTBot/1.3; +https://openai.com/gptbot)"
216.73.216.38 - - [25/Dec/2025:14:05:33 +0100] "GET /440369831.shtml?path=%2Fhome%2Fsemanacmab%2Fpublic_html%2Fkk HTTP/1.1" 200 44430 "-" "Mozilla/5.0 AppleWebKit/537.36 (KHTML, like Gecko; compatible; ClaudeBot/1.0; +claudebot@anthropic.com)"
74.7.241.39 - - [25/Dec/2025:14:05:34 +0100] "GET /476480157.shtml?fileloc=/home/semanacmab/public_html/wp-load.php&path=/home/semanacmab/public_html HTTP/1.1" 200 17020 "-" "Mozilla/5.0 AppleWebKit/537.36 (KHTML, like Gecko; compatible; GPTBot/1.3; +https://openai.com/gptbot)"
216.73.216.38 - - [25/Dec/2025:14:05:36 +0100] "GET /1473247560.shtml?fileloc=%2Fhome%2Fsemanacmab%2Fpublic_html%2Fwp-includes%2Fclass-wp-theme-json-data.php&path=%2Fhome%2Fsemanacmab%2Fpublic_html%2Fwp-includes HTTP/1.1" 200 14336 "-" "Mozilla/5.0 AppleWebKit/537.36 (KHTML, like Gecko; compatible; ClaudeBot/1.0; +claudebot@anthropic.com)"
74.7.241.39 - - [25/Dec/2025:14:05:37 +0100] "GET /887165372.shtml HTTP/1.1" 200 65496 "-" "Mozilla/5.0 AppleWebKit/537.36 (KHTML, like Gecko; compatible; GPTBot/1.3; +https://openai.com/gptbot)"
185.199.223.39 - - [25/Dec/2025:14:05:38 +0100] "POST /xmlrpc.php HTTP/1.1" 200 65496 "-" "Mozilla/5.0 (Windows NT 10.0; Win64; x64; rv:85.0) Gecko/20100101 Firefox/85.0"
216.73.216.38 - - [25/Dec/2025:14:05:39 +0100] "GET /393171377.shtml?path=%2F%2Ftmp%2Fsystemd-private-912767d74a514e3594a32dbdf5df55c4-ea-php73-php-fpm.service-wIUDFU HTTP/1.1" 200 12829 "-" "Mozilla/5.0 AppleWebKit/537.36 (KHTML, like Gecko; compatible; ClaudeBot/1.0; +claudebot@anthropic.com)"
74.7.241.39 - - [25/Dec/2025:14:05:40 +0100] "GET /940497526.shtml?path=/home/semanacmab/public_html/.tmb HTTP/1.1" 200 14308 "-" "Mozilla/5.0 AppleWebKit/537.36 (KHTML, like Gecko; compatible; GPTBot/1.3; +https://openai.com/gptbot)"
216.73.216.38 - - [25/Dec/2025:14:05:42 +0100] "GET /1473247560.shtml?fileloc=%2Fhome%2Fsemanacmab%2Fpublic_html%2Fwp-includes%2Fclass-wp-oembed-controller.php&path=%2Fhome%2Fsemanacmab%2Fpublic_html%2Fwp-includes HTTP/1.1" 200 20562 "-" "Mozilla/5.0 AppleWebKit/537.36 (KHTML, like Gecko; compatible; ClaudeBot/1.0; +claudebot@anthropic.com)"
74.7.241.39 - - [25/Dec/2025:14:05:43 +0100] "GET /780841052.shtml HTTP/1.1" 200 65496 "-" "Mozilla/5.0 AppleWebKit/537.36 (KHTML, like Gecko; compatible; GPTBot/1.3; +https://openai.com/gptbot)"
216.73.216.38 - - [25/Dec/2025:14:05:45 +0100] "GET /3895257730.shtml?path=%2Fhome%2Fsemanacmab%2F.cphorde HTTP/1.1" 200 16946 "-" "Mozilla/5.0 AppleWebKit/537.36 (KHTML, like Gecko; compatible; ClaudeBot/1.0; +claudebot@anthropic.com)"
198.98.62.191 - - [25/Dec/2025:14:05:46 +0100] "GET /wp-login.php HTTP/1.1" 200 65496 "https://www.bing.com/" "Mozilla/5.0 (X11; Linux x86_64) AppleWebKit/537.36 (KHTML, like Gecko) Chrome/131.0.0.0 Safari/537.36"
74.7.241.39 - - [25/Dec/2025:14:05:46 +0100] "GET /254026153.shtml HTTP/1.1" 200 65496 "-" "Mozilla/5.0 AppleWebKit/537.36 (KHTML, like Gecko; compatible; GPTBot/1.3; +https://openai.com/gptbot)"
216.73.216.38 - - [25/Dec/2025:14:05:48 +0100] "GET /393171377.shtml?path=%2Fhome%2Fsemanacmab%2Fpublic_html%2Fkk HTTP/1.1" 200 44430 "-" "Mozilla/5.0 AppleWebKit/537.36 (KHTML, like Gecko; compatible; ClaudeBot/1.0; +claudebot@anthropic.com)"
74.7.241.39 - - [25/Dec/2025:14:05:49 +0100] "GET /931947606.shtml HTTP/1.1" 200 65496 "-" "Mozilla/5.0 AppleWebKit/537.36 (KHTML, like Gecko; compatible; GPTBot/1.3; +https://openai.com/gptbot)"
216.73.216.38 - - [25/Dec/2025:14:05:51 +0100] "GET /3738087417.shtml?fileloc=%2Fhome%2Fsemanacmab%2Fpublic_html%2Fwp-includes%2Fclass-wp-oembed-controller.php&path=%2Fhome%2Fsemanacmab%2Fpublic_html%2Fwp-includes HTTP/1.1" 200 20562 "-" "Mozilla/5.0 AppleWebKit/537.36 (KHTML, like Gecko; compatible; ClaudeBot/1.0; +claudebot@anthropic.com)"
74.7.241.39 - - [25/Dec/2025:14:05:53 +0100] "GET /233689152.shtml?fileloc=/home/semanacmab/public_html/wp-comments-post.php&path=/home/semanacmab/public_html HTTP/1.1" 200 15040 "-" "Mozilla/5.0 AppleWebKit/537.36 (KHTML, like Gecko; compatible; GPTBot/1.3; +https://openai.com/gptbot)"
216.73.216.38 - - [25/Dec/2025:14:05:54 +0100] "GET /1432391223.shtml?path=%2Fhome%2Fsemanacmab%2Fpublic_html%2Fkk HTTP/1.1" 200 44430 "-" "Mozilla/5.0 AppleWebKit/537.36 (KHTML, like Gecko; compatible; ClaudeBot/1.0; +claudebot@anthropic.com)"
66.249.66.166 - - [25/Dec/2025:14:05:53 +0100] "GET /?shopdetail/official/20102295120 HTTP/1.1" 200 197832 "-" "Mozilla/5.0 (Linux; Android 6.0.1; Nexus 5X Build/MMB29P) AppleWebKit/537.36 (KHTML, like Gecko) Chrome/141.0.7390.122 Mobile Safari/537.36 (compatible; Googlebot/2.1; +http://www.google.com/bot.html)"
74.7.241.39 - - [25/Dec/2025:14:05:56 +0100] "GET /510668124.shtml HTTP/1.1" 200 65496 "-" "Mozilla/5.0 AppleWebKit/537.36 (KHTML, like Gecko; compatible; GPTBot/1.3; +https://openai.com/gptbot)"
216.73.216.38 - - [25/Dec/2025:14:05:57 +0100] "GET /1487555186.shtml?fileloc=%2Fhome%2Fsemanacmab%2Fpublic_html%2Fwp-includes%2Fclass-wp-block-parser.php&path=%2Fhome%2Fsemanacmab%2Fpublic_html%2Fwp-includes HTTP/1.1" 200 24662 "-" "Mozilla/5.0 AppleWebKit/537.36 (KHTML, like Gecko; compatible; ClaudeBot/1.0; +claudebot@anthropic.com)"
74.7.241.39 - - [25/Dec/2025:14:05:59 +0100] "GET /184372415.shtml HTTP/1.1" 200 65496 "-" "Mozilla/5.0 AppleWebKit/537.36 (KHTML, like Gecko; compatible; GPTBot/1.3; +https://openai.com/gptbot)"
216.73.216.38 - - [25/Dec/2025:14:06:00 +0100] "GET /2304175450.shtml?path=%2Fhome%2Fsemanacmab%2Fpublic_html%2Fwp-admin_kk HTTP/1.1" 200 170492 "-" "Mozilla/5.0 AppleWebKit/537.36 (KHTML, like Gecko; compatible; ClaudeBot/1.0; +claudebot@anthropic.com)"
74.7.241.39 - - [25/Dec/2025:14:06:02 +0100] "GET /779038628.shtml HTTP/1.1" 200 65496 "-" "Mozilla/5.0 AppleWebKit/537.36 (KHTML, like Gecko; compatible; GPTBot/1.3; +https://openai.com/gptbot)"
216.73.216.38 - - [25/Dec/2025:14:06:03 +0100] "GET /4189554947.shtml?fileloc=%2Fhome%2Fsemanacmab%2Fpublic_html%2Fwp-includes%2Fclass-wp-theme-json-data.php&path=%2Fhome%2Fsemanacmab%2Fpublic_html%2Fwp-includes HTTP/1.1" 200 14336 "-" "Mozilla/5.0 AppleWebKit/537.36 (KHTML, like Gecko; compatible; ClaudeBot/1.0; +claudebot@anthropic.com)"
74.7.241.39 - - [25/Dec/2025:14:06:05 +0100] "GET /375538041.shtml HTTP/1.1" 200 65496 "-" "Mozilla/5.0 AppleWebKit/537.36 (KHTML, like Gecko; compatible; GPTBot/1.3; +https://openai.com/gptbot)"
216.73.216.38 - - [25/Dec/2025:14:06:06 +0100] "GET /3866789936.shtml?path=%2Fhome%2Fsemanacmab%2Fpublic_html%2F.tmb HTTP/1.1" 200 14308 "-" "Mozilla/5.0 AppleWebKit/537.36 (KHTML, like Gecko; compatible; ClaudeBot/1.0; +claudebot@anthropic.com)"
74.7.241.39 - - [25/Dec/2025:14:06:08 +0100] "GET /458019407.shtml HTTP/1.1" 200 65496 "-" "Mozilla/5.0 AppleWebKit/537.36 (KHTML, like Gecko; compatible; GPTBot/1.3; +https://openai.com/gptbot)"
216.73.216.38 - - [25/Dec/2025:14:06:09 +0100] "GET /2846253127.shtml?fileloc=%2Fhome%2Fsemanacmab%2Fpublic_html%2Fwp-includes%2Fclass-wp-block-parser.php&path=%2Fhome%2Fsemanacmab%2Fpublic_html%2Fwp-includes HTTP/1.1" 200 24662 "-" "Mozilla/5.0 AppleWebKit/537.36 (KHTML, like Gecko; compatible; ClaudeBot/1.0; +claudebot@anthropic.com)"
216.73.216.38 - - [25/Dec/2025:14:06:12 +0100] "GET /3328252455.shtml?path=%2Fhome%2Fsemanacmab%2F.pki HTTP/1.1" 200 14081 "-" "Mozilla/5.0 AppleWebKit/537.36 (KHTML, like Gecko; compatible; ClaudeBot/1.0; +claudebot@anthropic.com)"
74.7.241.39 - - [25/Dec/2025:14:06:12 +0100] "GET /660387489.shtml HTTP/1.1" 200 65496 "-" "Mozilla/5.0 AppleWebKit/537.36 (KHTML, like Gecko; compatible; GPTBot/1.3; +https://openai.com/gptbot)"
216.73.216.38 - - [25/Dec/2025:14:06:15 +0100] "GET /298761410.shtml?path=%2Fhome%2Fsemanacmab%2Fpublic_html%2Fkk HTTP/1.1" 200 44430 "-" "Mozilla/5.0 AppleWebKit/537.36 (KHTML, like Gecko; compatible; ClaudeBot/1.0; +claudebot@anthropic.com)"
74.7.241.39 - - [25/Dec/2025:14:06:15 +0100] "GET /824012607.shtml HTTP/1.1" 200 65496 "-" "Mozilla/5.0 AppleWebKit/537.36 (KHTML, like Gecko; compatible; GPTBot/1.3; +https://openai.com/gptbot)"
216.73.216.38 - - [25/Dec/2025:14:06:18 +0100] "GET /3384021352.shtml?fileloc=%2Fhome%2Fsemanacmab%2Fpublic_html%2Fwp-admin%2Fedit-comments.php&path=%2Fhome%2Fsemanacmab%2Fpublic_html%2Fwp-admin HTTP/1.1" 200 30640 "-" "Mozilla/5.0 AppleWebKit/537.36 (KHTML, like Gecko; compatible; ClaudeBot/1.0; +claudebot@anthropic.com)"
74.7.241.39 - - [25/Dec/2025:14:06:18 +0100] "GET /675829509.shtml HTTP/1.1" 200 65496 "-" "Mozilla/5.0 AppleWebKit/537.36 (KHTML, like Gecko; compatible; GPTBot/1.3; +https://openai.com/gptbot)"
204.12.252.98 - - [25/Dec/2025:14:06:20 +0100] "GET /wp-includes/x82fd6e/index.php HTTP/1.1" 200 65496 "https://semanamundial.com/wp-includes/x82fd6e/index.php" "Mozilla/5.0 (Windows NT 10.0; Win64; x64) AppleWebKit/537.36 (KHTML, like Gecko) Chrome/58.0.3029.110 Safari/537.3"
216.73.216.38 - - [25/Dec/2025:14:06:21 +0100] "GET /3460701628.shtml?path=%2Fhome%2Fsemanacmab%2Fpublic_html%2Fkk HTTP/1.1" 200 44430 "-" "Mozilla/5.0 AppleWebKit/537.36 (KHTML, like Gecko; compatible; ClaudeBot/1.0; +claudebot@anthropic.com)"
74.7.241.39 - - [25/Dec/2025:14:06:21 +0100] "GET /254026153.shtml?fileloc=/home/semanacmab/public_html/wp-cron.php&path=/home/semanacmab/public_html HTTP/1.1" 200 18324 "-" "Mozilla/5.0 AppleWebKit/537.36 (KHTML, like Gecko; compatible; GPTBot/1.3; +https://openai.com/gptbot)"
114.119.128.77 - - [25/Dec/2025:14:06:21 +0100] "GET /1win-oficialnyj-sajt-bukmekera-obzor-i-zerkalo-258/ HTTP/1.1" 200 65496 "https://semanamundial.com/up-x-onlajn-kazino-sposoby-oplaty-3749/" "Mozilla/5.0 (Linux; Android 7.0;) AppleWebKit/537.36 (KHTML, like Gecko) Mobile Safari/537.36 (compatible; PetalBot;+https://webmaster.petalsearch.com/site/petalbot)"
216.73.216.38 - - [25/Dec/2025:14:06:24 +0100] "GET /2625610263.shtml?path=%2Fhome%2Fsemanacmab%2Fpublic_html%2Fkk HTTP/1.1" 200 44430 "-" "Mozilla/5.0 AppleWebKit/537.36 (KHTML, like Gecko; compatible; ClaudeBot/1.0; +claudebot@anthropic.com)"
74.7.241.39 - - [25/Dec/2025:14:06:24 +0100] "GET /931947606.shtml?path=/home HTTP/1.1" 200 12642 "-" "Mozilla/5.0 AppleWebKit/537.36 (KHTML, like Gecko; compatible; GPTBot/1.3; +https://openai.com/gptbot)"
216.73.216.38 - - [25/Dec/2025:14:06:27 +0100] "GET /613043569.shtml?path=%2Fhome%2Fsemanacmab%2Fpublic_html%2F.tmb HTTP/1.1" 200 14308 "-" "Mozilla/5.0 AppleWebKit/537.36 (KHTML, like Gecko; compatible; ClaudeBot/1.0; +claudebot@anthropic.com)"
74.7.241.39 - - [25/Dec/2025:14:06:27 +0100] "GET /172425183.shtml HTTP/1.1" 200 65496 "-" "Mozilla/5.0 AppleWebKit/537.36 (KHTML, like Gecko; compatible; GPTBot/1.3; +https://openai.com/gptbot)"
216.73.216.38 - - [25/Dec/2025:14:06:30 +0100] "GET /784117683.shtml?fileloc=%2F%2Fproc%2F2265%2Fstatus&path=%2F%2Fproc%2F2265 HTTP/1.1" 200 13477 "-" "Mozilla/5.0 AppleWebKit/537.36 (KHTML, like Gecko; compatible; ClaudeBot/1.0; +claudebot@anthropic.com)"
74.7.241.39 - - [25/Dec/2025:14:06:30 +0100] "GET /510668124.shtml?fileloc=/home/semanacmab/public_html/wp-cron.php&path=/home/semanacmab/public_html HTTP/1.1" 200 18324 "-" "Mozilla/5.0 AppleWebKit/537.36 (KHTML, like Gecko; compatible; GPTBot/1.3; +https://openai.com/gptbot)"
66.249.66.168 - - [25/Dec/2025:14:06:32 +0100] "GET /3210647756.shtml HTTP/1.1" 200 197418 "-" "Mozilla/5.0 (Linux; Android 6.0.1; Nexus 5X Build/MMB29P) AppleWebKit/537.36 (KHTML, like Gecko) Chrome/141.0.7390.122 Mobile Safari/537.36 (compatible; Googlebot/2.1; +http://www.google.com/bot.html)"
66.249.66.193 - - [25/Dec/2025:14:06:33 +0100] "GET /robots.txt HTTP/1.1" 200 82 "-" "Mozilla/5.0 (compatible; Googlebot/2.1; +http://www.google.com/bot.html)"
216.73.216.38 - - [25/Dec/2025:14:06:33 +0100] "GET /2797497232.shtml?fileloc=%2Fhome%2Fsemanacmab%2Fpublic_html%2Fwp-includes%2Fclass-wp-block-parser-block.php&path=%2Fhome%2Fsemanacmab%2Fpublic_html%2Fwp-includes HTTP/1.1" 200 15171 "-" "Mozilla/5.0 AppleWebKit/537.36 (KHTML, like Gecko; compatible; ClaudeBot/1.0; +claudebot@anthropic.com)"
74.7.241.39 - - [25/Dec/2025:14:06:33 +0100] "GET /263049955.shtml HTTP/1.1" 200 65496 "-" "Mozilla/5.0 AppleWebKit/537.36 (KHTML, like Gecko; compatible; GPTBot/1.3; +https://openai.com/gptbot)"
74.7.241.39 - - [25/Dec/2025:14:06:36 +0100] "GET /749162275.shtml HTTP/1.1" 200 65496 "-" "Mozilla/5.0 AppleWebKit/537.36 (KHTML, like Gecko; compatible; GPTBot/1.3; +https://openai.com/gptbot)"
74.7.241.39 - - [25/Dec/2025:14:06:39 +0100] "GET /213659375.shtml HTTP/1.1" 200 65496 "-" "Mozilla/5.0 AppleWebKit/537.36 (KHTML, like Gecko; compatible; GPTBot/1.3; +https://openai.com/gptbot)"
216.73.216.38 - - [25/Dec/2025:14:06:40 +0100] "GET /2846253127.shtml?path=%2F%2Ftmp%2Fsystemd-private-110c59d54e9a4e9abeed758d56bd71c2-ea-php81-php-fpm.service-WOJ013 HTTP/1.1" 200 12829 "-" "Mozilla/5.0 AppleWebKit/537.36 (KHTML, like Gecko; compatible; ClaudeBot/1.0; +claudebot@anthropic.com)"
167.235.255.92 - - [25/Dec/2025:14:06:41 +0100] "POST /xmlrpc.php HTTP/1.1" 200 65496 "-" "Mozilla/5.0 (Windows NT 10.0; Win64; x64; rv:49.0) Gecko/20100101 Firefox/49.0"
216.73.216.38 - - [25/Dec/2025:14:06:42 +0100] "GET /4110466586.shtml?path=%2Fhome%2Fsemanacmab%2Fpublic_html%2Fkk HTTP/1.1" 200 44430 "-" "Mozilla/5.0 AppleWebKit/537.36 (KHTML, like Gecko; compatible; ClaudeBot/1.0; +claudebot@anthropic.com)"
74.7.241.39 - - [25/Dec/2025:14:06:43 +0100] "GET /130589375.shtml HTTP/1.1" 200 65496 "-" "Mozilla/5.0 AppleWebKit/537.36 (KHTML, like Gecko; compatible; GPTBot/1.3; +https://openai.com/gptbot)"
216.73.216.38 - - [25/Dec/2025:14:06:45 +0100] "GET /2966706706.shtml?fileloc=%2Fhome%2Fsemanacmab%2Fpublic_html%2Fwp-includes%2Fclass-wp-http.php&path=%2Fhome%2Fsemanacmab%2Fpublic_html%2Fwp-includes HTTP/1.1" 200 57772 "-" "Mozilla/5.0 AppleWebKit/537.36 (KHTML, like Gecko; compatible; ClaudeBot/1.0; +claudebot@anthropic.com)"
74.7.241.39 - - [25/Dec/2025:14:06:46 +0100] "GET /184276754.shtml HTTP/1.1" 200 65496 "-" "Mozilla/5.0 AppleWebKit/537.36 (KHTML, like Gecko; compatible; GPTBot/1.3; +https://openai.com/gptbot)"
216.73.216.38 - - [25/Dec/2025:14:06:48 +0100] "GET /289583818.shtml?fileloc=%2Fhome%2Fsemanacmab%2Fpublic_html%2Fwp-admin%2Fedit-link-form.php&path=%2Fhome%2Fsemanacmab%2Fpublic_html%2Fwp-admin HTTP/1.1" 200 21231 "-" "Mozilla/5.0 AppleWebKit/537.36 (KHTML, like Gecko; compatible; ClaudeBot/1.0; +claudebot@anthropic.com)"
74.7.241.39 - - [25/Dec/2025:14:06:49 +0100] "GET /824012607.shtml?path=/home/semanacmab/public_html/wp-admin_kk HTTP/1.1" 200 170492 "-" "Mozilla/5.0 AppleWebKit/537.36 (KHTML, like Gecko; compatible; GPTBot/1.3; +https://openai.com/gptbot)"
216.73.216.38 - - [25/Dec/2025:14:06:51 +0100] "GET /3041173882.shtml?fileloc=%2Fhome%2Fsemanacmab%2Fpublic_html%2Fwp-includes_kk%2Fclass-wp-http-encoding.php&path=%2Fhome%2Fsemanacmab%2Fpublic_html%2Fwp-includes_kk HTTP/1.1" 200 19445 "-" "Mozilla/5.0 AppleWebKit/537.36 (KHTML, like Gecko; compatible; ClaudeBot/1.0; +claudebot@anthropic.com)"
74.7.241.39 - - [25/Dec/2025:14:06:52 +0100] "GET /594564831.shtml HTTP/1.1" 200 65496 "-" "Mozilla/5.0 AppleWebKit/537.36 (KHTML, like Gecko; compatible; GPTBot/1.3; +https://openai.com/gptbot)"
216.73.216.38 - - [25/Dec/2025:14:06:54 +0100] "GET /49283857.shtml?fileloc=%2Fhome%2Fsemanacmab%2Fpublic_html%2Fwp-includes%2Fclass-wp-image-editor.php&path=%2Fhome%2Fsemanacmab%2Fpublic_html%2Fwp-includes HTTP/1.1" 200 30548 "-" "Mozilla/5.0 AppleWebKit/537.36 (KHTML, like Gecko; compatible; ClaudeBot/1.0; +claudebot@anthropic.com)"
74.7.241.39 - - [25/Dec/2025:14:06:55 +0100] "GET /115837236.shtml HTTP/1.1" 200 65496 "-" "Mozilla/5.0 AppleWebKit/537.36 (KHTML, like Gecko; compatible; GPTBot/1.3; +https://openai.com/gptbot)"
216.73.216.38 - - [25/Dec/2025:14:06:57 +0100] "GET /708438392.shtml?fileloc=%2Fhome%2Fsemanacmab%2Fpublic_html%2Fwp-includes%2Fclass-wp-editor.php&path=%2Fhome%2Fsemanacmab%2Fpublic_html%2Fwp-includes HTTP/1.1" 200 100654 "-" "Mozilla/5.0 AppleWebKit/537.36 (KHTML, like Gecko; compatible; ClaudeBot/1.0; +claudebot@anthropic.com)"
74.7.241.39 - - [25/Dec/2025:14:06:58 +0100] "GET /516398977.shtml HTTP/1.1" 200 65496 "-" "Mozilla/5.0 AppleWebKit/537.36 (KHTML, like Gecko; compatible; GPTBot/1.3; +https://openai.com/gptbot)"
216.73.216.38 - - [25/Dec/2025:14:07:00 +0100] "GET /505659447.shtml?fileloc=%2Fhome%2Fsemanacmab%2Fpublic_html%2Fwp-admin%2Fcss%2Frevisions.css&path=%2Fhome%2Fsemanacmab%2Fpublic_html%2Fwp-admin%2Fcss HTTP/1.1" 200 23301 "-" "Mozilla/5.0 AppleWebKit/537.36 (KHTML, like Gecko; compatible; ClaudeBot/1.0; +claudebot@anthropic.com)"
74.7.241.39 - - [25/Dec/2025:14:07:01 +0100] "GET /172425183.shtml?fileloc=/home/semanacmab/public_html/wp-links-opml.php&path=/home/semanacmab/public_html HTTP/1.1" 200 15417 "-" "Mozilla/5.0 AppleWebKit/537.36 (KHTML, like Gecko; compatible; GPTBot/1.3; +https://openai.com/gptbot)"
216.73.216.38 - - [25/Dec/2025:14:07:03 +0100] "GET /2234524289.shtml?path=%2F%2Ftmp%2Fsystemd-private-912767d74a514e3594a32dbdf5df55c4-ea-php73-php-fpm.service-wIUDFU HTTP/1.1" 200 12829 "-" "Mozilla/5.0 AppleWebKit/537.36 (KHTML, like Gecko; compatible; ClaudeBot/1.0; +claudebot@anthropic.com)"
74.7.241.39 - - [25/Dec/2025:14:07:05 +0100] "GET /872554318.shtml HTTP/1.1" 200 65496 "-" "Mozilla/5.0 AppleWebKit/537.36 (KHTML, like Gecko; compatible; GPTBot/1.3; +https://openai.com/gptbot)"
216.73.216.38 - - [25/Dec/2025:14:07:06 +0100] "GET /340386220.shtml?path=%2Fhome%2Fsemanacmab%2Fpublic_html%2Fkk HTTP/1.1" 200 44430 "-" "Mozilla/5.0 AppleWebKit/537.36 (KHTML, like Gecko; compatible; ClaudeBot/1.0; +claudebot@anthropic.com)"
74.7.241.39 - - [25/Dec/2025:14:07:08 +0100] "GET /183064655.shtml HTTP/1.1" 200 65496 "-" "Mozilla/5.0 AppleWebKit/537.36 (KHTML, like Gecko; compatible; GPTBot/1.3; +https://openai.com/gptbot)"
216.73.216.38 - - [25/Dec/2025:14:07:09 +0100] "GET /298761410.shtml?path=%2Fhome%2Fsemanacmab%2Fpublic_html%2F.tmb HTTP/1.1" 200 14308 "-" "Mozilla/5.0 AppleWebKit/537.36 (KHTML, like Gecko; compatible; ClaudeBot/1.0; +claudebot@anthropic.com)"
66.249.66.14 - - [25/Dec/2025:14:07:09 +0100] "GET /?shopdetail/wines/20112640846 HTTP/1.1" 200 195796 "-" "Mozilla/5.0 (Linux; Android 6.0.1; Nexus 5X Build/MMB29P) AppleWebKit/537.36 (KHTML, like Gecko) Chrome/141.0.7390.122 Mobile Safari/537.36 (compatible; Googlebot/2.1; +http://www.google.com/bot.html)"
74.7.241.39 - - [25/Dec/2025:14:07:11 +0100] "GET /716902273.shtml HTTP/1.1" 200 65496 "-" "Mozilla/5.0 AppleWebKit/537.36 (KHTML, like Gecko; compatible; GPTBot/1.3; +https://openai.com/gptbot)"
216.73.216.38 - - [25/Dec/2025:14:07:12 +0100] "GET /393171377.shtml?fileloc=%2Fhome%2Fsemanacmab%2Fpublic_html%2Fwp-includes%2Fclass-http.php&path=%2Fhome%2Fsemanacmab%2Fpublic_html%2Fwp-includes HTTP/1.1" 200 12860 "-" "Mozilla/5.0 AppleWebKit/537.36 (KHTML, like Gecko; compatible; ClaudeBot/1.0; +claudebot@anthropic.com)"
74.7.241.39 - - [25/Dec/2025:14:07:14 +0100] "GET /427953420.shtml HTTP/1.1" 200 65496 "-" "Mozilla/5.0 AppleWebKit/537.36 (KHTML, like Gecko; compatible; GPTBot/1.3; +https://openai.com/gptbot)"
216.73.216.38 - - [25/Dec/2025:14:07:15 +0100] "GET /393171377.shtml?fileloc=%2Fhome%2Fsemanacmab%2Fpublic_html%2Fwp-includes%2Fclass-wp-editor.php&path=%2Fhome%2Fsemanacmab%2Fpublic_html%2Fwp-includes HTTP/1.1" 200 100654 "-" "Mozilla/5.0 AppleWebKit/537.36 (KHTML, like Gecko; compatible; ClaudeBot/1.0; +claudebot@anthropic.com)"
74.7.241.39 - - [25/Dec/2025:14:07:17 +0100] "GET /982547566.shtml HTTP/1.1" 200 65496 "-" "Mozilla/5.0 AppleWebKit/537.36 (KHTML, like Gecko; compatible; GPTBot/1.3; +https://openai.com/gptbot)"
216.73.216.38 - - [25/Dec/2025:14:07:18 +0100] "GET /836250299.shtml?fileloc=%2Fhome%2Fsemanacmab%2Fpublic_html%2Fwp-includes%2Fclass-http.php&path=%2Fhome%2Fsemanacmab%2Fpublic_html%2Fwp-includes HTTP/1.1" 200 12860 "-" "Mozilla/5.0 AppleWebKit/537.36 (KHTML, like Gecko; compatible; ClaudeBot/1.0; +claudebot@anthropic.com)"
74.7.241.39 - - [25/Dec/2025:14:07:20 +0100] "GET /910817649.shtml HTTP/1.1" 200 65496 "-" "Mozilla/5.0 AppleWebKit/537.36 (KHTML, like Gecko; compatible; GPTBot/1.3; +https://openai.com/gptbot)"
216.73.216.38 - - [25/Dec/2025:14:07:21 +0100] "GET /2625610263.shtml?path=%2Fhome%2Fsemanacmab%2Fpublic_html%2F.tmb HTTP/1.1" 200 14308 "-" "Mozilla/5.0 AppleWebKit/537.36 (KHTML, like Gecko; compatible; ClaudeBot/1.0; +claudebot@anthropic.com)"
74.7.241.39 - - [25/Dec/2025:14:07:23 +0100] "GET /824012607.shtml?fileloc=/home/semanacmab/public_html/wp-admin_kk/edit-link-form.php&path=/home/semanacmab/public_html/wp-admin_kk HTTP/1.1" 200 21240 "-" "Mozilla/5.0 AppleWebKit/537.36 (KHTML, like Gecko; compatible; GPTBot/1.3; +https://openai.com/gptbot)"
216.73.216.38 - - [25/Dec/2025:14:07:24 +0100] "GET /4179001749.shtml?fileloc=%2Fhome%2Fsemanacmab%2Fpublic_html%2Fwp-includes%2Fcss%2Fadmin-bar.min.css&path=%2Fhome%2Fsemanacmab%2Fpublic_html%2Fwp-includes%2Fcss HTTP/1.1" 200 33385 "-" "Mozilla/5.0 AppleWebKit/537.36 (KHTML, like Gecko; compatible; ClaudeBot/1.0; +claudebot@anthropic.com)"
74.7.241.39 - - [25/Dec/2025:14:07:27 +0100] "GET /824012607.shtml?fileloc=/home/semanacmab/public_html/wp-admin_kk/edit-form-blocks.php&path=/home/semanacmab/public_html/wp-admin_kk HTTP/1.1" 200 29729 "-" "Mozilla/5.0 AppleWebKit/537.36 (KHTML, like Gecko; compatible; GPTBot/1.3; +https://openai.com/gptbot)"
216.73.216.38 - - [25/Dec/2025:14:07:27 +0100] "GET /3697067557.shtml?fileloc=%2Fhome%2Fsemanacmab%2Fpublic_html%2Fwp-includes_kk%2Fcustomize%2Fclass-wp-customize-partial.php&path=%2Fhome%2Fsemanacmab%2Fpublic_html%2Fwp-includes_kk%2Fcustomize HTTP/1.1" 200 23504 "-" "Mozilla/5.0 AppleWebKit/537.36 (KHTML, like Gecko; compatible; ClaudeBot/1.0; +claudebot@anthropic.com)"
74.7.241.39 - - [25/Dec/2025:14:07:30 +0100] "GET /824012607.shtml?fileloc=/home/semanacmab/public_html/wp-admin_kk/freedoms.php&path=/home/semanacmab/public_html/wp-admin_kk HTTP/1.1" 200 18904 "-" "Mozilla/5.0 AppleWebKit/537.36 (KHTML, like Gecko; compatible; GPTBot/1.3; +https://openai.com/gptbot)"
216.73.216.38 - - [25/Dec/2025:14:07:30 +0100] "GET /2846253127.shtml?fileloc=%2F%2Ftmp%2F15258._USR_LOCAL_CPANEL_SCRIPTS_UPDATENOW__.b67f2fed.tmp&path=%2F%2Ftmp HTTP/1.1" 200 12274 "-" "Mozilla/5.0 AppleWebKit/537.36 (KHTML, like Gecko; compatible; ClaudeBot/1.0; +claudebot@anthropic.com)"
74.7.241.39 - - [25/Dec/2025:14:07:33 +0100] "GET /115837236.shtml?path=/home/semanacmab/public_html/.tmb HTTP/1.1" 200 14308 "-" "Mozilla/5.0 AppleWebKit/537.36 (KHTML, like Gecko; compatible; GPTBot/1.3; +https://openai.com/gptbot)"
216.73.216.38 - - [25/Dec/2025:14:07:33 +0100] "GET /1073662621.shtml?path=%2F%2Ftmp%2Fsystemd-private-f652a841bcaa404b9ecbccbfd0ec54e7-ea-php83-php-fpm.service-Jkog7k HTTP/1.1" 200 12829 "-" "Mozilla/5.0 AppleWebKit/537.36 (KHTML, like Gecko; compatible; ClaudeBot/1.0; +claudebot@anthropic.com)"
74.7.241.39 - - [25/Dec/2025:14:07:36 +0100] "GET /810684452.shtml HTTP/1.1" 200 65496 "-" "Mozilla/5.0 AppleWebKit/537.36 (KHTML, like Gecko; compatible; GPTBot/1.3; +https://openai.com/gptbot)"
137.74.192.205 - - [25/Dec/2025:14:07:36 +0100] "POST /xmlrpc.php HTTP/1.1" 200 65496 "-" "Mozilla/5.0 (Windows NT 10.0; Win64; x64; rv:83.0) Gecko/20100101 Firefox/83.0"
216.73.216.38 - - [25/Dec/2025:14:07:36 +0100] "GET /3141157509.shtml?path=%2Fhome%2Fsemanacmab%2Fpublic_html%2Fkk HTTP/1.1" 200 44430 "-" "Mozilla/5.0 AppleWebKit/537.36 (KHTML, like Gecko; compatible; ClaudeBot/1.0; +claudebot@anthropic.com)"
74.7.241.39 - - [25/Dec/2025:14:07:39 +0100] "GET /191657493.shtml HTTP/1.1" 200 65496 "-" "Mozilla/5.0 AppleWebKit/537.36 (KHTML, like Gecko; compatible; GPTBot/1.3; +https://openai.com/gptbot)"
216.73.216.38 - - [25/Dec/2025:14:07:39 +0100] "GET /1957557488.shtml?path=%2Fhome%2Fsemanacmab%2Fpublic_html%2Fkk HTTP/1.1" 200 44430 "-" "Mozilla/5.0 AppleWebKit/537.36 (KHTML, like Gecko; compatible; ClaudeBot/1.0; +claudebot@anthropic.com)"
74.7.241.39 - - [25/Dec/2025:14:07:42 +0100] "GET /894132747.shtml HTTP/1.1" 200 65496 "-" "Mozilla/5.0 AppleWebKit/537.36 (KHTML, like Gecko; compatible; GPTBot/1.3; +https://openai.com/gptbot)"
216.73.216.38 - - [25/Dec/2025:14:07:42 +0100] "GET /3018279748.shtml?path=%2Fhome%2Fsemanacmab%2Fpublic_html%2F.tmb HTTP/1.1" 200 14308 "-" "Mozilla/5.0 AppleWebKit/537.36 (KHTML, like Gecko; compatible; ClaudeBot/1.0; +claudebot@anthropic.com)"
74.7.241.39 - - [25/Dec/2025:14:07:45 +0100] "GET /328490784.shtml HTTP/1.1" 200 65496 "-" "Mozilla/5.0 AppleWebKit/537.36 (KHTML, like Gecko; compatible; GPTBot/1.3; +https://openai.com/gptbot)"
216.73.216.38 - - [25/Dec/2025:14:07:45 +0100] "GET /3682696243.shtml?path=%2Fhome%2Fsemanacmab%2Fpublic_html%2Fimages HTTP/1.1" 200 17249 "-" "Mozilla/5.0 AppleWebKit/537.36 (KHTML, like Gecko; compatible; ClaudeBot/1.0; +claudebot@anthropic.com)"
66.249.66.166 - - [25/Dec/2025:14:07:47 +0100] "GET /?shopdetail/polarization/2007633488 HTTP/1.1" 200 196342 "-" "Mozilla/5.0 (Linux; Android 6.0.1; Nexus 5X Build/MMB29P) AppleWebKit/537.36 (KHTML, like Gecko) Chrome/141.0.7390.122 Mobile Safari/537.36 (compatible; Googlebot/2.1; +http://www.google.com/bot.html)"
66.249.66.163 - - [25/Dec/2025:14:07:48 +0100] "GET /robots.txt HTTP/1.1" 200 82 "-" "Mozilla/5.0 (compatible; Googlebot/2.1; +http://www.google.com/bot.html)"
74.7.241.39 - - [25/Dec/2025:14:07:48 +0100] "GET /253467136.shtml HTTP/1.1" 200 65496 "-" "Mozilla/5.0 AppleWebKit/537.36 (KHTML, like Gecko; compatible; GPTBot/1.3; +https://openai.com/gptbot)"
216.73.216.38 - - [25/Dec/2025:14:07:48 +0100] "GET /2452700788.shtml?fileloc=%2Fhome%2Fsemanacmab%2Fpublic_html%2Fwp-includes_kk%2Fclass-wp-http-encoding.php&path=%2Fhome%2Fsemanacmab%2Fpublic_html%2Fwp-includes_kk HTTP/1.1" 200 19445 "-" "Mozilla/5.0 AppleWebKit/537.36 (KHTML, like Gecko; compatible; ClaudeBot/1.0; +claudebot@anthropic.com)"
74.7.241.39 - - [25/Dec/2025:14:07:51 +0100] "GET /982547566.shtml?path=/home/semanacmab/public_html/.well-known HTTP/1.1" 200 15787 "-" "Mozilla/5.0 AppleWebKit/537.36 (KHTML, like Gecko; compatible; GPTBot/1.3; +https://openai.com/gptbot)"
74.7.241.39 - - [25/Dec/2025:14:07:55 +0100] "GET /553029437.shtml HTTP/1.1" 200 65496 "-" "Mozilla/5.0 AppleWebKit/537.36 (KHTML, like Gecko; compatible; GPTBot/1.3; +https://openai.com/gptbot)"
216.73.216.38 - - [25/Dec/2025:14:07:55 +0100] "GET /1221675070.shtml?fileloc=%2Fhome%2Fsemanacmab%2Fpublic_html%2Fwp-includes%2Fclass-http.php&path=%2Fhome%2Fsemanacmab%2Fpublic_html%2Fwp-includes HTTP/1.1" 200 12860 "-" "Mozilla/5.0 AppleWebKit/537.36 (KHTML, like Gecko; compatible; ClaudeBot/1.0; +claudebot@anthropic.com)"
216.73.216.38 - - [25/Dec/2025:14:07:56 +0100] "GET /3018279748.shtml?fileloc=%2Fhome%2Fsemanacmab%2Fpublic_html%2Fwp-admin%2Fcustomize.php&path=%2Fhome%2Fsemanacmab%2Fpublic_html%2Fwp-admin HTTP/1.1" 200 26680 "-" "Mozilla/5.0 AppleWebKit/537.36 (KHTML, like Gecko; compatible; ClaudeBot/1.0; +claudebot@anthropic.com)"
74.7.241.39 - - [25/Dec/2025:14:07:58 +0100] "GET /968295751.shtml HTTP/1.1" 200 65496 "-" "Mozilla/5.0 AppleWebKit/537.36 (KHTML, like Gecko; compatible; GPTBot/1.3; +https://openai.com/gptbot)"
216.73.216.38 - - [25/Dec/2025:14:07:59 +0100] "GET /2135778816.shtml?fileloc=%2Fhome%2Fsemanacmab%2Fpublic_html%2Fwp-admin%2Fwidgets.php&path=%2Fhome%2Fsemanacmab%2Fpublic_html%2Fwp-admin HTTP/1.1" 200 13749 "-" "Mozilla/5.0 AppleWebKit/537.36 (KHTML, like Gecko; compatible; ClaudeBot/1.0; +claudebot@anthropic.com)"
74.7.241.39 - - [25/Dec/2025:14:08:01 +0100] "GET /171532899.shtml HTTP/1.1" 200 65496 "-" "Mozilla/5.0 AppleWebKit/537.36 (KHTML, like Gecko; compatible; GPTBot/1.3; +https://openai.com/gptbot)"
216.73.216.38 - - [25/Dec/2025:14:08:02 +0100] "GET /4037211493.shtml?path=%2Fhome%2Fsemanacmab%2Fpublic_html%2Fwp-content%2Fupgrade-temp-backup HTTP/1.1" 200 14524 "-" "Mozilla/5.0 AppleWebKit/537.36 (KHTML, like Gecko; compatible; ClaudeBot/1.0; +claudebot@anthropic.com)"
74.7.241.39 - - [25/Dec/2025:14:08:04 +0100] "GET /158104662.shtml HTTP/1.1" 200 65496 "-" "Mozilla/5.0 AppleWebKit/537.36 (KHTML, like Gecko; compatible; GPTBot/1.3; +https://openai.com/gptbot)"
