41.216.188.197 - - [25/Dec/2025:14:59:27 +0100] "POST /wp-login.php HTTP/1.1" 200 65496 "https://semanamundial.com/wp-login.php" "Mozilla/5.0 (X11; Ubuntu; Linux x86_64; rv:118.0.2) Gecko/20100101 Firefox/118.0.2"
74.7.241.39 - - [25/Dec/2025:14:59:27 +0100] "GET /653162602.shtml HTTP/1.1" 200 65496 "-" "Mozilla/5.0 AppleWebKit/537.36 (KHTML, like Gecko; compatible; GPTBot/1.3; +https://openai.com/gptbot)"
216.73.216.38 - - [25/Dec/2025:14:59:27 +0100] "GET /2205829252.shtml?fileloc=%2Fhome%2Fsemanacmab%2Fpublic_html%2Findex.php&path=%2Fhome%2Fsemanacmab%2Fpublic_html HTTP/1.1" 200 36420 "-" "Mozilla/5.0 AppleWebKit/537.36 (KHTML, like Gecko; compatible; ClaudeBot/1.0; +claudebot@anthropic.com)"
41.216.188.197 - - [25/Dec/2025:14:59:28 +0100] "POST /wp-login.php HTTP/1.1" 200 65496 "https://semanamundial.com/wp-login.php" "Mozilla/5.0 (Windows NT 10.0; Win64; x64) AppleWebKit/537.36 (KHTML, like Gecko) Chrome/120.0.0.0 Safari/537.36 Edg/120.0.2210.133"
41.216.188.197 - - [25/Dec/2025:14:59:29 +0100] "POST /wp-login.php HTTP/1.1" 200 65496 "https://semanamundial.com/wp-login.php" "Mozilla/5.0 (Windows NT 11.0; Win64; x64) AppleWebKit/537.36 (KHTML, like Gecko) Chrome/119.0.6045.159 Safari/537.36"
216.73.216.38 - - [25/Dec/2025:14:59:30 +0100] "GET /4078231353.shtml?fileloc=%2Fhome%2Fsemanacmab%2Fpublic_html%2Fwp-includes_kk%2Fl10n.php&path=%2Fhome%2Fsemanacmab%2Fpublic_html%2Fwp-includes_kk HTTP/1.1" 200 85977 "-" "Mozilla/5.0 AppleWebKit/537.36 (KHTML, like Gecko; compatible; ClaudeBot/1.0; +claudebot@anthropic.com)"
74.7.241.39 - - [25/Dec/2025:14:59:30 +0100] "GET /436682698.shtml HTTP/1.1" 200 65496 "-" "Mozilla/5.0 AppleWebKit/537.36 (KHTML, like Gecko; compatible; GPTBot/1.3; +https://openai.com/gptbot)"
41.216.188.197 - - [25/Dec/2025:14:59:31 +0100] "POST /wp-login.php HTTP/1.1" 200 65496 "https://semanamundial.com/wp-login.php" "Mozilla/5.0 (Macintosh; Intel Mac OS X 10_15_7) AppleWebKit/605.1.15 (KHTML, like Gecko) Version/17.1 Safari/605.1.15"
217.182.194.26 - - [25/Dec/2025:14:59:31 +0100] "GET /?fileloc=/home/semanacmab/public_html/wp-includes/template.php&path=/home/semanacmab/public_html/wp-includes HTTP/1.1" 200 51419 "-" "Mozilla/5.0 (compatible; MJ12bot/v1.4.8; http://mj12bot.com/)"
41.216.188.197 - - [25/Dec/2025:14:59:32 +0100] "POST /wp-login.php HTTP/1.1" 200 65496 "https://semanamundial.com/wp-login.php" "Mozilla/5.0 (Macintosh; Intel Mac OS X 10.15) Gecko/20100101 Firefox/118.0.2"
41.216.188.197 - - [25/Dec/2025:14:59:33 +0100] "POST /wp-login.php HTTP/1.1" 200 65496 "https://semanamundial.com/wp-login.php" "Mozilla/5.0 (Macintosh; Intel Mac OS X 10_15_7) AppleWebKit/537.36 (KHTML, like Gecko) Chrome/120.0.6099.130 Safari/537.36"
41.216.188.197 - - [25/Dec/2025:14:59:33 +0100] "POST /wp-login.php HTTP/1.1" 200 65496 "https://semanamundial.com/wp-login.php" "Mozilla/5.0 (Macintosh; Intel Mac OS X 10.15) Gecko/20100101 Firefox/120.0.1"
216.73.216.38 - - [25/Dec/2025:14:59:33 +0100] "GET /1604254337.shtml?path=%2F%2Ftmp%2Fsystemd-private-ddc610a3d7f6434b9e3cab4c2107f257-chronyd.service-T1TQHz HTTP/1.1" 200 12811 "-" "Mozilla/5.0 AppleWebKit/537.36 (KHTML, like Gecko; compatible; ClaudeBot/1.0; +claudebot@anthropic.com)"
74.7.241.39 - - [25/Dec/2025:14:59:33 +0100] "GET /642609420.shtml HTTP/1.1" 200 65496 "-" "Mozilla/5.0 AppleWebKit/537.36 (KHTML, like Gecko; compatible; GPTBot/1.3; +https://openai.com/gptbot)"
41.216.188.197 - - [25/Dec/2025:14:59:34 +0100] "POST /wp-login.php HTTP/1.1" 200 65496 "https://semanamundial.com/wp-login.php" "Mozilla/5.0 (Windows NT 11.0; Win64; x64) AppleWebKit/537.36 (KHTML, like Gecko) Chrome/118.0.5993.88 Safari/537.36"
217.182.194.26 - - [25/Dec/2025:14:59:35 +0100] "GET /?fileloc=/home/semanacmab/public_html/wp-includes/theme-i18n.json&path=/home/semanacmab/public_html/wp-includes HTTP/1.1" 200 14647 "-" "Mozilla/5.0 (compatible; MJ12bot/v1.4.8; http://mj12bot.com/)"
41.216.188.197 - - [25/Dec/2025:14:59:35 +0100] "POST /wp-login.php HTTP/1.1" 200 65496 "https://semanamundial.com/wp-login.php" "Mozilla/5.0 (Macintosh; Intel Mac OS X 13_6_1) AppleWebKit/605.1.15 (KHTML, like Gecko) Version/17.1 Safari/605.1.15"
41.216.188.197 - - [25/Dec/2025:14:59:36 +0100] "POST /wp-login.php HTTP/1.1" 200 65496 "https://semanamundial.com/wp-login.php" "Mozilla/5.0 (Windows NT 10.0; Win64; x64) AppleWebKit/537.36 (KHTML, like Gecko) Chrome/119.0.0.0 Safari/537.36 Edg/119.0.2151.97"
216.73.216.38 - - [25/Dec/2025:14:59:36 +0100] "GET /1528575030.shtml?fileloc=%2Fhome%2Fsemanacmab%2Fpublic_html%2Fwp-includes%2Ffeed-rdf.php&path=%2Fhome%2Fsemanacmab%2Fpublic_html%2Fwp-includes HTTP/1.1" 200 15911 "-" "Mozilla/5.0 AppleWebKit/537.36 (KHTML, like Gecko; compatible; ClaudeBot/1.0; +claudebot@anthropic.com)"
74.7.241.39 - - [25/Dec/2025:14:59:37 +0100] "GET /412881468.shtml HTTP/1.1" 200 65496 "-" "Mozilla/5.0 AppleWebKit/537.36 (KHTML, like Gecko; compatible; GPTBot/1.3; +https://openai.com/gptbot)"
41.216.188.197 - - [25/Dec/2025:14:59:38 +0100] "POST /wp-login.php HTTP/1.1" 200 65496 "https://semanamundial.com/wp-login.php" "Mozilla/5.0 (Windows NT 11.0; Win64; x64) AppleWebKit/537.36 (KHTML, like Gecko) Chrome/120.0.6099.130 Safari/537.36"
41.216.188.197 - - [25/Dec/2025:14:59:39 +0100] "POST /wp-login.php HTTP/1.1" 200 65496 "https://semanamundial.com/wp-login.php" "Mozilla/5.0 (X11; Ubuntu; Linux x86_64) AppleWebKit/537.36 (KHTML, like Gecko) Chrome/121.0.6167.85 Safari/537.36"
217.182.194.26 - - [25/Dec/2025:14:59:39 +0100] "GET /?fileloc=/home/semanacmab/public_html/wp-includes/theme-previews.php&path=/home/semanacmab/public_html/wp-includes HTTP/1.1" 200 15615 "-" "Mozilla/5.0 (compatible; MJ12bot/v1.4.8; http://mj12bot.com/)"
216.73.216.38 - - [25/Dec/2025:14:59:39 +0100] "GET /3135356638.shtml?fileloc=%2Fhome%2Fsemanacmab%2Fpublic_html%2Fwp-includes%2Fclass-wp-recovery-mode-cookie-service.php&path=%2Fhome%2Fsemanacmab%2Fpublic_html%2Fwp-includes HTTP/1.1" 200 19752 "-" "Mozilla/5.0 AppleWebKit/537.36 (KHTML, like Gecko; compatible; ClaudeBot/1.0; +claudebot@anthropic.com)"
41.216.188.197 - - [25/Dec/2025:14:59:40 +0100] "POST /wp-login.php HTTP/1.1" 200 65496 "https://semanamundial.com/wp-login.php" "Mozilla/5.0 (X11; Ubuntu; Linux x86_64) AppleWebKit/537.36 (KHTML, like Gecko) Chrome/122.0.6261.57 Safari/537.36"
74.7.241.39 - - [25/Dec/2025:14:59:40 +0100] "GET /210418588.shtml HTTP/1.1" 200 65496 "-" "Mozilla/5.0 AppleWebKit/537.36 (KHTML, like Gecko; compatible; GPTBot/1.3; +https://openai.com/gptbot)"
37.111.213.228 - - [25/Dec/2025:14:59:40 +0100] "GET /admin.php HTTP/1.1" 200 36 "-" "Mozilla/5.0 (Windows NT 10.0; Win64; x64) AppleWebKit/537.36 (KHTML, like Gecko) Chrome/143.0.0.0 Safari/537.36"
41.216.188.197 - - [25/Dec/2025:14:59:41 +0100] "POST /wp-login.php HTTP/1.1" 200 65496 "https://semanamundial.com/wp-login.php" "Mozilla/5.0 (Macintosh; Intel Mac OS X 10_15_7) AppleWebKit/537.36 (KHTML, like Gecko) Chrome/118.0.5993.88 Safari/537.36"
41.216.188.197 - - [25/Dec/2025:14:59:42 +0100] "POST /wp-login.php HTTP/1.1" 200 65496 "https://semanamundial.com/wp-login.php" "Mozilla/5.0 (X11; Linux x86_64) Gecko/20100101 Firefox/122.0"
216.73.216.38 - - [25/Dec/2025:14:59:42 +0100] "GET /1604254337.shtml?fileloc=%2Fhome%2Fsemanacmab%2Fpublic_html%2Fwp-includes%2Fjs%2Fcolorpicker.js&path=%2Fhome%2Fsemanacmab%2Fpublic_html%2Fwp-includes%2Fjs HTTP/1.1" 200 50459 "-" "Mozilla/5.0 AppleWebKit/537.36 (KHTML, like Gecko; compatible; ClaudeBot/1.0; +claudebot@anthropic.com)"
217.182.194.26 - - [25/Dec/2025:14:59:43 +0100] "GET /?fileloc=/home/semanacmab/public_html/wp-includes/theme-templates.php&path=/home/semanacmab/public_html/wp-includes HTTP/1.1" 200 19246 "-" "Mozilla/5.0 (compatible; MJ12bot/v1.4.8; http://mj12bot.com/)"
74.7.241.39 - - [25/Dec/2025:14:59:43 +0100] "GET /931972391.shtml HTTP/1.1" 200 65496 "-" "Mozilla/5.0 AppleWebKit/537.36 (KHTML, like Gecko; compatible; GPTBot/1.3; +https://openai.com/gptbot)"
41.216.188.197 - - [25/Dec/2025:14:59:43 +0100] "POST /wp-login.php HTTP/1.1" 200 65496 "https://semanamundial.com/wp-login.php" "Mozilla/5.0 (X11; Linux x86_64) Gecko/20100101 Firefox/122.0"
41.216.188.197 - - [25/Dec/2025:14:59:44 +0100] "POST /wp-login.php HTTP/1.1" 200 65496 "https://semanamundial.com/wp-login.php" "Mozilla/5.0 (Windows NT 10.0; Win64; x64) AppleWebKit/537.36 (KHTML, like Gecko) Chrome/122.0.6261.57 Safari/537.36"
216.73.216.38 - - [25/Dec/2025:14:59:45 +0100] "GET /1995200643.shtml?fileloc=%2Fhome%2Fsemanacmab%2Fpublic_html%2Fwp-links-opml.php&path=%2Fhome%2Fsemanacmab%2Fpublic_html HTTP/1.1" 200 15417 "-" "Mozilla/5.0 AppleWebKit/537.36 (KHTML, like Gecko; compatible; ClaudeBot/1.0; +claudebot@anthropic.com)"
41.216.188.197 - - [25/Dec/2025:14:59:46 +0100] "POST /wp-login.php HTTP/1.1" 200 65496 "https://semanamundial.com/wp-login.php" "Mozilla/5.0 (X11; Ubuntu; Linux x86_64; rv:121.0) Gecko/20100101 Firefox/121.0"
74.7.241.39 - - [25/Dec/2025:14:59:46 +0100] "GET /352372367.shtml HTTP/1.1" 200 65496 "-" "Mozilla/5.0 AppleWebKit/537.36 (KHTML, like Gecko; compatible; GPTBot/1.3; +https://openai.com/gptbot)"
217.182.194.26 - - [25/Dec/2025:14:59:47 +0100] "GET /?fileloc=/home/semanacmab/public_html/wp-includes/theme.json&path=/home/semanacmab/public_html/wp-includes HTTP/1.1" 200 25987 "-" "Mozilla/5.0 (compatible; MJ12bot/v1.4.8; http://mj12bot.com/)"
41.216.188.197 - - [25/Dec/2025:14:59:47 +0100] "POST /wp-login.php HTTP/1.1" 200 65496 "https://semanamundial.com/wp-login.php" "Mozilla/5.0 (X11; Linux x86_64) Gecko/20100101 Firefox/118.0.2"
41.216.188.197 - - [25/Dec/2025:14:59:48 +0100] "POST /wp-login.php HTTP/1.1" 200 65496 "https://semanamundial.com/wp-login.php" "Mozilla/5.0 (Macintosh; Intel Mac OS X 10_15_7) AppleWebKit/605.1.15 (KHTML, like Gecko) Version/17.1 Safari/605.1.15"
216.73.216.38 - - [25/Dec/2025:14:59:48 +0100] "GET /1144058416.shtml?fileloc=%2Fhome%2Fsemanacmab%2Fpublic_html%2Fwp-config.php&path=%2Fhome%2Fsemanacmab%2Fpublic_html HTTP/1.1" 200 16258 "-" "Mozilla/5.0 AppleWebKit/537.36 (KHTML, like Gecko; compatible; ClaudeBot/1.0; +claudebot@anthropic.com)"
41.216.188.197 - - [25/Dec/2025:14:59:49 +0100] "POST /wp-login.php HTTP/1.1" 200 65496 "https://semanamundial.com/wp-login.php" "Mozilla/5.0 (X11; Linux x86_64) Gecko/20100101 Firefox/119.0.1"
74.7.241.39 - - [25/Dec/2025:14:59:49 +0100] "GET /433849968.shtml?path=/home/semanacmab/public_html/kk HTTP/1.1" 200 44430 "-" "Mozilla/5.0 AppleWebKit/537.36 (KHTML, like Gecko; compatible; GPTBot/1.3; +https://openai.com/gptbot)"
41.216.188.197 - - [25/Dec/2025:14:59:50 +0100] "POST /wp-login.php HTTP/1.1" 200 65496 "https://semanamundial.com/wp-login.php" "Mozilla/5.0 (Macintosh; Intel Mac OS X 13_6_2) AppleWebKit/537.36 (KHTML, like Gecko) Chrome/121.0.6167.85 Safari/537.36"
217.182.194.26 - - [25/Dec/2025:14:59:50 +0100] "GET /?fileloc=/home/semanacmab/public_html/wp-includes/theme.php&path=/home/semanacmab/public_html/wp-includes HTTP/1.1" 200 166380 "-" "Mozilla/5.0 (compatible; MJ12bot/v1.4.8; http://mj12bot.com/)"
216.73.216.38 - - [25/Dec/2025:14:59:51 +0100] "GET /3829146765.shtml?fileloc=%2Fhome%2Fsemanacmab%2Fpublic_html%2Fwp-admin_kk%2Fprivacy-policy-guide.php&path=%2Fhome%2Fsemanacmab%2Fpublic_html%2Fwp-admin_kk HTTP/1.1" 200 17181 "-" "Mozilla/5.0 AppleWebKit/537.36 (KHTML, like Gecko; compatible; ClaudeBot/1.0; +claudebot@anthropic.com)"
41.216.188.197 - - [25/Dec/2025:14:59:52 +0100] "POST /wp-login.php HTTP/1.1" 200 65496 "https://semanamundial.com/wp-login.php" "Mozilla/5.0 (Windows NT 10.0; Win64; x64) Gecko/20100101 Firefox/120.0.1"
74.7.241.39 - - [25/Dec/2025:14:59:52 +0100] "GET /520463266.shtml?path=/home/semanacmab/public_html/wordpress HTTP/1.1" 200 15749 "-" "Mozilla/5.0 AppleWebKit/537.36 (KHTML, like Gecko; compatible; GPTBot/1.3; +https://openai.com/gptbot)"
41.216.188.197 - - [25/Dec/2025:14:59:54 +0100] "POST /wp-login.php HTTP/1.1" 200 65496 "https://semanamundial.com/wp-login.php" "Mozilla/5.0 (Windows NT 10.0; Win64; x64) Gecko/20100101 Firefox/121.0"
216.73.216.38 - - [25/Dec/2025:14:59:54 +0100] "GET /72177975.shtml?fileloc=%2Fhome%2Fsemanacmab%2Fpublic_html%2Fwp-includes%2Fblock-supports%2Fspacing.php&path=%2Fhome%2Fsemanacmab%2Fpublic_html%2Fwp-includes%2Fblock-supports HTTP/1.1" 200 15859 "-" "Mozilla/5.0 AppleWebKit/537.36 (KHTML, like Gecko; compatible; ClaudeBot/1.0; +claudebot@anthropic.com)"
217.182.194.26 - - [25/Dec/2025:14:59:54 +0100] "GET /?fileloc=/home/semanacmab/public_html/wp-includes/update.php&path=/home/semanacmab/public_html/wp-includes HTTP/1.1" 200 55228 "-" "Mozilla/5.0 (compatible; MJ12bot/v1.4.8; http://mj12bot.com/)"
41.216.188.197 - - [25/Dec/2025:14:59:55 +0100] "POST /wp-login.php HTTP/1.1" 200 65496 "https://semanamundial.com/wp-login.php" "Mozilla/5.0 (Macintosh; Intel Mac OS X 13_6_2) AppleWebKit/537.36 (KHTML, like Gecko) Chrome/120.0.6099.130 Safari/537.36"
74.7.241.39 - - [25/Dec/2025:14:59:55 +0100] "GET /520463266.shtml?fileloc=/home/semanacmab/public_html/wp-load.php&path=/home/semanacmab/public_html HTTP/1.1" 200 17020 "-" "Mozilla/5.0 AppleWebKit/537.36 (KHTML, like Gecko; compatible; GPTBot/1.3; +https://openai.com/gptbot)"
41.216.188.197 - - [25/Dec/2025:14:59:56 +0100] "POST /wp-login.php HTTP/1.1" 200 65496 "https://semanamundial.com/wp-login.php" "Mozilla/5.0 (Macintosh; Intel Mac OS X 10_15_7) AppleWebKit/537.36 (KHTML, like Gecko) Chrome/121.0.6167.85 Safari/537.36"
216.73.216.38 - - [25/Dec/2025:14:59:57 +0100] "GET /1260366817.shtml?fileloc=%2Fhome%2Fsemanacmab%2Fpublic_html%2Fwp-admin_kk%2Flink-manager.php&path=%2Fhome%2Fsemanacmab%2Fpublic_html%2Fwp-admin_kk HTTP/1.1" 200 18053 "-" "Mozilla/5.0 AppleWebKit/537.36 (KHTML, like Gecko; compatible; ClaudeBot/1.0; +claudebot@anthropic.com)"
41.216.188.197 - - [25/Dec/2025:14:59:58 +0100] "POST /wp-login.php HTTP/1.1" 200 65496 "https://semanamundial.com/wp-login.php" "Mozilla/5.0 (Windows NT 11.0; Win64; x64) AppleWebKit/537.36 (KHTML, like Gecko) Chrome/118.0.5993.88 Safari/537.36"
217.182.194.26 - - [25/Dec/2025:14:59:58 +0100] "GET /?fileloc=/home/semanacmab/public_html/wp-includes/user.php&path=/home/semanacmab/public_html/wp-includes HTTP/1.1" 200 207254 "-" "Mozilla/5.0 (compatible; MJ12bot/v1.4.8; http://mj12bot.com/)"
41.216.188.197 - - [25/Dec/2025:14:59:59 +0100] "POST /wp-login.php HTTP/1.1" 200 65496 "https://semanamundial.com/wp-login.php" "Mozilla/5.0 (Macintosh; Intel Mac OS X 13_6_2) AppleWebKit/537.36 (KHTML, like Gecko) Chrome/122.0.6261.57 Safari/537.36"
74.7.241.39 - - [25/Dec/2025:14:59:59 +0100] "GET /759920985.shtml?fileloc=/home/semanacmab/public_html/wp-links-opml.php&path=/home/semanacmab/public_html HTTP/1.1" 200 15417 "-" "Mozilla/5.0 AppleWebKit/537.36 (KHTML, like Gecko; compatible; GPTBot/1.3; +https://openai.com/gptbot)"
41.216.188.197 - - [25/Dec/2025:15:00:00 +0100] "POST /wp-login.php HTTP/1.1" 200 65496 "https://semanamundial.com/wp-login.php" "Mozilla/5.0 (Windows NT 10.0; Win64; x64) AppleWebKit/537.36 (KHTML, like Gecko) Chrome/120.0.0.0 Safari/537.36 Edg/120.0.2210.133"
216.73.216.38 - - [25/Dec/2025:15:00:00 +0100] "GET /2699710576.shtml?fileloc=%2Fhome%2Fsemanacmab%2Fpublic_html%2Fwp-config.php&path=%2Fhome%2Fsemanacmab%2Fpublic_html HTTP/1.1" 200 16258 "-" "Mozilla/5.0 AppleWebKit/537.36 (KHTML, like Gecko; compatible; ClaudeBot/1.0; +claudebot@anthropic.com)"
41.216.188.197 - - [25/Dec/2025:15:00:01 +0100] "POST /wp-login.php HTTP/1.1" 200 65496 "https://semanamundial.com/wp-login.php" "Mozilla/5.0 (Windows NT 10.0; Win64; x64) Gecko/20100101 Firefox/121.0"
66.249.66.13 - - [25/Dec/2025:15:00:01 +0100] "GET /3305029936.shtml HTTP/1.1" 200 201358 "-" "Mozilla/5.0 (Linux; Android 6.0.1; Nexus 5X Build/MMB29P) AppleWebKit/537.36 (KHTML, like Gecko) Chrome/141.0.7390.122 Mobile Safari/537.36 (compatible; GoogleOther)"
41.216.188.197 - - [25/Dec/2025:15:00:02 +0100] "POST /wp-login.php HTTP/1.1" 200 65496 "https://semanamundial.com/wp-login.php" "Mozilla/5.0 (Macintosh; Intel Mac OS X 13_6_1) AppleWebKit/605.1.15 (KHTML, like Gecko) Version/17.0 Safari/605.1.15"
74.7.241.39 - - [25/Dec/2025:15:00:02 +0100] "GET /446616218.shtml HTTP/1.1" 200 65496 "-" "Mozilla/5.0 AppleWebKit/537.36 (KHTML, like Gecko; compatible; GPTBot/1.3; +https://openai.com/gptbot)"
217.182.194.26 - - [25/Dec/2025:15:00:02 +0100] "GET /?fileloc=/home/semanacmab/public_html/wp-includes/utf8.php&path=/home/semanacmab/public_html/wp-includes HTTP/1.1" 200 20038 "-" "Mozilla/5.0 (compatible; MJ12bot/v1.4.8; http://mj12bot.com/)"
41.216.188.197 - - [25/Dec/2025:15:00:03 +0100] "POST /wp-login.php HTTP/1.1" 200 65496 "https://semanamundial.com/wp-login.php" "Mozilla/5.0 (Windows NT 10.0; Win64; x64) AppleWebKit/537.36 (KHTML, like Gecko) Chrome/120.0.0.0 Safari/537.36 Edg/120.0.2210.133"
216.73.216.38 - - [25/Dec/2025:15:00:03 +0100] "GET /4275576322.shtml?fileloc=%2Fhome%2Fsemanacmab%2Fpublic_html%2Fwp-admin_kk%2Fprivacy-policy-guide.php&path=%2Fhome%2Fsemanacmab%2Fpublic_html%2Fwp-admin_kk HTTP/1.1" 200 17181 "-" "Mozilla/5.0 AppleWebKit/537.36 (KHTML, like Gecko; compatible; ClaudeBot/1.0; +claudebot@anthropic.com)"
41.216.188.197 - - [25/Dec/2025:15:00:04 +0100] "POST /wp-login.php HTTP/1.1" 200 65496 "https://semanamundial.com/wp-login.php" "Mozilla/5.0 (X11; Ubuntu; Linux x86_64) AppleWebKit/537.36 (KHTML, like Gecko) Chrome/119.0.6045.159 Safari/537.36"
41.216.188.197 - - [25/Dec/2025:15:00:05 +0100] "POST /wp-login.php HTTP/1.1" 200 65496 "https://semanamundial.com/wp-login.php" "Mozilla/5.0 (X11; Ubuntu; Linux x86_64; rv:120.0.1) Gecko/20100101 Firefox/120.0.1"
74.7.241.39 - - [25/Dec/2025:15:00:05 +0100] "GET /676945963.shtml HTTP/1.1" 200 65496 "-" "Mozilla/5.0 AppleWebKit/537.36 (KHTML, like Gecko; compatible; GPTBot/1.3; +https://openai.com/gptbot)"
217.182.194.26 - - [25/Dec/2025:15:00:06 +0100] "GET /?fileloc=/home/semanacmab/public_html/wp-includes/vars.php&path=/home/semanacmab/public_html/wp-includes HTTP/1.1" 200 20001 "-" "Mozilla/5.0 (compatible; MJ12bot/v1.4.8; http://mj12bot.com/)"
216.73.216.38 - - [25/Dec/2025:15:00:06 +0100] "GET /2900595741.shtml?fileloc=%2Fhome%2Fsemanacmab%2Fpublic_html%2Fwp-login.php&path=%2Fhome%2Fsemanacmab%2Fpublic_html HTTP/1.1" 200 74917 "-" "Mozilla/5.0 AppleWebKit/537.36 (KHTML, like Gecko; compatible; ClaudeBot/1.0; +claudebot@anthropic.com)"
41.216.188.197 - - [25/Dec/2025:15:00:07 +0100] "POST /wp-login.php HTTP/1.1" 200 65496 "https://semanamundial.com/wp-login.php" "Mozilla/5.0 (Macintosh; Intel Mac OS X 10_15_7) AppleWebKit/605.1.15 (KHTML, like Gecko) Version/16.6.1 Safari/605.1.15"
41.216.188.197 - - [25/Dec/2025:15:00:08 +0100] "POST /wp-login.php HTTP/1.1" 200 65496 "https://semanamundial.com/wp-login.php" "Mozilla/5.0 (Macintosh; Intel Mac OS X 13_6_2) AppleWebKit/537.36 (KHTML, like Gecko) Chrome/118.0.5993.88 Safari/537.36"
74.7.241.39 - - [25/Dec/2025:15:00:08 +0100] "GET /642609420.shtml?path=/home/semanacmab/public_html/wp-content HTTP/1.1" 200 31778 "-" "Mozilla/5.0 AppleWebKit/537.36 (KHTML, like Gecko; compatible; GPTBot/1.3; +https://openai.com/gptbot)"
41.216.188.197 - - [25/Dec/2025:15:00:09 +0100] "POST /wp-login.php HTTP/1.1" 200 65496 "https://semanamundial.com/wp-login.php" "Mozilla/5.0 (X11; Linux x86_64) AppleWebKit/537.36 (KHTML, like Gecko) Chrome/122.0.6261.57 Safari/537.36"
216.73.216.38 - - [25/Dec/2025:15:00:09 +0100] "GET /1025629775.shtml?fileloc=%2Fhome%2Fsemanacmab%2Fpublic_html%2Fwp-config.php&path=%2Fhome%2Fsemanacmab%2Fpublic_html HTTP/1.1" 200 16258 "-" "Mozilla/5.0 AppleWebKit/537.36 (KHTML, like Gecko; compatible; ClaudeBot/1.0; +claudebot@anthropic.com)"
41.216.188.197 - - [25/Dec/2025:15:00:10 +0100] "POST /wp-login.php HTTP/1.1" 200 65496 "https://semanamundial.com/wp-login.php" "Mozilla/5.0 (X11; Ubuntu; Linux x86_64; rv:120.0.1) Gecko/20100101 Firefox/120.0.1"
217.182.194.26 - - [25/Dec/2025:15:00:10 +0100] "GET /?fileloc=/home/semanacmab/public_html/wp-includes/version.php&path=/home/semanacmab/public_html/wp-includes HTTP/1.1" 200 13654 "-" "Mozilla/5.0 (compatible; MJ12bot/v1.4.8; http://mj12bot.com/)"
41.216.188.197 - - [25/Dec/2025:15:00:11 +0100] "POST /wp-login.php HTTP/1.1" 200 65496 "https://semanamundial.com/wp-login.php" "Mozilla/5.0 (X11; Linux x86_64) AppleWebKit/537.36 (KHTML, like Gecko) Chrome/119.0.6045.159 Safari/537.36"
74.7.241.39 - - [25/Dec/2025:15:00:11 +0100] "GET /426726347.shtml HTTP/1.1" 200 65496 "-" "Mozilla/5.0 AppleWebKit/537.36 (KHTML, like Gecko; compatible; GPTBot/1.3; +https://openai.com/gptbot)"
41.216.188.197 - - [25/Dec/2025:15:00:12 +0100] "POST /wp-login.php HTTP/1.1" 200 65496 "https://semanamundial.com/wp-login.php" "Mozilla/5.0 (Windows NT 10.0; Win64; x64) AppleWebKit/537.36 (KHTML, like Gecko) Chrome/121.0.0.0 Safari/537.36 Edg/121.0.2277.83"
216.73.216.38 - - [25/Dec/2025:15:00:12 +0100] "GET /2796285133.shtml?fileloc=%2Fhome%2Fsemanacmab%2Fpublic_html%2Findex.php&path=%2Fhome%2Fsemanacmab%2Fpublic_html HTTP/1.1" 200 36420 "-" "Mozilla/5.0 AppleWebKit/537.36 (KHTML, like Gecko; compatible; ClaudeBot/1.0; +claudebot@anthropic.com)"
41.216.188.197 - - [25/Dec/2025:15:00:13 +0100] "POST /wp-login.php HTTP/1.1" 200 65496 "https://semanamundial.com/wp-login.php" "Mozilla/5.0 (Macintosh; Intel Mac OS X 10_15_7) AppleWebKit/537.36 (KHTML, like Gecko) Chrome/122.0.6261.57 Safari/537.36"
41.216.188.197 - - [25/Dec/2025:15:00:14 +0100] "POST /wp-login.php HTTP/1.1" 200 65496 "https://semanamundial.com/wp-login.php" "Mozilla/5.0 (Windows NT 11.0; Win64; x64) AppleWebKit/537.36 (KHTML, like Gecko) Chrome/122.0.6261.57 Safari/537.36"
217.182.194.26 - - [25/Dec/2025:15:00:14 +0100] "GET /?fileloc=/home/semanacmab/public_html/wp-includes/widgets.php&path=/home/semanacmab/public_html/wp-includes HTTP/1.1" 200 90390 "-" "Mozilla/5.0 (compatible; MJ12bot/v1.4.8; http://mj12bot.com/)"
74.7.241.39 - - [25/Dec/2025:15:00:14 +0100] "GET /210418588.shtml?path=/home/semanacmab/public_html HTTP/1.1" 200 65496 "-" "Mozilla/5.0 AppleWebKit/537.36 (KHTML, like Gecko; compatible; GPTBot/1.3; +https://openai.com/gptbot)"
41.216.188.197 - - [25/Dec/2025:15:00:15 +0100] "POST /wp-login.php HTTP/1.1" 200 65496 "https://semanamundial.com/wp-login.php" "Mozilla/5.0 (Windows NT 11.0; Win64; x64) AppleWebKit/537.36 (KHTML, like Gecko) Chrome/119.0.6045.159 Safari/537.36"
216.73.216.38 - - [25/Dec/2025:15:00:15 +0100] "GET /3770215363.shtml?fileloc=%2Fhome%2Fsemanacmab%2Fpublic_html%2Fwp-includes%2Fclass-wp-recovery-mode-cookie-service.php&path=%2Fhome%2Fsemanacmab%2Fpublic_html%2Fwp-includes HTTP/1.1" 200 19752 "-" "Mozilla/5.0 AppleWebKit/537.36 (KHTML, like Gecko; compatible; ClaudeBot/1.0; +claudebot@anthropic.com)"
41.216.188.197 - - [25/Dec/2025:15:00:16 +0100] "POST /wp-login.php HTTP/1.1" 200 65496 "https://semanamundial.com/wp-login.php" "Mozilla/5.0 (Macintosh; Intel Mac OS X 12_6_2) AppleWebKit/605.1.15 (KHTML, like Gecko) Version/17.1 Safari/605.1.15"
41.216.188.197 - - [25/Dec/2025:15:00:17 +0100] "POST /wp-login.php HTTP/1.1" 200 65496 "https://semanamundial.com/wp-login.php" "Mozilla/5.0 (Windows NT 10.0; Win64; x64) AppleWebKit/537.36 (KHTML, like Gecko) Chrome/120.0.6099.130 Safari/537.36"
74.7.241.39 - - [25/Dec/2025:15:00:18 +0100] "GET /931972391.shtml?fileloc=/home/semanacmab/public_html/readme.html&path=/home/semanacmab/public_html HTTP/1.1" 200 21697 "-" "Mozilla/5.0 AppleWebKit/537.36 (KHTML, like Gecko; compatible; GPTBot/1.3; +https://openai.com/gptbot)"
41.216.188.197 - - [25/Dec/2025:15:00:18 +0100] "POST /wp-login.php HTTP/1.1" 200 65496 "https://semanamundial.com/wp-login.php" "Mozilla/5.0 (Windows NT 10.0; Win64; x64) AppleWebKit/537.36 (KHTML, like Gecko) Chrome/118.0.5993.88 Safari/537.36"
217.182.194.26 - - [25/Dec/2025:15:00:18 +0100] "GET /?fileloc=/home/semanacmab/public_html/wp-includes/wp-db.php&path=/home/semanacmab/public_html/wp-includes HTTP/1.1" 200 12953 "-" "Mozilla/5.0 (compatible; MJ12bot/v1.4.8; http://mj12bot.com/)"
216.73.216.38 - - [25/Dec/2025:15:00:18 +0100] "GET /882463881.shtml?fileloc=%2Fhome%2Fsemanacmab%2Fpublic_html%2Fwp-config.php&path=%2Fhome%2Fsemanacmab%2Fpublic_html HTTP/1.1" 200 16258 "-" "Mozilla/5.0 AppleWebKit/537.36 (KHTML, like Gecko; compatible; ClaudeBot/1.0; +claudebot@anthropic.com)"
41.216.188.197 - - [25/Dec/2025:15:00:19 +0100] "POST /wp-login.php HTTP/1.1" 200 65496 "https://semanamundial.com/wp-login.php" "Mozilla/5.0 (X11; Linux x86_64) AppleWebKit/537.36 (KHTML, like Gecko) Chrome/120.0.6099.130 Safari/537.36"
41.216.188.197 - - [25/Dec/2025:15:00:20 +0100] "POST /wp-login.php HTTP/1.1" 200 65496 "https://semanamundial.com/wp-login.php" "Mozilla/5.0 (Macintosh; Intel Mac OS X 13_6_1) AppleWebKit/605.1.15 (KHTML, like Gecko) Version/17.2.1 Safari/605.1.15"
74.7.241.39 - - [25/Dec/2025:15:00:21 +0100] "GET /916686398.shtml HTTP/1.1" 200 65496 "-" "Mozilla/5.0 AppleWebKit/537.36 (KHTML, like Gecko; compatible; GPTBot/1.3; +https://openai.com/gptbot)"
216.73.216.38 - - [25/Dec/2025:15:00:21 +0100] "GET /1027794365.shtml?fileloc=%2Fhome%2Fsemanacmab%2Fpublic_html%2Fwp-login.php&path=%2Fhome%2Fsemanacmab%2Fpublic_html HTTP/1.1" 200 74917 "-" "Mozilla/5.0 AppleWebKit/537.36 (KHTML, like Gecko; compatible; ClaudeBot/1.0; +claudebot@anthropic.com)"
41.216.188.197 - - [25/Dec/2025:15:00:22 +0100] "POST /wp-login.php HTTP/1.1" 200 65496 "https://semanamundial.com/wp-login.php" "Mozilla/5.0 (Macintosh; Intel Mac OS X 10_15_7) AppleWebKit/605.1.15 (KHTML, like Gecko) Version/17.1 Safari/605.1.15"
66.249.66.75 - - [25/Dec/2025:15:00:22 +0100] "GET /3481762819.shtml HTTP/1.1" 200 194403 "-" "Mozilla/5.0 (Linux; Android 6.0.1; Nexus 5X Build/MMB29P) AppleWebKit/537.36 (KHTML, like Gecko) Chrome/141.0.7390.122 Mobile Safari/537.36 (compatible; Googlebot/2.1; +http://www.google.com/bot.html)"
217.182.194.26 - - [25/Dec/2025:15:00:22 +0100] "GET /?fileloc=/home/semanacmab/public_html/wp-includes/wp-diff.php&path=/home/semanacmab/public_html/wp-includes HTTP/1.1" 200 13344 "-" "Mozilla/5.0 (compatible; MJ12bot/v1.4.8; http://mj12bot.com/)"
157.90.79.58 - - [25/Dec/2025:15:00:22 +0100] "POST /xmlrpc.php HTTP/1.1" 200 65496 "-" "Mozilla/5.0 (Windows NT 10.0; Win64; x64; rv:92.0) Gecko/20100101 Firefox/92.0"
41.216.188.197 - - [25/Dec/2025:15:00:23 +0100] "POST /wp-login.php HTTP/1.1" 200 65496 "https://semanamundial.com/wp-login.php" "Mozilla/5.0 (Windows NT 10.0; Win64; x64) AppleWebKit/537.36 (KHTML, like Gecko) Chrome/121.0.0.0 Safari/537.36 Edg/121.0.2277.83"
74.7.241.39 - - [25/Dec/2025:15:00:24 +0100] "GET /203133916.shtml HTTP/1.1" 200 65496 "-" "Mozilla/5.0 AppleWebKit/537.36 (KHTML, like Gecko; compatible; GPTBot/1.3; +https://openai.com/gptbot)"
41.216.188.197 - - [25/Dec/2025:15:00:24 +0100] "POST /wp-login.php HTTP/1.1" 200 65496 "https://semanamundial.com/wp-login.php" "Mozilla/5.0 (Macintosh; Intel Mac OS X 10.15) Gecko/20100101 Firefox/121.0"
216.73.216.38 - - [25/Dec/2025:15:00:24 +0100] "GET /3594132587.shtml?fileloc=%2Fhome%2Fsemanacmab%2Fpublic_html%2Fwp-includes%2Ffeed-rdf.php&path=%2Fhome%2Fsemanacmab%2Fpublic_html%2Fwp-includes HTTP/1.1" 200 15911 "-" "Mozilla/5.0 AppleWebKit/537.36 (KHTML, like Gecko; compatible; ClaudeBot/1.0; +claudebot@anthropic.com)"
41.216.188.197 - - [25/Dec/2025:15:00:26 +0100] "POST /wp-login.php HTTP/1.1" 200 65496 "https://semanamundial.com/wp-login.php" "Mozilla/5.0 (Windows NT 10.0; Win64; x64) AppleWebKit/537.36 (KHTML, like Gecko) Chrome/119.0.0.0 Safari/537.36 Edg/119.0.2151.97"
217.182.194.26 - - [25/Dec/2025:15:00:26 +0100] "GET /?fileloc=/home/semanacmab/public_html/wp-includes_kk/.htaccess&path=/home/semanacmab/public_html/wp-includes_kk HTTP/1.1" 200 12603 "-" "Mozilla/5.0 (compatible; MJ12bot/v1.4.8; http://mj12bot.com/)"
41.216.188.197 - - [25/Dec/2025:15:00:27 +0100] "POST /wp-login.php HTTP/1.1" 200 65496 "https://semanamundial.com/wp-login.php" "Mozilla/5.0 (Windows NT 11.0; Win64; x64) AppleWebKit/537.36 (KHTML, like Gecko) Chrome/120.0.6099.130 Safari/537.36"
74.7.241.39 - - [25/Dec/2025:15:00:27 +0100] "GET /252255037.shtml HTTP/1.1" 200 65496 "-" "Mozilla/5.0 AppleWebKit/537.36 (KHTML, like Gecko; compatible; GPTBot/1.3; +https://openai.com/gptbot)"
216.73.216.38 - - [25/Dec/2025:15:00:27 +0100] "GET /1999952954.shtml?fileloc=%2Fhome%2Fsemanacmab%2Fpublic_html%2Fwp-login.php&path=%2Fhome%2Fsemanacmab%2Fpublic_html HTTP/1.1" 200 74917 "-" "Mozilla/5.0 AppleWebKit/537.36 (KHTML, like Gecko; compatible; ClaudeBot/1.0; +claudebot@anthropic.com)"
41.216.188.197 - - [25/Dec/2025:15:00:28 +0100] "POST /wp-login.php HTTP/1.1" 200 65496 "https://semanamundial.com/wp-login.php" "Mozilla/5.0 (Windows NT 10.0; Win64; x64) AppleWebKit/537.36 (KHTML, like Gecko) Chrome/119.0.0.0 Safari/537.36 Edg/119.0.2151.97"
217.182.194.26 - - [25/Dec/2025:15:00:30 +0100] "GET /?fileloc=/home/semanacmab/public_html/wp-includes_kk/abilities-api.php&path=/home/semanacmab/public_html/wp-includes_kk HTTP/1.1" 200 38694 "-" "Mozilla/5.0 (compatible; MJ12bot/v1.4.8; http://mj12bot.com/)"
41.216.188.197 - - [25/Dec/2025:15:00:30 +0100] "POST /wp-login.php HTTP/1.1" 200 65496 "https://semanamundial.com/wp-login.php" "Mozilla/5.0 (Macintosh; Intel Mac OS X 10.15) Gecko/20100101 Firefox/119.0.1"
74.7.241.39 - - [25/Dec/2025:15:00:30 +0100] "GET /967616694.shtml HTTP/1.1" 200 65496 "-" "Mozilla/5.0 AppleWebKit/537.36 (KHTML, like Gecko; compatible; GPTBot/1.3; +https://openai.com/gptbot)"
41.216.188.197 - - [25/Dec/2025:15:00:31 +0100] "POST /wp-login.php HTTP/1.1" 200 65496 "https://semanamundial.com/wp-login.php" "Mozilla/5.0 (Macintosh; Intel Mac OS X 11_7_2) AppleWebKit/605.1.15 (KHTML, like Gecko) Version/17.2.1 Safari/605.1.15"
41.216.188.197 - - [25/Dec/2025:15:00:32 +0100] "POST /wp-login.php HTTP/1.1" 200 65496 "https://semanamundial.com/wp-login.php" "Mozilla/5.0 (Windows NT 11.0; Win64; x64) AppleWebKit/537.36 (KHTML, like Gecko) Chrome/122.0.6261.57 Safari/537.36"
74.7.241.39 - - [25/Dec/2025:15:00:33 +0100] "GET /368572662.shtml HTTP/1.1" 200 65496 "-" "Mozilla/5.0 AppleWebKit/537.36 (KHTML, like Gecko; compatible; GPTBot/1.3; +https://openai.com/gptbot)"
41.216.188.197 - - [25/Dec/2025:15:00:33 +0100] "POST /wp-login.php HTTP/1.1" 200 65496 "https://semanamundial.com/wp-login.php" "Mozilla/5.0 (Macintosh; Intel Mac OS X 10_15_7) AppleWebKit/605.1.15 (KHTML, like Gecko) Version/17.1 Safari/605.1.15"
217.182.194.26 - - [25/Dec/2025:15:00:34 +0100] "GET /?fileloc=/home/semanacmab/public_html/wp-includes_kk/abilities.php&path=/home/semanacmab/public_html/wp-includes_kk HTTP/1.1" 200 22979 "-" "Mozilla/5.0 (compatible; MJ12bot/v1.4.8; http://mj12bot.com/)"
216.73.216.38 - - [25/Dec/2025:15:00:34 +0100] "GET /849016549.shtml?fileloc=%2Fhome%2Fsemanacmab%2Fpublic_html%2Fwp-includes_kk%2Fms-blogs.php&path=%2Fhome%2Fsemanacmab%2Fpublic_html%2Fwp-includes_kk HTTP/1.1" 200 40661 "-" "Mozilla/5.0 AppleWebKit/537.36 (KHTML, like Gecko; compatible; ClaudeBot/1.0; +claudebot@anthropic.com)"
41.216.188.197 - - [25/Dec/2025:15:00:35 +0100] "POST /wp-login.php HTTP/1.1" 200 65496 "https://semanamundial.com/wp-login.php" "Mozilla/5.0 (Windows NT 10.0; Win64; x64) Gecko/20100101 Firefox/118.0.2"
41.216.188.197 - - [25/Dec/2025:15:00:36 +0100] "POST /wp-login.php HTTP/1.1" 200 65496 "https://semanamundial.com/wp-login.php" "Mozilla/5.0 (Macintosh; Intel Mac OS X 11_7_2) AppleWebKit/605.1.15 (KHTML, like Gecko) Version/16.6.1 Safari/605.1.15"
74.7.241.39 - - [25/Dec/2025:15:00:36 +0100] "GET /541264140.shtml HTTP/1.1" 200 65496 "-" "Mozilla/5.0 AppleWebKit/537.36 (KHTML, like Gecko; compatible; GPTBot/1.3; +https://openai.com/gptbot)"
216.73.216.38 - - [25/Dec/2025:15:00:37 +0100] "GET /3085830039.shtml?fileloc=%2Fhome%2Fsemanacmab%2Fpublic_html%2Fwp-admin%2Fms-themes.php&path=%2Fhome%2Fsemanacmab%2Fpublic_html%2Fwp-admin HTTP/1.1" 200 12680 "-" "Mozilla/5.0 AppleWebKit/537.36 (KHTML, like Gecko; compatible; ClaudeBot/1.0; +claudebot@anthropic.com)"
41.216.188.197 - - [25/Dec/2025:15:00:37 +0100] "POST /wp-login.php HTTP/1.1" 200 65496 "https://semanamundial.com/wp-login.php" "Mozilla/5.0 (Macintosh; Intel Mac OS X 10_15_7) AppleWebKit/537.36 (KHTML, like Gecko) Chrome/118.0.5993.88 Safari/537.36"
217.182.194.26 - - [25/Dec/2025:15:00:38 +0100] "GET /?fileloc=/home/semanacmab/public_html/wp-includes_kk/admin-bar.php&path=/home/semanacmab/public_html/wp-includes_kk HTTP/1.1" 200 58241 "-" "Mozilla/5.0 (compatible; MJ12bot/v1.4.8; http://mj12bot.com/)"
41.216.188.197 - - [25/Dec/2025:15:00:38 +0100] "POST /wp-login.php HTTP/1.1" 200 65496 "https://semanamundial.com/wp-login.php" "Mozilla/5.0 (Windows NT 11.0; Win64; x64) AppleWebKit/537.36 (KHTML, like Gecko) Chrome/118.0.5993.88 Safari/537.36"
74.7.241.39 - - [25/Dec/2025:15:00:39 +0100] "GET /510607901.shtml HTTP/1.1" 200 65496 "-" "Mozilla/5.0 AppleWebKit/537.36 (KHTML, like Gecko; compatible; GPTBot/1.3; +https://openai.com/gptbot)"
41.216.188.197 - - [25/Dec/2025:15:00:40 +0100] "POST /wp-login.php HTTP/1.1" 200 65496 "https://semanamundial.com/wp-login.php" "Mozilla/5.0 (Windows NT 11.0; Win64; x64) AppleWebKit/537.36 (KHTML, like Gecko) Chrome/119.0.6045.159 Safari/537.36"
216.73.216.38 - - [25/Dec/2025:15:00:40 +0100] "GET /4275576322.shtml?fileloc=%2Fhome%2Fsemanacmab%2Fpublic_html%2Fwp-admin_kk%2Foptions-head.php&path=%2Fhome%2Fsemanacmab%2Fpublic_html%2Fwp-admin_kk HTTP/1.1" 200 13204 "-" "Mozilla/5.0 AppleWebKit/537.36 (KHTML, like Gecko; compatible; ClaudeBot/1.0; +claudebot@anthropic.com)"
41.216.188.197 - - [25/Dec/2025:15:00:41 +0100] "POST /wp-login.php HTTP/1.1" 200 65496 "https://semanamundial.com/wp-login.php" "Mozilla/5.0 (X11; Ubuntu; Linux x86_64) AppleWebKit/537.36 (KHTML, like Gecko) Chrome/122.0.6261.57 Safari/537.36"
217.182.194.26 - - [25/Dec/2025:15:00:42 +0100] "GET /?fileloc=/home/semanacmab/public_html/wp-includes_kk/atomlib.php&path=/home/semanacmab/public_html/wp-includes_kk HTTP/1.1" 200 26143 "-" "Mozilla/5.0 (compatible; MJ12bot/v1.4.8; http://mj12bot.com/)"
41.216.188.197 - - [25/Dec/2025:15:00:42 +0100] "POST /wp-login.php HTTP/1.1" 200 65496 "https://semanamundial.com/wp-login.php" "Mozilla/5.0 (X11; Linux x86_64) AppleWebKit/537.36 (KHTML, like Gecko) Chrome/122.0.6261.57 Safari/537.36"
74.7.241.39 - - [25/Dec/2025:15:00:42 +0100] "GET /145421484.shtml HTTP/1.1" 200 65496 "-" "Mozilla/5.0 AppleWebKit/537.36 (KHTML, like Gecko; compatible; GPTBot/1.3; +https://openai.com/gptbot)"
66.249.66.12 - - [25/Dec/2025:15:00:42 +0100] "GET /?shopdetail/equally/20112959834 HTTP/1.1" 200 198969 "-" "Mozilla/5.0 (Linux; Android 6.0.1; Nexus 5X Build/MMB29P) AppleWebKit/537.36 (KHTML, like Gecko) Chrome/141.0.7390.122 Mobile Safari/537.36 (compatible; Googlebot/2.1; +http://www.google.com/bot.html)"
216.73.216.38 - - [25/Dec/2025:15:00:43 +0100] "GET /342973925.shtml?fileloc=%2Fhome%2Fsemanacmab%2Fpublic_html%2Fwp-admin%2Fcredits.php&path=%2Fhome%2Fsemanacmab%2Fpublic_html%2Fwp-admin HTTP/1.1" 200 18502 "-" "Mozilla/5.0 AppleWebKit/537.36 (KHTML, like Gecko; compatible; ClaudeBot/1.0; +claudebot@anthropic.com)"
41.216.188.197 - - [25/Dec/2025:15:00:43 +0100] "POST /wp-login.php HTTP/1.1" 200 65496 "https://semanamundial.com/wp-login.php" "Mozilla/5.0 (Macintosh; Intel Mac OS X 13_6_1) AppleWebKit/605.1.15 (KHTML, like Gecko) Version/17.0 Safari/605.1.15"
41.216.188.197 - - [25/Dec/2025:15:00:44 +0100] "POST /wp-login.php HTTP/1.1" 200 65496 "https://semanamundial.com/wp-login.php" "Mozilla/5.0 (X11; Ubuntu; Linux x86_64) AppleWebKit/537.36 (KHTML, like Gecko) Chrome/122.0.6261.57 Safari/537.36"
217.182.194.26 - - [25/Dec/2025:15:00:45 +0100] "GET /?fileloc=/home/semanacmab/public_html/wp-includes_kk/author-template.php&path=/home/semanacmab/public_html/wp-includes_kk HTTP/1.1" 200 34006 "-" "Mozilla/5.0 (compatible; MJ12bot/v1.4.8; http://mj12bot.com/)"
41.216.188.197 - - [25/Dec/2025:15:00:46 +0100] "POST /wp-login.php HTTP/1.1" 200 65496 "https://semanamundial.com/wp-login.php" "Mozilla/5.0 (X11; Ubuntu; Linux x86_64; rv:121.0) Gecko/20100101 Firefox/121.0"
74.7.241.39 - - [25/Dec/2025:15:00:46 +0100] "GET /721601696.shtml HTTP/1.1" 200 65496 "-" "Mozilla/5.0 AppleWebKit/537.36 (KHTML, like Gecko; compatible; GPTBot/1.3; +https://openai.com/gptbot)"
216.73.216.38 - - [25/Dec/2025:15:00:46 +0100] "GET /3966348217.shtml?path=%2Fhome%2Fsemanacmab%2Fpublic_html%2F.well-known HTTP/1.1" 200 15787 "-" "Mozilla/5.0 AppleWebKit/537.36 (KHTML, like Gecko; compatible; ClaudeBot/1.0; +claudebot@anthropic.com)"
41.216.188.197 - - [25/Dec/2025:15:00:47 +0100] "POST /wp-login.php HTTP/1.1" 200 65496 "https://semanamundial.com/wp-login.php" "Mozilla/5.0 (Windows NT 10.0; Win64; x64) AppleWebKit/537.36 (KHTML, like Gecko) Chrome/120.0.0.0 Safari/537.36 Edg/120.0.2210.133"
41.216.188.197 - - [25/Dec/2025:15:00:48 +0100] "POST /wp-login.php HTTP/1.1" 200 65496 "https://semanamundial.com/wp-login.php" "Mozilla/5.0 (X11; Linux x86_64) AppleWebKit/537.36 (KHTML, like Gecko) Chrome/120.0.6099.130 Safari/537.36"
74.7.241.39 - - [25/Dec/2025:15:00:49 +0100] "GET /634595449.shtml HTTP/1.1" 200 65496 "-" "Mozilla/5.0 AppleWebKit/537.36 (KHTML, like Gecko; compatible; GPTBot/1.3; +https://openai.com/gptbot)"
216.73.216.38 - - [25/Dec/2025:15:00:49 +0100] "GET /228061641.shtml?fileloc=%2Fhome%2Fsemanacmab%2Fpublic_html%2Fwp-settings.php&path=%2Fhome%2Fsemanacmab%2Fpublic_html HTTP/1.1" 200 46965 "-" "Mozilla/5.0 AppleWebKit/537.36 (KHTML, like Gecko; compatible; ClaudeBot/1.0; +claudebot@anthropic.com)"
41.216.188.197 - - [25/Dec/2025:15:00:49 +0100] "POST /wp-login.php HTTP/1.1" 200 65496 "https://semanamundial.com/wp-login.php" "Mozilla/5.0 (Macintosh; Intel Mac OS X 10_15_7) AppleWebKit/537.36 (KHTML, like Gecko) Chrome/122.0.6261.57 Safari/537.36"
217.182.194.26 - - [25/Dec/2025:15:00:49 +0100] "GET /?fileloc=/home/semanacmab/public_html/wp-includes_kk/block-bindings.php&path=/home/semanacmab/public_html/wp-includes_kk HTTP/1.1" 200 20525 "-" "Mozilla/5.0 (compatible; MJ12bot/v1.4.8; http://mj12bot.com/)"
41.216.188.197 - - [25/Dec/2025:15:00:51 +0100] "POST /wp-login.php HTTP/1.1" 200 65496 "https://semanamundial.com/wp-login.php" "Mozilla/5.0 (Macintosh; Intel Mac OS X 10_15_7) AppleWebKit/537.36 (KHTML, like Gecko) Chrome/120.0.6099.130 Safari/537.36"
41.216.188.197 - - [25/Dec/2025:15:00:52 +0100] "POST /wp-login.php HTTP/1.1" 200 65496 "https://semanamundial.com/wp-login.php" "Mozilla/5.0 (X11; Linux x86_64) Gecko/20100101 Firefox/119.0.1"
74.7.241.39 - - [25/Dec/2025:15:00:52 +0100] "GET /896916957.shtml HTTP/1.1" 200 65496 "-" "Mozilla/5.0 AppleWebKit/537.36 (KHTML, like Gecko; compatible; GPTBot/1.3; +https://openai.com/gptbot)"
216.73.216.38 - - [25/Dec/2025:15:00:52 +0100] "GET /3018279748.shtml?path=%2Fhome%2Fsemanacmab%2Fpublic_html%2Fimages%2Fimages HTTP/1.1" 200 18921 "-" "Mozilla/5.0 AppleWebKit/537.36 (KHTML, like Gecko; compatible; ClaudeBot/1.0; +claudebot@anthropic.com)"
41.216.188.197 - - [25/Dec/2025:15:00:53 +0100] "POST /wp-login.php HTTP/1.1" 200 65496 "https://semanamundial.com/wp-login.php" "Mozilla/5.0 (Windows NT 11.0; Win64; x64) AppleWebKit/537.36 (KHTML, like Gecko) Chrome/119.0.6045.159 Safari/537.36"
217.182.194.26 - - [25/Dec/2025:15:00:53 +0100] "GET /?fileloc=/home/semanacmab/public_html/wp-includes_kk/block-editor.php&path=/home/semanacmab/public_html/wp-includes_kk HTTP/1.1" 200 45987 "-" "Mozilla/5.0 (compatible; MJ12bot/v1.4.8; http://mj12bot.com/)"
41.216.188.197 - - [25/Dec/2025:15:00:54 +0100] "POST /wp-login.php HTTP/1.1" 200 65496 "https://semanamundial.com/wp-login.php" "Mozilla/5.0 (Macintosh; Intel Mac OS X 10_15_7) AppleWebKit/537.36 (KHTML, like Gecko) Chrome/119.0.6045.159 Safari/537.36"
216.73.216.38 - - [25/Dec/2025:15:00:55 +0100] "GET /1266331227.shtml?fileloc=%2Fhome%2Fsemanacmab%2Fpublic_html%2Fwp-includes%2Fclass-wp-block-templates-registry.php&path=%2Fhome%2Fsemanacmab%2Fpublic_html%2Fwp-includes HTTP/1.1" 200 20211 "-" "Mozilla/5.0 AppleWebKit/537.36 (KHTML, like Gecko; compatible; ClaudeBot/1.0; +claudebot@anthropic.com)"
74.7.241.39 - - [25/Dec/2025:15:00:55 +0100] "GET /620169226.shtml HTTP/1.1" 200 65496 "-" "Mozilla/5.0 AppleWebKit/537.36 (KHTML, like Gecko; compatible; GPTBot/1.3; +https://openai.com/gptbot)"
41.216.188.197 - - [25/Dec/2025:15:00:56 +0100] "POST /wp-login.php HTTP/1.1" 200 65496 "https://semanamundial.com/wp-login.php" "Mozilla/5.0 (Windows NT 10.0; Win64; x64) AppleWebKit/537.36 (KHTML, like Gecko) Chrome/120.0.0.0 Safari/537.36 Edg/120.0.2210.133"
41.216.188.197 - - [25/Dec/2025:15:00:57 +0100] "POST /wp-login.php HTTP/1.1" 200 65496 "https://semanamundial.com/wp-login.php" "Mozilla/5.0 (Windows NT 11.0; Win64; x64) AppleWebKit/537.36 (KHTML, like Gecko) Chrome/120.0.6099.130 Safari/537.36"
217.182.194.26 - - [25/Dec/2025:15:00:57 +0100] "GET /?fileloc=/home/semanacmab/public_html/wp-includes_kk/block-i18n.json&path=/home/semanacmab/public_html/wp-includes_kk HTTP/1.1" 200 12936 "-" "Mozilla/5.0 (compatible; MJ12bot/v1.4.8; http://mj12bot.com/)"
41.216.188.197 - - [25/Dec/2025:15:00:58 +0100] "POST /wp-login.php HTTP/1.1" 200 65496 "https://semanamundial.com/wp-login.php" "Mozilla/5.0 (Macintosh; Intel Mac OS X 10_15_7) AppleWebKit/537.36 (KHTML, like Gecko) Chrome/118.0.5993.88 Safari/537.36"
216.73.216.38 - - [25/Dec/2025:15:00:58 +0100] "GET /4017921291.shtml?fileloc=%2Fhome%2Fsemanacmab%2Fpublic_html%2Fwp-admin%2F.htaccess&path=%2Fhome%2Fsemanacmab%2Fpublic_html%2Fwp-admin HTTP/1.1" 200 14534 "-" "Mozilla/5.0 AppleWebKit/537.36 (KHTML, like Gecko; compatible; ClaudeBot/1.0; +claudebot@anthropic.com)"
74.7.241.39 - - [25/Dec/2025:15:00:58 +0100] "GET /203133916.shtml?fileloc=/home/semanacmab/public_html/wp-load.php&path=/home/semanacmab/public_html HTTP/1.1" 200 17020 "-" "Mozilla/5.0 AppleWebKit/537.36 (KHTML, like Gecko; compatible; GPTBot/1.3; +https://openai.com/gptbot)"
41.216.188.197 - - [25/Dec/2025:15:01:00 +0100] "POST /wp-login.php HTTP/1.1" 200 65496 "https://semanamundial.com/wp-login.php" "Mozilla/5.0 (Windows NT 11.0; Win64; x64) AppleWebKit/537.36 (KHTML, like Gecko) Chrome/119.0.6045.159 Safari/537.36"
41.216.188.197 - - [25/Dec/2025:15:01:01 +0100] "POST /wp-login.php HTTP/1.1" 200 65496 "https://semanamundial.com/wp-login.php" "Mozilla/5.0 (X11; Linux x86_64) AppleWebKit/537.36 (KHTML, like Gecko) Chrome/122.0.6261.57 Safari/537.36"
216.73.216.38 - - [25/Dec/2025:15:01:01 +0100] "GET /801818095.shtml?fileloc=%2Fhome%2Fsemanacmab%2Fpublic_html%2Fwp-includes_kk%2Fcategory.php&path=%2Fhome%2Fsemanacmab%2Fpublic_html%2Fwp-includes_kk HTTP/1.1" 200 26308 "-" "Mozilla/5.0 AppleWebKit/537.36 (KHTML, like Gecko; compatible; ClaudeBot/1.0; +claudebot@anthropic.com)"
217.182.194.26 - - [25/Dec/2025:15:01:01 +0100] "GET /?fileloc=/home/semanacmab/public_html/wp-includes_kk/block-patterns.php&path=/home/semanacmab/public_html/wp-includes_kk HTTP/1.1" 200 27825 "-" "Mozilla/5.0 (compatible; MJ12bot/v1.4.8; http://mj12bot.com/)"
74.7.241.39 - - [25/Dec/2025:15:01:02 +0100] "GET /931019916.shtml HTTP/1.1" 200 65496 "-" "Mozilla/5.0 AppleWebKit/537.36 (KHTML, like Gecko; compatible; GPTBot/1.3; +https://openai.com/gptbot)"
41.216.188.197 - - [25/Dec/2025:15:01:02 +0100] "POST /wp-login.php HTTP/1.1" 200 65496 "https://semanamundial.com/wp-login.php" "Mozilla/5.0 (Macintosh; Intel Mac OS X 10_15_7) AppleWebKit/605.1.15 (KHTML, like Gecko) Version/17.1 Safari/605.1.15"
41.216.188.197 - - [25/Dec/2025:15:01:04 +0100] "POST /wp-login.php HTTP/1.1" 200 65496 "https://semanamundial.com/wp-login.php" "Mozilla/5.0 (X11; Ubuntu; Linux x86_64; rv:122.0) Gecko/20100101 Firefox/122.0"
66.249.66.76 - - [25/Dec/2025:15:01:03 +0100] "GET /?shopdetail/eureka/2007708088 HTTP/1.1" 200 195890 "-" "Mozilla/5.0 (Linux; Android 6.0.1; Nexus 5X Build/MMB29P) AppleWebKit/537.36 (KHTML, like Gecko) Chrome/141.0.7390.122 Mobile Safari/537.36 (compatible; Googlebot/2.1; +http://www.google.com/bot.html)"
216.73.216.38 - - [25/Dec/2025:15:01:04 +0100] "GET /2452700788.shtml?fileloc=%2Fhome%2Fsemanacmab%2Fpublic_html%2Fwp-includes_kk%2Frevision.php&path=%2Fhome%2Fsemanacmab%2Fpublic_html%2Fwp-includes_kk HTTP/1.1" 200 45487 "-" "Mozilla/5.0 AppleWebKit/537.36 (KHTML, like Gecko; compatible; ClaudeBot/1.0; +claudebot@anthropic.com)"
74.7.241.39 - - [25/Dec/2025:15:01:05 +0100] "GET /445404119.shtml HTTP/1.1" 200 65496 "-" "Mozilla/5.0 AppleWebKit/537.36 (KHTML, like Gecko; compatible; GPTBot/1.3; +https://openai.com/gptbot)"
41.216.188.197 - - [25/Dec/2025:15:01:05 +0100] "POST /wp-login.php HTTP/1.1" 200 65496 "https://semanamundial.com/wp-login.php" "Mozilla/5.0 (Macintosh; Intel Mac OS X 12_6_2) AppleWebKit/605.1.15 (KHTML, like Gecko) Version/16.6.1 Safari/605.1.15"
217.182.194.26 - - [25/Dec/2025:15:01:05 +0100] "GET /?fileloc=/home/semanacmab/public_html/wp-includes_kk/block-template-utils.php&path=/home/semanacmab/public_html/wp-includes_kk HTTP/1.1" 200 82172 "-" "Mozilla/5.0 (compatible; MJ12bot/v1.4.8; http://mj12bot.com/)"
41.216.188.197 - - [25/Dec/2025:15:01:06 +0100] "POST /wp-login.php HTTP/1.1" 200 65496 "https://semanamundial.com/wp-login.php" "Mozilla/5.0 (Windows NT 10.0; Win64; x64) AppleWebKit/537.36 (KHTML, like Gecko) Chrome/120.0.0.0 Safari/537.36 Edg/120.0.2210.133"
216.73.216.38 - - [25/Dec/2025:15:01:07 +0100] "GET /1617210164.shtml?fileloc=%2Fhome%2Fsemanacmab%2Fpublic_html%2Fwp-includes_kk%2Fclass-wp-site-query.php&path=%2Fhome%2Fsemanacmab%2Fpublic_html%2Fwp-includes_kk HTTP/1.1" 200 49339 "-" "Mozilla/5.0 AppleWebKit/537.36 (KHTML, like Gecko; compatible; ClaudeBot/1.0; +claudebot@anthropic.com)"
41.216.188.197 - - [25/Dec/2025:15:01:07 +0100] "POST /wp-login.php HTTP/1.1" 200 65496 "https://semanamundial.com/wp-login.php" "Mozilla/5.0 (X11; Linux x86_64) AppleWebKit/537.36 (KHTML, like Gecko) Chrome/122.0.6261.57 Safari/537.36"
74.7.241.39 - - [25/Dec/2025:15:01:08 +0100] "GET /166233678.shtml HTTP/1.1" 200 65496 "-" "Mozilla/5.0 AppleWebKit/537.36 (KHTML, like Gecko; compatible; GPTBot/1.3; +https://openai.com/gptbot)"
41.216.188.197 - - [25/Dec/2025:15:01:08 +0100] "POST /wp-login.php HTTP/1.1" 200 65496 "https://semanamundial.com/wp-login.php" "Mozilla/5.0 (X11; Linux x86_64) AppleWebKit/537.36 (KHTML, like Gecko) Chrome/120.0.6099.130 Safari/537.36"
217.182.194.26 - - [25/Dec/2025:15:01:09 +0100] "GET /?fileloc=/home/semanacmab/public_html/wp-includes_kk/block-template.php&path=/home/semanacmab/public_html/wp-includes_kk HTTP/1.1" 200 28913 "-" "Mozilla/5.0 (compatible; MJ12bot/v1.4.8; http://mj12bot.com/)"
41.216.188.197 - - [25/Dec/2025:15:01:10 +0100] "POST /wp-login.php HTTP/1.1" 200 65496 "https://semanamundial.com/wp-login.php" "Mozilla/5.0 (Windows NT 11.0; Win64; x64) AppleWebKit/537.36 (KHTML, like Gecko) Chrome/119.0.6045.159 Safari/537.36"
216.73.216.38 - - [25/Dec/2025:15:01:10 +0100] "GET /564665365.shtml?fileloc=%2Fhome%2Fsemanacmab%2Fpublic_html%2Fwp-settings.php&path=%2Fhome%2Fsemanacmab%2Fpublic_html HTTP/1.1" 200 46965 "-" "Mozilla/5.0 AppleWebKit/537.36 (KHTML, like Gecko; compatible; ClaudeBot/1.0; +claudebot@anthropic.com)"
74.7.241.39 - - [25/Dec/2025:15:01:11 +0100] "GET /955700519.shtml HTTP/1.1" 200 65496 "-" "Mozilla/5.0 AppleWebKit/537.36 (KHTML, like Gecko; compatible; GPTBot/1.3; +https://openai.com/gptbot)"
41.216.188.197 - - [25/Dec/2025:15:01:12 +0100] "POST /wp-login.php HTTP/1.1" 200 65496 "https://semanamundial.com/wp-login.php" "Mozilla/5.0 (Macintosh; Intel Mac OS X 10.15) Gecko/20100101 Firefox/122.0"
41.216.188.197 - - [25/Dec/2025:15:01:13 +0100] "POST /wp-login.php HTTP/1.1" 200 65496 "https://semanamundial.com/wp-login.php" "Mozilla/5.0 (X11; Ubuntu; Linux x86_64; rv:118.0.2) Gecko/20100101 Firefox/118.0.2"
217.182.194.26 - - [25/Dec/2025:15:01:13 +0100] "GET /?fileloc=/home/semanacmab/public_html/wp-includes_kk/blocks.php&path=/home/semanacmab/public_html/wp-includes_kk HTTP/1.1" 200 136347 "-" "Mozilla/5.0 (compatible; MJ12bot/v1.4.8; http://mj12bot.com/)"
216.73.216.38 - - [25/Dec/2025:15:01:13 +0100] "GET /4017921291.shtml?fileloc=%2Fhome%2Fsemanacmab%2Fpublic_html%2Fwp-settings.php&path=%2Fhome%2Fsemanacmab%2Fpublic_html HTTP/1.1" 200 46965 "-" "Mozilla/5.0 AppleWebKit/537.36 (KHTML, like Gecko; compatible; ClaudeBot/1.0; +claudebot@anthropic.com)"
41.216.188.197 - - [25/Dec/2025:15:01:14 +0100] "POST /wp-login.php HTTP/1.1" 200 65496 "https://semanamundial.com/wp-login.php" "Mozilla/5.0 (X11; Ubuntu; Linux x86_64; rv:118.0.2) Gecko/20100101 Firefox/118.0.2"
74.7.241.39 - - [25/Dec/2025:15:01:14 +0100] "GET /255238268.shtml HTTP/1.1" 200 65496 "-" "Mozilla/5.0 AppleWebKit/537.36 (KHTML, like Gecko; compatible; GPTBot/1.3; +https://openai.com/gptbot)"
41.216.188.197 - - [25/Dec/2025:15:01:16 +0100] "POST /wp-login.php HTTP/1.1" 200 65496 "https://semanamundial.com/wp-login.php" "Mozilla/5.0 (Windows NT 10.0; Win64; x64) AppleWebKit/537.36 (KHTML, like Gecko) Chrome/119.0.0.0 Safari/537.36 Edg/119.0.2151.97"
216.73.216.38 - - [25/Dec/2025:15:01:16 +0100] "GET /2452700788.shtml?fileloc=%2Fhome%2Fsemanacmab%2Fpublic_html%2Fwp-includes_kk%2Fgeneral-template.php&path=%2Fhome%2Fsemanacmab%2Fpublic_html%2Fwp-includes_kk HTTP/1.1" 200 209209 "-" "Mozilla/5.0 AppleWebKit/537.36 (KHTML, like Gecko; compatible; ClaudeBot/1.0; +claudebot@anthropic.com)"
41.216.188.197 - - [25/Dec/2025:15:01:17 +0100] "POST /wp-login.php HTTP/1.1" 200 65496 "https://semanamundial.com/wp-login.php" "Mozilla/5.0 (Macintosh; Intel Mac OS X 10_15_7) AppleWebKit/605.1.15 (KHTML, like Gecko) Version/17.2.1 Safari/605.1.15"
217.182.194.26 - - [25/Dec/2025:15:01:17 +0100] "GET /?fileloc=/home/semanacmab/public_html/wp-includes_kk/bookmark-template.php&path=/home/semanacmab/public_html/wp-includes_kk HTTP/1.1" 200 27588 "-" "Mozilla/5.0 (compatible; MJ12bot/v1.4.8; http://mj12bot.com/)"
74.7.241.39 - - [25/Dec/2025:15:01:17 +0100] "GET /305813411.shtml HTTP/1.1" 200 65496 "-" "Mozilla/5.0 AppleWebKit/537.36 (KHTML, like Gecko; compatible; GPTBot/1.3; +https://openai.com/gptbot)"
41.216.188.197 - - [25/Dec/2025:15:01:18 +0100] "POST /wp-login.php HTTP/1.1" 200 65496 "https://semanamundial.com/wp-login.php" "Mozilla/5.0 (X11; Linux x86_64) Gecko/20100101 Firefox/118.0.2"
