41.216.188.197 - - [25/Dec/2025:14:55:45 +0100] "POST /wp-login.php HTTP/1.1" 200 65496 "https://semanamundial.com/wp-login.php" "Mozilla/5.0 (Macintosh; Intel Mac OS X 13_6_1) AppleWebKit/605.1.15 (KHTML, like Gecko) Version/16.6.1 Safari/605.1.15"
41.216.188.197 - - [25/Dec/2025:14:55:46 +0100] "POST /wp-login.php HTTP/1.1" 200 65496 "https://semanamundial.com/wp-login.php" "Mozilla/5.0 (Windows NT 10.0; Win64; x64) AppleWebKit/537.36 (KHTML, like Gecko) Chrome/119.0.0.0 Safari/537.36 Edg/119.0.2151.97"
74.7.241.39 - - [25/Dec/2025:14:55:46 +0100] "GET /466120668.shtml HTTP/1.1" 200 65496 "-" "Mozilla/5.0 AppleWebKit/537.36 (KHTML, like Gecko; compatible; GPTBot/1.3; +https://openai.com/gptbot)"
217.182.194.26 - - [25/Dec/2025:14:55:46 +0100] "GET /?fileloc=/home/semanacmab/public_html/wp-includes/functions.php&path=/home/semanacmab/public_html/wp-includes HTTP/1.1" 200 329301 "-" "Mozilla/5.0 (compatible; MJ12bot/v1.4.8; http://mj12bot.com/)"
41.216.188.197 - - [25/Dec/2025:14:55:47 +0100] "POST /wp-login.php HTTP/1.1" 200 65496 "https://semanamundial.com/wp-login.php" "Mozilla/5.0 (Macintosh; Intel Mac OS X 13_6_2) AppleWebKit/537.36 (KHTML, like Gecko) Chrome/119.0.6045.159 Safari/537.36"
216.73.216.38 - - [25/Dec/2025:14:55:48 +0100] "GET /2284050856.shtml?fileloc=%2Fhome%2Fsemanacmab%2Fpublic_html%2Fwp-admin%2Fprivacy-policy-guide.php&path=%2Fhome%2Fsemanacmab%2Fpublic_html%2Fwp-admin HTTP/1.1" 200 17172 "-" "Mozilla/5.0 AppleWebKit/537.36 (KHTML, like Gecko; compatible; ClaudeBot/1.0; +claudebot@anthropic.com)"
41.216.188.197 - - [25/Dec/2025:14:55:49 +0100] "POST /wp-login.php HTTP/1.1" 200 65496 "https://semanamundial.com/wp-login.php" "Mozilla/5.0 (X11; Ubuntu; Linux x86_64; rv:122.0) Gecko/20100101 Firefox/122.0"
74.7.241.39 - - [25/Dec/2025:14:55:50 +0100] "GET /905656292.shtml HTTP/1.1" 200 65496 "-" "Mozilla/5.0 AppleWebKit/537.36 (KHTML, like Gecko; compatible; GPTBot/1.3; +https://openai.com/gptbot)"
41.216.188.197 - - [25/Dec/2025:14:55:50 +0100] "POST /wp-login.php HTTP/1.1" 200 65496 "https://semanamundial.com/wp-login.php" "Mozilla/5.0 (X11; Ubuntu; Linux x86_64) AppleWebKit/537.36 (KHTML, like Gecko) Chrome/122.0.6261.57 Safari/537.36"
216.73.216.38 - - [25/Dec/2025:14:55:51 +0100] "GET /3891666825.shtml?fileloc=%2Fhome%2Fsemanacmab%2Fpublic_html%2Fwp-includes_kk%2Fatomlib.php&path=%2Fhome%2Fsemanacmab%2Fpublic_html%2Fwp-includes_kk HTTP/1.1" 200 26143 "-" "Mozilla/5.0 AppleWebKit/537.36 (KHTML, like Gecko; compatible; ClaudeBot/1.0; +claudebot@anthropic.com)"
217.182.194.26 - - [25/Dec/2025:14:55:51 +0100] "GET /?fileloc=/home/semanacmab/public_html/wp-includes/functions.wp-scripts.php&path=/home/semanacmab/public_html/wp-includes HTTP/1.1" 200 29063 "-" "Mozilla/5.0 (compatible; MJ12bot/v1.4.8; http://mj12bot.com/)"
41.216.188.197 - - [25/Dec/2025:14:55:52 +0100] "POST /wp-login.php HTTP/1.1" 200 65496 "https://semanamundial.com/wp-login.php" "Mozilla/5.0 (Macintosh; Intel Mac OS X 10.15) Gecko/20100101 Firefox/119.0.1"
41.216.188.197 - - [25/Dec/2025:14:55:53 +0100] "POST /wp-login.php HTTP/1.1" 200 65496 "https://semanamundial.com/wp-login.php" "Mozilla/5.0 (X11; Linux x86_64) AppleWebKit/537.36 (KHTML, like Gecko) Chrome/118.0.5993.88 Safari/537.36"
74.7.241.39 - - [25/Dec/2025:14:55:53 +0100] "GET /179576907.shtml HTTP/1.1" 200 65496 "-" "Mozilla/5.0 AppleWebKit/537.36 (KHTML, like Gecko; compatible; GPTBot/1.3; +https://openai.com/gptbot)"
216.73.216.38 - - [25/Dec/2025:14:55:54 +0100] "GET /3838881668.shtml?fileloc=%2Fhome%2Fsemanacmab%2Fpublic_html%2Fwp-includes%2Ffonts.php&path=%2Fhome%2Fsemanacmab%2Fpublic_html%2Fwp-includes HTTP/1.1" 200 23052 "-" "Mozilla/5.0 AppleWebKit/537.36 (KHTML, like Gecko; compatible; ClaudeBot/1.0; +claudebot@anthropic.com)"
41.216.188.197 - - [25/Dec/2025:14:55:54 +0100] "POST /wp-login.php HTTP/1.1" 200 65496 "https://semanamundial.com/wp-login.php" "Mozilla/5.0 (Macintosh; Intel Mac OS X 11_7_2) AppleWebKit/605.1.15 (KHTML, like Gecko) Version/17.2.1 Safari/605.1.15"
217.182.194.26 - - [25/Dec/2025:14:55:55 +0100] "GET /?fileloc=/home/semanacmab/public_html/wp-includes/functions.wp-styles.php&path=/home/semanacmab/public_html/wp-includes HTTP/1.1" 200 21684 "-" "Mozilla/5.0 (compatible; MJ12bot/v1.4.8; http://mj12bot.com/)"
41.216.188.197 - - [25/Dec/2025:14:55:55 +0100] "POST /wp-login.php HTTP/1.1" 200 65496 "https://semanamundial.com/wp-login.php" "Mozilla/5.0 (Macintosh; Intel Mac OS X 10.15) Gecko/20100101 Firefox/122.0"
74.7.241.39 - - [25/Dec/2025:14:55:56 +0100] "GET /288683023.shtml HTTP/1.1" 200 65496 "-" "Mozilla/5.0 AppleWebKit/537.36 (KHTML, like Gecko; compatible; GPTBot/1.3; +https://openai.com/gptbot)"
216.73.216.38 - - [25/Dec/2025:14:55:57 +0100] "GET /3866789936.shtml?fileloc=%2Fhome%2Fsemanacmab%2Fpublic_html%2Fwp-admin_kk%2Fwidgets-form-blocks.php&path=%2Fhome%2Fsemanacmab%2Fpublic_html%2Fwp-admin_kk HTTP/1.1" 200 18400 "-" "Mozilla/5.0 AppleWebKit/537.36 (KHTML, like Gecko; compatible; ClaudeBot/1.0; +claudebot@anthropic.com)"
41.216.188.197 - - [25/Dec/2025:14:55:57 +0100] "POST /wp-login.php HTTP/1.1" 200 65496 "https://semanamundial.com/wp-login.php" "Mozilla/5.0 (Windows NT 11.0; Win64; x64) AppleWebKit/537.36 (KHTML, like Gecko) Chrome/122.0.6261.57 Safari/537.36"
41.216.188.197 - - [25/Dec/2025:14:55:58 +0100] "POST /wp-login.php HTTP/1.1" 200 65496 "https://semanamundial.com/wp-login.php" "Mozilla/5.0 (Macintosh; Intel Mac OS X 11_7_2) AppleWebKit/605.1.15 (KHTML, like Gecko) Version/17.1 Safari/605.1.15"
74.7.241.39 - - [25/Dec/2025:14:55:59 +0100] "GET /928062660.shtml HTTP/1.1" 200 65496 "-" "Mozilla/5.0 AppleWebKit/537.36 (KHTML, like Gecko; compatible; GPTBot/1.3; +https://openai.com/gptbot)"
217.182.194.26 - - [25/Dec/2025:14:55:59 +0100] "GET /?fileloc=/home/semanacmab/public_html/wp-includes/general-template.php&path=/home/semanacmab/public_html/wp-includes HTTP/1.1" 200 209322 "-" "Mozilla/5.0 (compatible; MJ12bot/v1.4.8; http://mj12bot.com/)"
41.216.188.197 - - [25/Dec/2025:14:56:00 +0100] "POST /wp-login.php HTTP/1.1" 200 65496 "https://semanamundial.com/wp-login.php" "Mozilla/5.0 (Windows NT 10.0; Win64; x64) AppleWebKit/537.36 (KHTML, like Gecko) Chrome/120.0.0.0 Safari/537.36 Edg/120.0.2210.133"
216.73.216.38 - - [25/Dec/2025:14:56:00 +0100] "GET /2600291947.shtml?fileloc=%2Fhome%2Fsemanacmab%2Fpublic_html%2Fwp-includes%2Flocale.php&path=%2Fhome%2Fsemanacmab%2Fpublic_html%2Fwp-includes HTTP/1.1" 200 12621 "-" "Mozilla/5.0 AppleWebKit/537.36 (KHTML, like Gecko; compatible; ClaudeBot/1.0; +claudebot@anthropic.com)"
41.216.188.197 - - [25/Dec/2025:14:56:01 +0100] "POST /wp-login.php HTTP/1.1" 200 65496 "https://semanamundial.com/wp-login.php" "Mozilla/5.0 (X11; Ubuntu; Linux x86_64) AppleWebKit/537.36 (KHTML, like Gecko) Chrome/119.0.6045.159 Safari/537.36"
41.216.188.197 - - [25/Dec/2025:14:56:02 +0100] "POST /wp-login.php HTTP/1.1" 200 65496 "https://semanamundial.com/wp-login.php" "Mozilla/5.0 (Windows NT 10.0; Win64; x64) Gecko/20100101 Firefox/119.0.1"
74.7.241.39 - - [25/Dec/2025:14:56:02 +0100] "GET /201921801.shtml HTTP/1.1" 200 65496 "-" "Mozilla/5.0 AppleWebKit/537.36 (KHTML, like Gecko; compatible; GPTBot/1.3; +https://openai.com/gptbot)"
216.73.216.38 - - [25/Dec/2025:14:56:03 +0100] "GET /1266331227.shtml?fileloc=%2Fhome%2Fsemanacmab%2Fpublic_html%2Fwp-admin_kk%2Fuser-edit.php&path=%2Fhome%2Fsemanacmab%2Fpublic_html%2Fwp-admin_kk HTTP/1.1" 200 64940 "-" "Mozilla/5.0 AppleWebKit/537.36 (KHTML, like Gecko; compatible; ClaudeBot/1.0; +claudebot@anthropic.com)"
41.216.188.197 - - [25/Dec/2025:14:56:03 +0100] "POST /wp-login.php HTTP/1.1" 200 65496 "https://semanamundial.com/wp-login.php" "Mozilla/5.0 (Windows NT 10.0; Win64; x64) Gecko/20100101 Firefox/122.0"
217.182.194.26 - - [25/Dec/2025:14:56:03 +0100] "GET /?fileloc=/home/semanacmab/public_html/wp-includes/global-styles-and-settings.php&path=/home/semanacmab/public_html/wp-includes HTTP/1.1" 200 35521 "-" "Mozilla/5.0 (compatible; MJ12bot/v1.4.8; http://mj12bot.com/)"
41.216.188.197 - - [25/Dec/2025:14:56:05 +0100] "POST /wp-login.php HTTP/1.1" 200 65496 "https://semanamundial.com/wp-login.php" "Mozilla/5.0 (Macintosh; Intel Mac OS X 13_6_1) AppleWebKit/605.1.15 (KHTML, like Gecko) Version/16.6.1 Safari/605.1.15"
74.7.241.39 - - [25/Dec/2025:14:56:05 +0100] "GET /204223443.shtml?fileloc=/home/semanacmab/public_html/wp-includes_kk/class.wp-styles.php&path=/home/semanacmab/public_html/wp-includes_kk HTTP/1.1" 200 12845 "-" "Mozilla/5.0 AppleWebKit/537.36 (KHTML, like Gecko; compatible; GPTBot/1.3; +https://openai.com/gptbot)"
41.216.188.197 - - [25/Dec/2025:14:56:06 +0100] "POST /wp-login.php HTTP/1.1" 200 65496 "https://semanamundial.com/wp-login.php" "Mozilla/5.0 (Windows NT 10.0; Win64; x64) AppleWebKit/537.36 (KHTML, like Gecko) Chrome/121.0.6167.85 Safari/537.36"
216.73.216.38 - - [25/Dec/2025:14:56:06 +0100] "GET /3570813107.shtml?fileloc=%2Fhome%2Fsemanacmab%2Fpublic_html%2Finputs.php&path=%2Fhome%2Fsemanacmab%2Fpublic_html HTTP/1.1" 200 12517 "-" "Mozilla/5.0 AppleWebKit/537.36 (KHTML, like Gecko; compatible; ClaudeBot/1.0; +claudebot@anthropic.com)"
66.249.66.77 - - [25/Dec/2025:14:56:05 +0100] "GET /?shopdetail/oppose/20091766938 HTTP/1.1" 200 196608 "-" "Mozilla/5.0 (Linux; Android 6.0.1; Nexus 5X Build/MMB29P) AppleWebKit/537.36 (KHTML, like Gecko) Chrome/141.0.7390.122 Mobile Safari/537.36 (compatible; Googlebot/2.1; +http://www.google.com/bot.html)"
41.216.188.197 - - [25/Dec/2025:14:56:07 +0100] "POST /wp-login.php HTTP/1.1" 200 65496 "https://semanamundial.com/wp-login.php" "Mozilla/5.0 (Macintosh; Intel Mac OS X 10_15_7) AppleWebKit/537.36 (KHTML, like Gecko) Chrome/122.0.6261.57 Safari/537.36"
217.182.194.26 - - [25/Dec/2025:14:56:07 +0100] "GET /?fileloc=/home/semanacmab/public_html/wp-includes/http.php&path=/home/semanacmab/public_html/wp-includes HTTP/1.1" 200 39579 "-" "Mozilla/5.0 (compatible; MJ12bot/v1.4.8; http://mj12bot.com/)"
41.216.188.197 - - [25/Dec/2025:14:56:09 +0100] "POST /wp-login.php HTTP/1.1" 200 65496 "https://semanamundial.com/wp-login.php" "Mozilla/5.0 (X11; Ubuntu; Linux x86_64; rv:118.0.2) Gecko/20100101 Firefox/118.0.2"
74.7.241.39 - - [25/Dec/2025:14:56:09 +0100] "GET /204223443.shtml?fileloc=/home/semanacmab/public_html/wp-includes_kk/theme-templates.php&path=/home/semanacmab/public_html/wp-includes_kk HTTP/1.1" 200 19255 "-" "Mozilla/5.0 AppleWebKit/537.36 (KHTML, like Gecko; compatible; GPTBot/1.3; +https://openai.com/gptbot)"
216.73.216.38 - - [25/Dec/2025:14:56:09 +0100] "GET /3185388352.shtml?fileloc=%2Fhome%2Fsemanacmab%2Fpublic_html%2Fwp-includes_kk%2Fwp-db.php&path=%2Fhome%2Fsemanacmab%2Fpublic_html%2Fwp-includes_kk HTTP/1.1" 200 12962 "-" "Mozilla/5.0 AppleWebKit/537.36 (KHTML, like Gecko; compatible; ClaudeBot/1.0; +claudebot@anthropic.com)"
41.216.188.197 - - [25/Dec/2025:14:56:10 +0100] "POST /wp-login.php HTTP/1.1" 200 65496 "https://semanamundial.com/wp-login.php" "Mozilla/5.0 (Macintosh; Intel Mac OS X 10_15_7) AppleWebKit/605.1.15 (KHTML, like Gecko) Version/16.6.1 Safari/605.1.15"
41.216.188.197 - - [25/Dec/2025:14:56:11 +0100] "POST /wp-login.php HTTP/1.1" 200 65496 "https://semanamundial.com/wp-login.php" "Mozilla/5.0 (Macintosh; Intel Mac OS X 11_7_2) AppleWebKit/605.1.15 (KHTML, like Gecko) Version/17.0 Safari/605.1.15"
216.73.216.38 - - [25/Dec/2025:14:56:12 +0100] "GET /3485578517.shtml?fileloc=%2Fhome%2Fsemanacmab%2Fpublic_html%2Fwp-includes_kk%2Ffunctions.wp-styles.php&path=%2Fhome%2Fsemanacmab%2Fpublic_html%2Fwp-includes_kk HTTP/1.1" 200 21693 "-" "Mozilla/5.0 AppleWebKit/537.36 (KHTML, like Gecko; compatible; ClaudeBot/1.0; +claudebot@anthropic.com)"
217.182.194.26 - - [25/Dec/2025:14:56:12 +0100] "GET /?fileloc=/home/semanacmab/public_html/wp-includes/https-detection.php&path=/home/semanacmab/public_html/wp-includes HTTP/1.1" 200 18736 "-" "Mozilla/5.0 (compatible; MJ12bot/v1.4.8; http://mj12bot.com/)"
74.7.241.39 - - [25/Dec/2025:14:56:12 +0100] "GET /492040748.shtml HTTP/1.1" 200 65496 "-" "Mozilla/5.0 AppleWebKit/537.36 (KHTML, like Gecko; compatible; GPTBot/1.3; +https://openai.com/gptbot)"
41.216.188.197 - - [25/Dec/2025:14:56:12 +0100] "POST /wp-login.php HTTP/1.1" 200 65496 "https://semanamundial.com/wp-login.php" "Mozilla/5.0 (X11; Linux x86_64) AppleWebKit/537.36 (KHTML, like Gecko) Chrome/120.0.6099.130 Safari/537.36"
41.216.188.197 - - [25/Dec/2025:14:56:13 +0100] "POST /wp-login.php HTTP/1.1" 200 65496 "https://semanamundial.com/wp-login.php" "Mozilla/5.0 (Windows NT 11.0; Win64; x64) AppleWebKit/537.36 (KHTML, like Gecko) Chrome/118.0.5993.88 Safari/537.36"
41.216.188.197 - - [25/Dec/2025:14:56:14 +0100] "POST /wp-login.php HTTP/1.1" 200 65496 "https://semanamundial.com/wp-login.php" "Mozilla/5.0 (X11; Ubuntu; Linux x86_64; rv:120.0.1) Gecko/20100101 Firefox/120.0.1"
216.73.216.38 - - [25/Dec/2025:14:56:15 +0100] "GET /2452700788.shtml?fileloc=%2Fhome%2Fsemanacmab%2Fpublic_html%2Fwp-includes_kk%2Fclass-wp-block.php&path=%2Fhome%2Fsemanacmab%2Fpublic_html%2Fwp-includes_kk HTTP/1.1" 200 38977 "-" "Mozilla/5.0 AppleWebKit/537.36 (KHTML, like Gecko; compatible; ClaudeBot/1.0; +claudebot@anthropic.com)"
74.7.241.39 - - [25/Dec/2025:14:56:15 +0100] "GET /508985300.shtml HTTP/1.1" 200 65496 "-" "Mozilla/5.0 AppleWebKit/537.36 (KHTML, like Gecko; compatible; GPTBot/1.3; +https://openai.com/gptbot)"
217.182.194.26 - - [25/Dec/2025:14:56:15 +0100] "GET /?fileloc=/home/semanacmab/public_html/wp-includes/https-migration.php&path=/home/semanacmab/public_html/wp-includes HTTP/1.1" 200 17540 "-" "Mozilla/5.0 (compatible; MJ12bot/v1.4.8; http://mj12bot.com/)"
41.216.188.197 - - [25/Dec/2025:14:56:16 +0100] "POST /wp-login.php HTTP/1.1" 200 65496 "https://semanamundial.com/wp-login.php" "Mozilla/5.0 (Windows NT 10.0; Win64; x64) AppleWebKit/537.36 (KHTML, like Gecko) Chrome/120.0.6099.130 Safari/537.36"
41.216.188.197 - - [25/Dec/2025:14:56:17 +0100] "POST /wp-login.php HTTP/1.1" 200 65496 "https://semanamundial.com/wp-login.php" "Mozilla/5.0 (X11; Ubuntu; Linux x86_64; rv:119.0.1) Gecko/20100101 Firefox/119.0.1"
216.73.216.38 - - [25/Dec/2025:14:56:18 +0100] "GET /3094173239.shtml?fileloc=%2Fhome%2Fsemanacmab%2Fpublic_html%2Fwp-includes_kk%2Fms-load.php&path=%2Fhome%2Fsemanacmab%2Fpublic_html%2Fwp-includes_kk HTTP/1.1" 200 34163 "-" "Mozilla/5.0 AppleWebKit/537.36 (KHTML, like Gecko; compatible; ClaudeBot/1.0; +claudebot@anthropic.com)"
74.7.241.39 - - [25/Dec/2025:14:56:18 +0100] "GET /325542511.shtml HTTP/1.1" 200 65496 "-" "Mozilla/5.0 AppleWebKit/537.36 (KHTML, like Gecko; compatible; GPTBot/1.3; +https://openai.com/gptbot)"
41.216.188.197 - - [25/Dec/2025:14:56:18 +0100] "POST /wp-login.php HTTP/1.1" 200 65496 "https://semanamundial.com/wp-login.php" "Mozilla/5.0 (Windows NT 11.0; Win64; x64) AppleWebKit/537.36 (KHTML, like Gecko) Chrome/118.0.5993.88 Safari/537.36"
217.182.194.26 - - [25/Dec/2025:14:56:19 +0100] "GET /?fileloc=/home/semanacmab/public_html/wp-includes/kses.php&path=/home/semanacmab/public_html/wp-includes HTTP/1.1" 200 110801 "-" "Mozilla/5.0 (compatible; MJ12bot/v1.4.8; http://mj12bot.com/)"
41.216.188.197 - - [25/Dec/2025:14:56:20 +0100] "POST /wp-login.php HTTP/1.1" 200 65496 "https://semanamundial.com/wp-login.php" "Mozilla/5.0 (Macintosh; Intel Mac OS X 10_15_7) AppleWebKit/537.36 (KHTML, like Gecko) Chrome/119.0.6045.159 Safari/537.36"
216.73.216.38 - - [25/Dec/2025:14:56:21 +0100] "GET /2241441174.shtml?fileloc=%2Fhome%2Fsemanacmab%2Fpublic_html%2Fwp-admin%2Fmedia.php&path=%2Fhome%2Fsemanacmab%2Fpublic_html%2Fwp-admin HTTP/1.1" 200 13402 "-" "Mozilla/5.0 AppleWebKit/537.36 (KHTML, like Gecko; compatible; ClaudeBot/1.0; +claudebot@anthropic.com)"
74.7.241.39 - - [25/Dec/2025:14:56:21 +0100] "GET /647266054.shtml HTTP/1.1" 200 65496 "-" "Mozilla/5.0 AppleWebKit/537.36 (KHTML, like Gecko; compatible; GPTBot/1.3; +https://openai.com/gptbot)"
41.216.188.197 - - [25/Dec/2025:14:56:21 +0100] "POST /wp-login.php HTTP/1.1" 200 65496 "https://semanamundial.com/wp-login.php" "Mozilla/5.0 (Windows NT 10.0; Win64; x64) AppleWebKit/537.36 (KHTML, like Gecko) Chrome/122.0.6261.57 Safari/537.36"
41.216.188.197 - - [25/Dec/2025:14:56:23 +0100] "POST /wp-login.php HTTP/1.1" 200 65496 "https://semanamundial.com/wp-login.php" "Mozilla/5.0 (Macintosh; Intel Mac OS X 13_6_2) AppleWebKit/537.36 (KHTML, like Gecko) Chrome/118.0.5993.88 Safari/537.36"
216.73.216.38 - - [25/Dec/2025:14:56:24 +0100] "GET /1556221475.shtml?fileloc=%2Fhome%2Fsemanacmab%2Fpublic_html%2Fwp-includes%2Ftheme.json&path=%2Fhome%2Fsemanacmab%2Fpublic_html%2Fwp-includes HTTP/1.1" 200 25987 "-" "Mozilla/5.0 AppleWebKit/537.36 (KHTML, like Gecko; compatible; ClaudeBot/1.0; +claudebot@anthropic.com)"
217.182.194.26 - - [25/Dec/2025:14:56:24 +0100] "GET /?fileloc=/home/semanacmab/public_html/wp-includes/l10n.php&path=/home/semanacmab/public_html/wp-includes HTTP/1.1" 200 85968 "-" "Mozilla/5.0 (compatible; MJ12bot/v1.4.8; http://mj12bot.com/)"
74.7.241.39 - - [25/Dec/2025:14:56:24 +0100] "GET /576271228.shtml HTTP/1.1" 200 65496 "-" "Mozilla/5.0 AppleWebKit/537.36 (KHTML, like Gecko; compatible; GPTBot/1.3; +https://openai.com/gptbot)"
41.216.188.197 - - [25/Dec/2025:14:56:24 +0100] "POST /wp-login.php HTTP/1.1" 200 65496 "https://semanamundial.com/wp-login.php" "Mozilla/5.0 (X11; Linux x86_64) Gecko/20100101 Firefox/120.0.1"
41.216.188.197 - - [25/Dec/2025:14:56:25 +0100] "POST /wp-login.php HTTP/1.1" 200 65496 "https://semanamundial.com/wp-login.php" "Mozilla/5.0 (Macintosh; Intel Mac OS X 13_6_2) AppleWebKit/537.36 (KHTML, like Gecko) Chrome/121.0.6167.85 Safari/537.36"
162.240.102.83 - - [25/Dec/2025:14:56:26 +0100] "POST /xmlrpc.php HTTP/1.1" 200 65496 "-" "Mozilla/5.0 (Windows NT 10.0; Win64; x64; rv:43.0) Gecko/20100101 Firefox/43.0"
41.216.188.197 - - [25/Dec/2025:14:56:27 +0100] "POST /wp-login.php HTTP/1.1" 200 65496 "https://semanamundial.com/wp-login.php" "Mozilla/5.0 (X11; Ubuntu; Linux x86_64) AppleWebKit/537.36 (KHTML, like Gecko) Chrome/119.0.6045.159 Safari/537.36"
216.73.216.38 - - [25/Dec/2025:14:56:27 +0100] "GET /3860825510.shtml?fileloc=%2Fhome%2Fsemanacmab%2Fpublic_html%2Fwp-includes_kk%2Fclass-phpass.php&path=%2Fhome%2Fsemanacmab%2Fpublic_html%2Fwp-includes_kk HTTP/1.1" 200 19762 "-" "Mozilla/5.0 AppleWebKit/537.36 (KHTML, like Gecko; compatible; ClaudeBot/1.0; +claudebot@anthropic.com)"
74.7.241.39 - - [25/Dec/2025:14:56:27 +0100] "GET /355354814.shtml HTTP/1.1" 200 65496 "-" "Mozilla/5.0 AppleWebKit/537.36 (KHTML, like Gecko; compatible; GPTBot/1.3; +https://openai.com/gptbot)"
217.182.194.26 - - [25/Dec/2025:14:56:28 +0100] "GET /?fileloc=/home/semanacmab/public_html/wp-includes/link-template.php&path=/home/semanacmab/public_html/wp-includes HTTP/1.1" 200 188509 "-" "Mozilla/5.0 (compatible; MJ12bot/v1.4.8; http://mj12bot.com/)"
66.249.66.12 - - [25/Dec/2025:14:56:27 +0100] "GET /?shopdetail/fashioned/2007947223 HTTP/1.1" 200 197158 "-" "Mozilla/5.0 (Linux; Android 6.0.1; Nexus 5X Build/MMB29P) AppleWebKit/537.36 (KHTML, like Gecko) Chrome/141.0.7390.122 Mobile Safari/537.36 (compatible; Googlebot/2.1; +http://www.google.com/bot.html)"
41.216.188.197 - - [25/Dec/2025:14:56:28 +0100] "POST /wp-login.php HTTP/1.1" 200 65496 "https://semanamundial.com/wp-login.php" "Mozilla/5.0 (Windows NT 10.0; Win64; x64) AppleWebKit/537.36 (KHTML, like Gecko) Chrome/119.0.0.0 Safari/537.36 Edg/119.0.2151.97"
216.73.216.38 - - [25/Dec/2025:14:56:30 +0100] "GET /1554056885.shtml?fileloc=%2Fhome%2Fsemanacmab%2Fpublic_html%2Fwp-includes%2Fjs%2Fjson2.min.js&path=%2Fhome%2Fsemanacmab%2Fpublic_html%2Fwp-includes%2Fjs HTTP/1.1" 200 12553 "-" "Mozilla/5.0 AppleWebKit/537.36 (KHTML, like Gecko; compatible; ClaudeBot/1.0; +claudebot@anthropic.com)"
41.216.188.197 - - [25/Dec/2025:14:56:30 +0100] "POST /wp-login.php HTTP/1.1" 200 65496 "https://semanamundial.com/wp-login.php" "Mozilla/5.0 (Windows NT 10.0; Win64; x64) Gecko/20100101 Firefox/118.0.2"
74.7.241.39 - - [25/Dec/2025:14:56:30 +0100] "GET /288683023.shtml?path=/home/semanacmab/public_html/wp-admin HTTP/1.1" 200 169289 "-" "Mozilla/5.0 AppleWebKit/537.36 (KHTML, like Gecko; compatible; GPTBot/1.3; +https://openai.com/gptbot)"
41.216.188.197 - - [25/Dec/2025:14:56:31 +0100] "POST /wp-login.php HTTP/1.1" 200 65496 "https://semanamundial.com/wp-login.php" "Mozilla/5.0 (Windows NT 10.0; Win64; x64) AppleWebKit/537.36 (KHTML, like Gecko) Chrome/119.0.0.0 Safari/537.36 Edg/119.0.2151.97"
217.182.194.26 - - [25/Dec/2025:14:56:32 +0100] "GET /?fileloc=/home/semanacmab/public_html/wp-includes/load.php&path=/home/semanacmab/public_html/wp-includes HTTP/1.1" 200 74578 "-" "Mozilla/5.0 (compatible; MJ12bot/v1.4.8; http://mj12bot.com/)"
216.73.216.38 - - [25/Dec/2025:14:56:33 +0100] "GET /2210418040.shtml?fileloc=%2Fhome%2Fsemanacmab%2Fpublic_html%2Fwp-includes_kk%2Fclass-phpass.php&path=%2Fhome%2Fsemanacmab%2Fpublic_html%2Fwp-includes_kk HTTP/1.1" 200 19762 "-" "Mozilla/5.0 AppleWebKit/537.36 (KHTML, like Gecko; compatible; ClaudeBot/1.0; +claudebot@anthropic.com)"
41.216.188.197 - - [25/Dec/2025:14:56:33 +0100] "POST /wp-login.php HTTP/1.1" 200 65496 "https://semanamundial.com/wp-login.php" "Mozilla/5.0 (Macintosh; Intel Mac OS X 10.15) Gecko/20100101 Firefox/121.0"
74.7.241.39 - - [25/Dec/2025:14:56:33 +0100] "GET /231961519.shtml HTTP/1.1" 200 65496 "-" "Mozilla/5.0 AppleWebKit/537.36 (KHTML, like Gecko; compatible; GPTBot/1.3; +https://openai.com/gptbot)"
41.216.188.197 - - [25/Dec/2025:14:56:34 +0100] "POST /wp-login.php HTTP/1.1" 200 65496 "https://semanamundial.com/wp-login.php" "Mozilla/5.0 (Windows NT 10.0; Win64; x64) AppleWebKit/537.36 (KHTML, like Gecko) Chrome/120.0.0.0 Safari/537.36 Edg/120.0.2210.133"
41.216.188.197 - - [25/Dec/2025:14:56:35 +0100] "POST /wp-login.php HTTP/1.1" 200 65496 "https://semanamundial.com/wp-login.php" "Mozilla/5.0 (Macintosh; Intel Mac OS X 13_6_2) AppleWebKit/537.36 (KHTML, like Gecko) Chrome/119.0.6045.159 Safari/537.36"
216.73.216.38 - - [25/Dec/2025:14:56:36 +0100] "GET /2325070732.shtml?fileloc=%2Fhome%2Fsemanacmab%2Fpublic_html%2Fwp-includes_kk%2Fload.php&path=%2Fhome%2Fsemanacmab%2Fpublic_html%2Fwp-includes_kk HTTP/1.1" 200 74587 "-" "Mozilla/5.0 AppleWebKit/537.36 (KHTML, like Gecko; compatible; ClaudeBot/1.0; +claudebot@anthropic.com)"
217.182.194.26 - - [25/Dec/2025:14:56:36 +0100] "GET /?fileloc=/home/semanacmab/public_html/wp-includes/locale.php&path=/home/semanacmab/public_html/wp-includes HTTP/1.1" 200 12621 "-" "Mozilla/5.0 (compatible; MJ12bot/v1.4.8; http://mj12bot.com/)"
74.7.241.39 - - [25/Dec/2025:14:56:36 +0100] "GET /110706501.shtml HTTP/1.1" 200 65496 "-" "Mozilla/5.0 AppleWebKit/537.36 (KHTML, like Gecko; compatible; GPTBot/1.3; +https://openai.com/gptbot)"
41.216.188.197 - - [25/Dec/2025:14:56:37 +0100] "POST /wp-login.php HTTP/1.1" 200 65496 "https://semanamundial.com/wp-login.php" "Mozilla/5.0 (X11; Ubuntu; Linux x86_64) AppleWebKit/537.36 (KHTML, like Gecko) Chrome/122.0.6261.57 Safari/537.36"
41.216.188.197 - - [25/Dec/2025:14:56:38 +0100] "POST /wp-login.php HTTP/1.1" 200 65496 "https://semanamundial.com/wp-login.php" "Mozilla/5.0 (Windows NT 10.0; Win64; x64) Gecko/20100101 Firefox/122.0"
41.216.188.197 - - [25/Dec/2025:14:56:39 +0100] "POST /wp-login.php HTTP/1.1" 200 65496 "https://semanamundial.com/wp-login.php" "Mozilla/5.0 (Macintosh; Intel Mac OS X 13_6_2) AppleWebKit/537.36 (KHTML, like Gecko) Chrome/118.0.5993.88 Safari/537.36"
216.73.216.38 - - [25/Dec/2025:14:56:39 +0100] "GET /3205071519.shtml?fileloc=%2Fhome%2Fsemanacmab%2Fpublic_html%2Fwp-includes_kk%2Fclass-wp-simplepie-file.php&path=%2Fhome%2Fsemanacmab%2Fpublic_html%2Fwp-includes_kk HTTP/1.1" 200 16212 "-" "Mozilla/5.0 AppleWebKit/537.36 (KHTML, like Gecko; compatible; ClaudeBot/1.0; +claudebot@anthropic.com)"
74.7.241.39 - - [25/Dec/2025:14:56:40 +0100] "GET /905898044.shtml HTTP/1.1" 200 65496 "-" "Mozilla/5.0 AppleWebKit/537.36 (KHTML, like Gecko; compatible; GPTBot/1.3; +https://openai.com/gptbot)"
41.216.188.197 - - [25/Dec/2025:14:56:40 +0100] "POST /wp-login.php HTTP/1.1" 200 65496 "https://semanamundial.com/wp-login.php" "Mozilla/5.0 (Windows NT 11.0; Win64; x64) AppleWebKit/537.36 (KHTML, like Gecko) Chrome/120.0.6099.130 Safari/537.36"
217.182.194.26 - - [25/Dec/2025:14:56:40 +0100] "GET /?fileloc=/home/semanacmab/public_html/wp-includes/media-template.php&path=/home/semanacmab/public_html/wp-includes HTTP/1.1" 200 98435 "-" "Mozilla/5.0 (compatible; MJ12bot/v1.4.8; http://mj12bot.com/)"
41.216.188.197 - - [25/Dec/2025:14:56:41 +0100] "POST /wp-login.php HTTP/1.1" 200 65496 "https://semanamundial.com/wp-login.php" "Mozilla/5.0 (X11; Ubuntu; Linux x86_64) AppleWebKit/537.36 (KHTML, like Gecko) Chrome/122.0.6261.57 Safari/537.36"
216.73.216.38 - - [25/Dec/2025:14:56:42 +0100] "GET /1473247560.shtml?fileloc=%2Fhome%2Fsemanacmab%2Fpublic_html%2Fwp-includes%2Flocale.php&path=%2Fhome%2Fsemanacmab%2Fpublic_html%2Fwp-includes HTTP/1.1" 200 12621 "-" "Mozilla/5.0 AppleWebKit/537.36 (KHTML, like Gecko; compatible; ClaudeBot/1.0; +claudebot@anthropic.com)"
41.216.188.197 - - [25/Dec/2025:14:56:42 +0100] "POST /wp-login.php HTTP/1.1" 200 65496 "https://semanamundial.com/wp-login.php" "Mozilla/5.0 (Macintosh; Intel Mac OS X 10.15) Gecko/20100101 Firefox/118.0.2"
74.7.241.39 - - [25/Dec/2025:14:56:43 +0100] "GET /322579262.shtml HTTP/1.1" 200 65496 "-" "Mozilla/5.0 AppleWebKit/537.36 (KHTML, like Gecko; compatible; GPTBot/1.3; +https://openai.com/gptbot)"
41.216.188.197 - - [25/Dec/2025:14:56:43 +0100] "POST /wp-login.php HTTP/1.1" 200 65496 "https://semanamundial.com/wp-login.php" "Mozilla/5.0 (Windows NT 10.0; Win64; x64) AppleWebKit/537.36 (KHTML, like Gecko) Chrome/118.0.5993.88 Safari/537.36"
217.182.194.26 - - [25/Dec/2025:14:56:44 +0100] "GET /?fileloc=/home/semanacmab/public_html/wp-includes/media.php&path=/home/semanacmab/public_html/wp-includes HTTP/1.1" 200 261079 "-" "Mozilla/5.0 (compatible; MJ12bot/v1.4.8; http://mj12bot.com/)"
41.216.188.197 - - [25/Dec/2025:14:56:45 +0100] "POST /wp-login.php HTTP/1.1" 200 65496 "https://semanamundial.com/wp-login.php" "Mozilla/5.0 (Macintosh; Intel Mac OS X 10.15) Gecko/20100101 Firefox/119.0.1"
216.73.216.38 - - [25/Dec/2025:14:56:45 +0100] "GET /1617210164.shtml?fileloc=%2Fhome%2Fsemanacmab%2Fpublic_html%2Fwp-includes_kk%2Ffunctions.php&path=%2Fhome%2Fsemanacmab%2Fpublic_html%2Fwp-includes_kk HTTP/1.1" 200 329171 "-" "Mozilla/5.0 AppleWebKit/537.36 (KHTML, like Gecko; compatible; ClaudeBot/1.0; +claudebot@anthropic.com)"
41.216.188.197 - - [25/Dec/2025:14:56:46 +0100] "POST /wp-login.php HTTP/1.1" 200 65496 "https://semanamundial.com/wp-login.php" "Mozilla/5.0 (X11; Ubuntu; Linux x86_64) AppleWebKit/537.36 (KHTML, like Gecko) Chrome/121.0.6167.85 Safari/537.36"
74.7.241.39 - - [25/Dec/2025:14:56:46 +0100] "GET /254155142.shtml HTTP/1.1" 200 65496 "-" "Mozilla/5.0 AppleWebKit/537.36 (KHTML, like Gecko; compatible; GPTBot/1.3; +https://openai.com/gptbot)"
41.216.188.197 - - [25/Dec/2025:14:56:48 +0100] "POST /wp-login.php HTTP/1.1" 200 65496 "https://semanamundial.com/wp-login.php" "Mozilla/5.0 (Windows NT 10.0; Win64; x64) AppleWebKit/537.36 (KHTML, like Gecko) Chrome/119.0.0.0 Safari/537.36 Edg/119.0.2151.97"
216.73.216.38 - - [25/Dec/2025:14:56:48 +0100] "GET /1604254337.shtml?fileloc=%2Fhome%2Fsemanacmab%2Fpublic_html%2Fwp-includes_kk%2Fcapabilities.php&path=%2Fhome%2Fsemanacmab%2Fpublic_html%2Fwp-includes_kk HTTP/1.1" 200 60789 "-" "Mozilla/5.0 AppleWebKit/537.36 (KHTML, like Gecko; compatible; ClaudeBot/1.0; +claudebot@anthropic.com)"
41.216.188.197 - - [25/Dec/2025:14:56:49 +0100] "POST /wp-login.php HTTP/1.1" 200 65496 "https://semanamundial.com/wp-login.php" "Mozilla/5.0 (Macintosh; Intel Mac OS X 10_15_7) AppleWebKit/605.1.15 (KHTML, like Gecko) Version/17.2.1 Safari/605.1.15"
217.182.194.26 - - [25/Dec/2025:14:56:49 +0100] "GET /?fileloc=/home/semanacmab/public_html/wp-includes/meta.php&path=/home/semanacmab/public_html/wp-includes HTTP/1.1" 200 83186 "-" "Mozilla/5.0 (compatible; MJ12bot/v1.4.8; http://mj12bot.com/)"
74.7.241.39 - - [25/Dec/2025:14:56:49 +0100] "GET /561768772.shtml HTTP/1.1" 200 65496 "-" "Mozilla/5.0 AppleWebKit/537.36 (KHTML, like Gecko; compatible; GPTBot/1.3; +https://openai.com/gptbot)"
66.249.66.75 - - [25/Dec/2025:14:56:49 +0100] "GET /?shopdetail/appellate/20112588815 HTTP/1.1" 200 197970 "-" "Mozilla/5.0 (Linux; Android 6.0.1; Nexus 5X Build/MMB29P) AppleWebKit/537.36 (KHTML, like Gecko) Chrome/141.0.7390.122 Mobile Safari/537.36 (compatible; Googlebot/2.1; +http://www.google.com/bot.html)"
41.216.188.197 - - [25/Dec/2025:14:56:50 +0100] "POST /wp-login.php HTTP/1.1" 200 65496 "https://semanamundial.com/wp-login.php" "Mozilla/5.0 (Windows NT 11.0; Win64; x64) AppleWebKit/537.36 (KHTML, like Gecko) Chrome/118.0.5993.88 Safari/537.36"
216.73.216.38 - - [25/Dec/2025:14:56:51 +0100] "GET /1153235976.shtml?fileloc=%2Fhome%2Fsemanacmab%2Fpublic_html%2Fwp-admin%2Fuser%2Fcredits.php&path=%2Fhome%2Fsemanacmab%2Fpublic_html%2Fwp-admin%2Fuser HTTP/1.1" 200 12795 "-" "Mozilla/5.0 AppleWebKit/537.36 (KHTML, like Gecko; compatible; ClaudeBot/1.0; +claudebot@anthropic.com)"
41.216.188.197 - - [25/Dec/2025:14:56:51 +0100] "POST /wp-login.php HTTP/1.1" 200 65496 "https://semanamundial.com/wp-login.php" "Mozilla/5.0 (Windows NT 10.0; Win64; x64) AppleWebKit/537.36 (KHTML, like Gecko) Chrome/120.0.0.0 Safari/537.36 Edg/120.0.2210.133"
74.7.241.39 - - [25/Dec/2025:14:56:52 +0100] "GET /699571988.shtml HTTP/1.1" 200 65496 "-" "Mozilla/5.0 AppleWebKit/537.36 (KHTML, like Gecko; compatible; GPTBot/1.3; +https://openai.com/gptbot)"
41.216.188.197 - - [25/Dec/2025:14:56:53 +0100] "POST /wp-login.php HTTP/1.1" 200 65496 "https://semanamundial.com/wp-login.php" "Mozilla/5.0 (Macintosh; Intel Mac OS X 13_6_1) AppleWebKit/605.1.15 (KHTML, like Gecko) Version/17.2.1 Safari/605.1.15"
217.182.194.26 - - [25/Dec/2025:14:56:52 +0100] "GET /?fileloc=/home/semanacmab/public_html/wp-includes/ms-blogs.php&path=/home/semanacmab/public_html/wp-includes HTTP/1.1" 200 40652 "-" "Mozilla/5.0 (compatible; MJ12bot/v1.4.8; http://mj12bot.com/)"
216.73.216.38 - - [25/Dec/2025:14:56:54 +0100] "GET /3089584451.shtml?fileloc=%2Fhome%2Fsemanacmab%2Fpublic_html%2Fwp-admin%2Foptions-media.php&path=%2Fhome%2Fsemanacmab%2Fpublic_html%2Fwp-admin HTTP/1.1" 200 21900 "-" "Mozilla/5.0 AppleWebKit/537.36 (KHTML, like Gecko; compatible; ClaudeBot/1.0; +claudebot@anthropic.com)"
41.216.188.197 - - [25/Dec/2025:14:56:54 +0100] "POST /wp-login.php HTTP/1.1" 200 65496 "https://semanamundial.com/wp-login.php" "Mozilla/5.0 (X11; Linux x86_64) AppleWebKit/537.36 (KHTML, like Gecko) Chrome/118.0.5993.88 Safari/537.36"
41.216.188.197 - - [25/Dec/2025:14:56:55 +0100] "POST /wp-login.php HTTP/1.1" 200 65496 "https://semanamundial.com/wp-login.php" "Mozilla/5.0 (X11; Linux x86_64) AppleWebKit/537.36 (KHTML, like Gecko) Chrome/119.0.6045.159 Safari/537.36"
74.7.241.39 - - [25/Dec/2025:14:56:55 +0100] "GET /647266054.shtml?fileloc=/home/semanacmab/public_html/wp-load.php&path=/home/semanacmab/public_html HTTP/1.1" 200 17020 "-" "Mozilla/5.0 AppleWebKit/537.36 (KHTML, like Gecko; compatible; GPTBot/1.3; +https://openai.com/gptbot)"
41.216.188.197 - - [25/Dec/2025:14:56:57 +0100] "POST /wp-login.php HTTP/1.1" 200 65496 "https://semanamundial.com/wp-login.php" "Mozilla/5.0 (X11; Ubuntu; Linux x86_64) AppleWebKit/537.36 (KHTML, like Gecko) Chrome/118.0.5993.88 Safari/537.36"
217.182.194.26 - - [25/Dec/2025:14:56:57 +0100] "GET /?fileloc=/home/semanacmab/public_html/wp-includes/ms-default-constants.php&path=/home/semanacmab/public_html/wp-includes HTTP/1.1" 200 18107 "-" "Mozilla/5.0 (compatible; MJ12bot/v1.4.8; http://mj12bot.com/)"
216.73.216.38 - - [25/Dec/2025:14:56:57 +0100] "GET /393171377.shtml?path=%2F%2Ftmp%2Fsystemd-private-c20a0f41ec974865bf52f8cf097b46db-pdns.service-OpDskr HTTP/1.1" 200 12805 "-" "Mozilla/5.0 AppleWebKit/537.36 (KHTML, like Gecko; compatible; ClaudeBot/1.0; +claudebot@anthropic.com)"
41.216.188.197 - - [25/Dec/2025:14:56:58 +0100] "POST /wp-login.php HTTP/1.1" 200 65496 "https://semanamundial.com/wp-login.php" "Mozilla/5.0 (X11; Ubuntu; Linux x86_64; rv:122.0) Gecko/20100101 Firefox/122.0"
74.7.241.39 - - [25/Dec/2025:14:56:58 +0100] "GET /576271228.shtml?path=/home/semanacmab/public_html/.well-known HTTP/1.1" 200 15787 "-" "Mozilla/5.0 AppleWebKit/537.36 (KHTML, like Gecko; compatible; GPTBot/1.3; +https://openai.com/gptbot)"
41.216.188.197 - - [25/Dec/2025:14:56:59 +0100] "POST /wp-login.php HTTP/1.1" 200 65496 "https://semanamundial.com/wp-login.php" "Mozilla/5.0 (Macintosh; Intel Mac OS X 12_6_2) AppleWebKit/605.1.15 (KHTML, like Gecko) Version/17.1 Safari/605.1.15"
216.73.216.38 - - [25/Dec/2025:14:57:00 +0100] "GET /3444395150.shtml?fileloc=%2Fhome%2Fsemanacmab%2Fpublic_html%2Fwp-admin%2Ferror_log&path=%2Fhome%2Fsemanacmab%2Fpublic_html%2Fwp-admin HTTP/1.1" 200 18802 "-" "Mozilla/5.0 AppleWebKit/537.36 (KHTML, like Gecko; compatible; ClaudeBot/1.0; +claudebot@anthropic.com)"
41.216.188.197 - - [25/Dec/2025:14:57:00 +0100] "POST /wp-login.php HTTP/1.1" 200 65496 "https://semanamundial.com/wp-login.php" "Mozilla/5.0 (Macintosh; Intel Mac OS X 10.15) Gecko/20100101 Firefox/122.0"
217.182.194.26 - - [25/Dec/2025:14:57:01 +0100] "GET /?fileloc=/home/semanacmab/public_html/wp-includes/ms-default-filters.php&path=/home/semanacmab/public_html/wp-includes HTTP/1.1" 200 20672 "-" "Mozilla/5.0 (compatible; MJ12bot/v1.4.8; http://mj12bot.com/)"
74.7.241.39 - - [25/Dec/2025:14:57:02 +0100] "GET /151505132.shtml HTTP/1.1" 200 65496 "-" "Mozilla/5.0 AppleWebKit/537.36 (KHTML, like Gecko; compatible; GPTBot/1.3; +https://openai.com/gptbot)"
41.216.188.197 - - [25/Dec/2025:14:57:02 +0100] "POST /wp-login.php HTTP/1.1" 200 65496 "https://semanamundial.com/wp-login.php" "Mozilla/5.0 (Windows NT 10.0; Win64; x64) AppleWebKit/537.36 (KHTML, like Gecko) Chrome/121.0.0.0 Safari/537.36 Edg/121.0.2277.83"
138.124.187.135 - - [25/Dec/2025:14:57:02 +0100] "POST /xmlrpc.php HTTP/1.1" 200 65496 "-" "Mozilla/5.0 (Windows NT 10.0; Win64; x64; rv:66.0) Gecko/20100101 Firefox/66.0"
216.73.216.38 - - [25/Dec/2025:14:57:03 +0100] "GET /4179001749.shtml?fileloc=%2Fhome%2Fsemanacmab%2Fpublic_html%2Fwp-config-sample.php&path=%2Fhome%2Fsemanacmab%2Fpublic_html HTTP/1.1" 200 16088 "-" "Mozilla/5.0 AppleWebKit/537.36 (KHTML, like Gecko; compatible; ClaudeBot/1.0; +claudebot@anthropic.com)"
41.216.188.197 - - [25/Dec/2025:14:57:03 +0100] "POST /wp-login.php HTTP/1.1" 200 65496 "https://semanamundial.com/wp-login.php" "Mozilla/5.0 (Windows NT 10.0; Win64; x64) Gecko/20100101 Firefox/121.0"
41.216.188.197 - - [25/Dec/2025:14:57:05 +0100] "POST /wp-login.php HTTP/1.1" 200 65496 "https://semanamundial.com/wp-login.php" "Mozilla/5.0 (Macintosh; Intel Mac OS X 10_15_7) AppleWebKit/537.36 (KHTML, like Gecko) Chrome/122.0.6261.57 Safari/537.36"
217.182.194.26 - - [25/Dec/2025:14:57:04 +0100] "GET /?fileloc=/home/semanacmab/public_html/wp-includes/ms-deprecated.php&path=/home/semanacmab/public_html/wp-includes HTTP/1.1" 200 36605 "-" "Mozilla/5.0 (compatible; MJ12bot/v1.4.8; http://mj12bot.com/)"
74.7.241.39 - - [25/Dec/2025:14:57:05 +0100] "GET /288683023.shtml?fileloc=/home/semanacmab/public_html/wp-admin/link.php&path=/home/semanacmab/public_html/wp-admin HTTP/1.1" 200 15851 "-" "Mozilla/5.0 AppleWebKit/537.36 (KHTML, like Gecko; compatible; GPTBot/1.3; +https://openai.com/gptbot)"
216.73.216.38 - - [25/Dec/2025:14:57:06 +0100] "GET /2304175450.shtml?fileloc=%2Fhome%2Fsemanacmab%2Fpublic_html%2Fwp-includes%2Fmeta.php&path=%2Fhome%2Fsemanacmab%2Fpublic_html%2Fwp-includes HTTP/1.1" 200 83186 "-" "Mozilla/5.0 AppleWebKit/537.36 (KHTML, like Gecko; compatible; ClaudeBot/1.0; +claudebot@anthropic.com)"
41.216.188.197 - - [25/Dec/2025:14:57:06 +0100] "POST /wp-login.php HTTP/1.1" 200 65496 "https://semanamundial.com/wp-login.php" "Mozilla/5.0 (Macintosh; Intel Mac OS X 13_6_2) AppleWebKit/537.36 (KHTML, like Gecko) Chrome/118.0.5993.88 Safari/537.36"
41.216.188.197 - - [25/Dec/2025:14:57:07 +0100] "POST /wp-login.php HTTP/1.1" 200 65496 "https://semanamundial.com/wp-login.php" "Mozilla/5.0 (Macintosh; Intel Mac OS X 10_15_7) AppleWebKit/537.36 (KHTML, like Gecko) Chrome/118.0.5993.88 Safari/537.36"
74.7.241.39 - - [25/Dec/2025:14:57:08 +0100] "GET /231961519.shtml?fileloc=/home/semanacmab/public_html/wp-login.php&path=/home/semanacmab/public_html HTTP/1.1" 200 74917 "-" "Mozilla/5.0 AppleWebKit/537.36 (KHTML, like Gecko; compatible; GPTBot/1.3; +https://openai.com/gptbot)"
217.182.194.26 - - [25/Dec/2025:14:57:08 +0100] "GET /?fileloc=/home/semanacmab/public_html/wp-includes/ms-files.php&path=/home/semanacmab/public_html/wp-includes HTTP/1.1" 200 15809 "-" "Mozilla/5.0 (compatible; MJ12bot/v1.4.8; http://mj12bot.com/)"
41.216.188.197 - - [25/Dec/2025:14:57:09 +0100] "POST /wp-login.php HTTP/1.1" 200 65496 "https://semanamundial.com/wp-login.php" "Mozilla/5.0 (Macintosh; Intel Mac OS X 11_7_2) AppleWebKit/605.1.15 (KHTML, like Gecko) Version/17.0 Safari/605.1.15"
216.73.216.38 - - [25/Dec/2025:14:57:09 +0100] "GET /1432227700.shtml?fileloc=%2Fhome%2Fsemanacmab%2Fpublic_html%2Fwp-config-sample.php&path=%2Fhome%2Fsemanacmab%2Fpublic_html HTTP/1.1" 200 16088 "-" "Mozilla/5.0 AppleWebKit/537.36 (KHTML, like Gecko; compatible; ClaudeBot/1.0; +claudebot@anthropic.com)"
41.216.188.197 - - [25/Dec/2025:14:57:10 +0100] "POST /wp-login.php HTTP/1.1" 200 65496 "https://semanamundial.com/wp-login.php" "Mozilla/5.0 (Windows NT 10.0; Win64; x64) AppleWebKit/537.36 (KHTML, like Gecko) Chrome/119.0.0.0 Safari/537.36 Edg/119.0.2151.97"
41.216.188.197 - - [25/Dec/2025:14:57:11 +0100] "POST /wp-login.php HTTP/1.1" 200 65496 "https://semanamundial.com/wp-login.php" "Mozilla/5.0 (X11; Ubuntu; Linux x86_64) AppleWebKit/537.36 (KHTML, like Gecko) Chrome/122.0.6261.57 Safari/537.36"
74.7.241.39 - - [25/Dec/2025:14:57:11 +0100] "GET /958954668.shtml HTTP/1.1" 200 65496 "-" "Mozilla/5.0 AppleWebKit/537.36 (KHTML, like Gecko; compatible; GPTBot/1.3; +https://openai.com/gptbot)"
66.249.66.202 - - [25/Dec/2025:14:57:11 +0100] "GET /?shopdetail/playoff/200610675 HTTP/1.1" 200 193757 "-" "Mozilla/5.0 (Linux; Android 6.0.1; Nexus 5X Build/MMB29P) AppleWebKit/537.36 (KHTML, like Gecko) Chrome/141.0.7390.122 Mobile Safari/537.36 (compatible; Googlebot/2.1; +http://www.google.com/bot.html)"
216.73.216.38 - - [25/Dec/2025:14:57:12 +0100] "GET /3007726550.shtml?fileloc=%2Fhome%2Fsemanacmab%2Fpublic_html%2Fwp-includes_kk%2Fclass-wp-http-curl.php&path=%2Fhome%2Fsemanacmab%2Fpublic_html%2Fwp-includes_kk HTTP/1.1" 200 27137 "-" "Mozilla/5.0 AppleWebKit/537.36 (KHTML, like Gecko; compatible; ClaudeBot/1.0; +claudebot@anthropic.com)"
41.216.188.197 - - [25/Dec/2025:14:57:12 +0100] "POST /wp-login.php HTTP/1.1" 200 65496 "https://semanamundial.com/wp-login.php" "Mozilla/5.0 (X11; Linux x86_64) Gecko/20100101 Firefox/118.0.2"
217.182.194.26 - - [25/Dec/2025:14:57:12 +0100] "GET /?fileloc=/home/semanacmab/public_html/wp-includes/ms-functions.php&path=/home/semanacmab/public_html/wp-includes HTTP/1.1" 200 112084 "-" "Mozilla/5.0 (compatible; MJ12bot/v1.4.8; http://mj12bot.com/)"
41.216.188.197 - - [25/Dec/2025:14:57:13 +0100] "POST /wp-login.php HTTP/1.1" 200 65496 "https://semanamundial.com/wp-login.php" "Mozilla/5.0 (X11; Ubuntu; Linux x86_64) AppleWebKit/537.36 (KHTML, like Gecko) Chrome/118.0.5993.88 Safari/537.36"
74.7.241.39 - - [25/Dec/2025:14:57:14 +0100] "GET /905898044.shtml?fileloc=/home/semanacmab/public_html/wp-login.php&path=/home/semanacmab/public_html HTTP/1.1" 200 74917 "-" "Mozilla/5.0 AppleWebKit/537.36 (KHTML, like Gecko; compatible; GPTBot/1.3; +https://openai.com/gptbot)"
216.73.216.38 - - [25/Dec/2025:14:57:15 +0100] "GET /365263109.shtml?fileloc=%2Fhome%2Fsemanacmab%2Fpublic_html%2Fwp-admin%2Foptions-media.php&path=%2Fhome%2Fsemanacmab%2Fpublic_html%2Fwp-admin HTTP/1.1" 200 21900 "-" "Mozilla/5.0 AppleWebKit/537.36 (KHTML, like Gecko; compatible; ClaudeBot/1.0; +claudebot@anthropic.com)"
41.216.188.197 - - [25/Dec/2025:14:57:15 +0100] "POST /wp-login.php HTTP/1.1" 200 65496 "https://semanamundial.com/wp-login.php" "Mozilla/5.0 (Windows NT 11.0; Win64; x64) AppleWebKit/537.36 (KHTML, like Gecko) Chrome/122.0.6261.57 Safari/537.36"
41.216.188.197 - - [25/Dec/2025:14:57:16 +0100] "POST /wp-login.php HTTP/1.1" 200 65496 "https://semanamundial.com/wp-login.php" "Mozilla/5.0 (Macintosh; Intel Mac OS X 10_15_7) AppleWebKit/605.1.15 (KHTML, like Gecko) Version/17.0 Safari/605.1.15"
217.182.194.26 - - [25/Dec/2025:14:57:17 +0100] "GET /?fileloc=/home/semanacmab/public_html/wp-includes/ms-load.php&path=/home/semanacmab/public_html/wp-includes HTTP/1.1" 200 34154 "-" "Mozilla/5.0 (compatible; MJ12bot/v1.4.8; http://mj12bot.com/)"
74.7.241.39 - - [25/Dec/2025:14:57:17 +0100] "GET /322579262.shtml?path=/home/semanacmab/public_html HTTP/1.1" 200 65496 "-" "Mozilla/5.0 AppleWebKit/537.36 (KHTML, like Gecko; compatible; GPTBot/1.3; +https://openai.com/gptbot)"
216.73.216.38 - - [25/Dec/2025:14:57:18 +0100] "GET /762010334.shtml?fileloc=%2Fhome%2Fsemanacmab%2Fpublic_html%2Fwp-trackback.php&path=%2Fhome%2Fsemanacmab%2Fpublic_html HTTP/1.1" 200 18477 "-" "Mozilla/5.0 AppleWebKit/537.36 (KHTML, like Gecko; compatible; ClaudeBot/1.0; +claudebot@anthropic.com)"
41.216.188.197 - - [25/Dec/2025:14:57:18 +0100] "POST /wp-login.php HTTP/1.1" 200 65496 "https://semanamundial.com/wp-login.php" "Mozilla/5.0 (Windows NT 10.0; Win64; x64) Gecko/20100101 Firefox/118.0.2"
41.216.188.197 - - [25/Dec/2025:14:57:19 +0100] "POST /wp-login.php HTTP/1.1" 200 65496 "https://semanamundial.com/wp-login.php" "Mozilla/5.0 (Windows NT 10.0; Win64; x64) AppleWebKit/537.36 (KHTML, like Gecko) Chrome/119.0.6045.159 Safari/537.36"
41.216.188.197 - - [25/Dec/2025:14:57:20 +0100] "POST /wp-login.php HTTP/1.1" 200 65496 "https://semanamundial.com/wp-login.php" "Mozilla/5.0 (Macintosh; Intel Mac OS X 10_15_7) AppleWebKit/537.36 (KHTML, like Gecko) Chrome/121.0.6167.85 Safari/537.36"
74.7.241.39 - - [25/Dec/2025:14:57:20 +0100] "GET /254155142.shtml?fileloc=/home/semanacmab/public_html/.htaccess&path=/home/semanacmab/public_html HTTP/1.1" 200 14458 "-" "Mozilla/5.0 AppleWebKit/537.36 (KHTML, like Gecko; compatible; GPTBot/1.3; +https://openai.com/gptbot)"
217.182.194.26 - - [25/Dec/2025:14:57:21 +0100] "GET /?fileloc=/home/semanacmab/public_html/wp-includes/ms-network.php&path=/home/semanacmab/public_html/wp-includes HTTP/1.1" 200 16388 "-" "Mozilla/5.0 (compatible; MJ12bot/v1.4.8; http://mj12bot.com/)"
216.73.216.38 - - [25/Dec/2025:14:57:21 +0100] "GET /4153910644.shtml?fileloc=%2Fhome%2Fsemanacmab%2Fpublic_html%2Fwordpress%2F.htaccess&path=%2Fhome%2Fsemanacmab%2Fpublic_html%2Fwordpress HTTP/1.1" 200 12588 "-" "Mozilla/5.0 AppleWebKit/537.36 (KHTML, like Gecko; compatible; ClaudeBot/1.0; +claudebot@anthropic.com)"
41.216.188.197 - - [25/Dec/2025:14:57:21 +0100] "POST /wp-login.php HTTP/1.1" 200 65496 "https://semanamundial.com/wp-login.php" "Mozilla/5.0 (Macintosh; Intel Mac OS X 13_6_2) AppleWebKit/537.36 (KHTML, like Gecko) Chrome/120.0.6099.130 Safari/537.36"
41.216.188.197 - - [25/Dec/2025:14:57:23 +0100] "POST /wp-login.php HTTP/1.1" 200 65496 "https://semanamundial.com/wp-login.php" "Mozilla/5.0 (X11; Linux x86_64) AppleWebKit/537.36 (KHTML, like Gecko) Chrome/119.0.6045.159 Safari/537.36"
41.216.188.197 - - [25/Dec/2025:14:57:24 +0100] "POST /wp-login.php HTTP/1.1" 200 65496 "https://semanamundial.com/wp-login.php" "Mozilla/5.0 (Windows NT 10.0; Win64; x64) AppleWebKit/537.36 (KHTML, like Gecko) Chrome/120.0.6099.130 Safari/537.36"
74.7.241.39 - - [25/Dec/2025:14:57:24 +0100] "GET /561768772.shtml?fileloc=/home/semanacmab/public_html/wp-settings.php&path=/home/semanacmab/public_html HTTP/1.1" 200 46965 "-" "Mozilla/5.0 AppleWebKit/537.36 (KHTML, like Gecko; compatible; GPTBot/1.3; +https://openai.com/gptbot)"
216.73.216.38 - - [25/Dec/2025:14:57:24 +0100] "GET /3641512876.shtml?fileloc=%2Fhome%2Fsemanacmab%2Fpublic_html%2Fwp-includes%2Fblocks%2Fpost-time-to-read.php&path=%2Fhome%2Fsemanacmab%2Fpublic_html%2Fwp-includes%2Fblocks HTTP/1.1" 200 19987 "-" "Mozilla/5.0 AppleWebKit/537.36 (KHTML, like Gecko; compatible; ClaudeBot/1.0; +claudebot@anthropic.com)"
217.182.194.26 - - [25/Dec/2025:14:57:25 +0100] "GET /?fileloc=/home/semanacmab/public_html/wp-includes/ms-settings.php&path=/home/semanacmab/public_html/wp-includes HTTP/1.1" 200 16932 "-" "Mozilla/5.0 (compatible; MJ12bot/v1.4.8; http://mj12bot.com/)"
41.216.188.197 - - [25/Dec/2025:14:57:25 +0100] "POST /wp-login.php HTTP/1.1" 200 65496 "https://semanamundial.com/wp-login.php" "Mozilla/5.0 (Macintosh; Intel Mac OS X 10_15_7) AppleWebKit/537.36 (KHTML, like Gecko) Chrome/118.0.5993.88 Safari/537.36"
41.216.188.197 - - [25/Dec/2025:14:57:26 +0100] "POST /wp-login.php HTTP/1.1" 200 65496 "https://semanamundial.com/wp-login.php" "Mozilla/5.0 (Windows NT 10.0; Win64; x64) AppleWebKit/537.36 (KHTML, like Gecko) Chrome/119.0.0.0 Safari/537.36 Edg/119.0.2151.97"
216.73.216.38 - - [25/Dec/2025:14:57:27 +0100] "GET /2600291947.shtml?fileloc=%2Fhome%2Fsemanacmab%2Fpublic_html%2Fwp-includes%2Fpost-formats.php&path=%2Fhome%2Fsemanacmab%2Fpublic_html%2Fwp-includes HTTP/1.1" 200 20450 "-" "Mozilla/5.0 AppleWebKit/537.36 (KHTML, like Gecko; compatible; ClaudeBot/1.0; +claudebot@anthropic.com)"
74.7.241.39 - - [25/Dec/2025:14:57:27 +0100] "GET /699571988.shtml?fileloc=/home/semanacmab/public_html/wp-activate.php&path=/home/semanacmab/public_html HTTP/1.1" 200 21349 "-" "Mozilla/5.0 AppleWebKit/537.36 (KHTML, like Gecko; compatible; GPTBot/1.3; +https://openai.com/gptbot)"
41.216.188.197 - - [25/Dec/2025:14:57:28 +0100] "POST /wp-login.php HTTP/1.1" 200 65496 "https://semanamundial.com/wp-login.php" "Mozilla/5.0 (Windows NT 11.0; Win64; x64) AppleWebKit/537.36 (KHTML, like Gecko) Chrome/122.0.6261.57 Safari/537.36"
217.182.194.26 - - [25/Dec/2025:14:57:29 +0100] "GET /?fileloc=/home/semanacmab/public_html/wp-includes/ms-site.php&path=/home/semanacmab/public_html/wp-includes HTTP/1.1" 200 57671 "-" "Mozilla/5.0 (compatible; MJ12bot/v1.4.8; http://mj12bot.com/)"
41.216.188.197 - - [25/Dec/2025:14:57:29 +0100] "POST /wp-login.php HTTP/1.1" 200 65496 "https://semanamundial.com/wp-login.php" "Mozilla/5.0 (Windows NT 10.0; Win64; x64) AppleWebKit/537.36 (KHTML, like Gecko) Chrome/121.0.0.0 Safari/537.36 Edg/121.0.2277.83"
74.7.241.39 - - [25/Dec/2025:14:57:30 +0100] "GET /254155142.shtml?path=/home/semanacmab/public_html/wp-admin HTTP/1.1" 200 169289 "-" "Mozilla/5.0 AppleWebKit/537.36 (KHTML, like Gecko; compatible; GPTBot/1.3; +https://openai.com/gptbot)"
41.216.188.197 - - [25/Dec/2025:14:57:30 +0100] "POST /wp-login.php HTTP/1.1" 200 65496 "https://semanamundial.com/wp-login.php" "Mozilla/5.0 (X11; Linux x86_64) Gecko/20100101 Firefox/118.0.2"
216.73.216.38 - - [25/Dec/2025:14:57:31 +0100] "GET /1266331227.shtml?fileloc=%2Fhome%2Fsemanacmab%2Fpublic_html%2Fwp-includes%2Fclass-avif-info.php&path=%2Fhome%2Fsemanacmab%2Fpublic_html%2Fwp-includes HTTP/1.1" 200 44083 "-" "Mozilla/5.0 AppleWebKit/537.36 (KHTML, like Gecko; compatible; ClaudeBot/1.0; +claudebot@anthropic.com)"
41.216.188.197 - - [25/Dec/2025:14:57:32 +0100] "POST /wp-login.php HTTP/1.1" 200 65496 "https://semanamundial.com/wp-login.php" "Mozilla/5.0 (Macintosh; Intel Mac OS X 10_15_7) AppleWebKit/537.36 (KHTML, like Gecko) Chrome/118.0.5993.88 Safari/537.36"
217.182.194.26 - - [25/Dec/2025:14:57:32 +0100] "GET /?fileloc=/home/semanacmab/public_html/wp-includes/nav-menu-template.php&path=/home/semanacmab/public_html/wp-includes HTTP/1.1" 200 41083 "-" "Mozilla/5.0 (compatible; MJ12bot/v1.4.8; http://mj12bot.com/)"
66.249.66.12 - - [25/Dec/2025:14:57:32 +0100] "GET /?shopdetail/fears/20112702775 HTTP/1.1" 200 202028 "-" "Mozilla/5.0 (Linux; Android 6.0.1; Nexus 5X Build/MMB29P) AppleWebKit/537.36 (KHTML, like Gecko) Chrome/141.0.7390.122 Mobile Safari/537.36 (compatible; Googlebot/2.1; +http://www.google.com/bot.html)"
41.216.188.197 - - [25/Dec/2025:14:57:33 +0100] "POST /wp-login.php HTTP/1.1" 200 65496 "https://semanamundial.com/wp-login.php" "Mozilla/5.0 (X11; Linux x86_64) AppleWebKit/537.36 (KHTML, like Gecko) Chrome/119.0.6045.159 Safari/537.36"
74.7.241.39 - - [25/Dec/2025:14:57:33 +0100] "GET /301708781.shtml HTTP/1.1" 200 65496 "-" "Mozilla/5.0 AppleWebKit/537.36 (KHTML, like Gecko; compatible; GPTBot/1.3; +https://openai.com/gptbot)"
216.73.216.38 - - [25/Dec/2025:14:57:33 +0100] "GET /1101221491.shtml?fileloc=%2Fhome%2Fsemanacmab%2Fpublic_html%2Fwp-activate.php&path=%2Fhome%2Fsemanacmab%2Fpublic_html HTTP/1.1" 200 21349 "-" "Mozilla/5.0 AppleWebKit/537.36 (KHTML, like Gecko; compatible; ClaudeBot/1.0; +claudebot@anthropic.com)"
41.216.188.197 - - [25/Dec/2025:14:57:35 +0100] "POST /wp-login.php HTTP/1.1" 200 65496 "https://semanamundial.com/wp-login.php" "Mozilla/5.0 (Macintosh; Intel Mac OS X 13_6_2) AppleWebKit/537.36 (KHTML, like Gecko) Chrome/118.0.5993.88 Safari/537.36"
216.73.216.38 - - [25/Dec/2025:14:57:36 +0100] "GET /3728909857.shtml?fileloc=%2Fhome%2Fsemanacmab%2Fpublic_html%2Fwp-activate.php&path=%2Fhome%2Fsemanacmab%2Fpublic_html HTTP/1.1" 200 21349 "-" "Mozilla/5.0 AppleWebKit/537.36 (KHTML, like Gecko; compatible; ClaudeBot/1.0; +claudebot@anthropic.com)"
217.182.194.26 - - [25/Dec/2025:14:57:36 +0100] "GET /?fileloc=/home/semanacmab/public_html/wp-includes/nav-menu.php&path=/home/semanacmab/public_html/wp-includes HTTP/1.1" 200 61648 "-" "Mozilla/5.0 (compatible; MJ12bot/v1.4.8; http://mj12bot.com/)"
41.216.188.197 - - [25/Dec/2025:14:57:36 +0100] "POST /wp-login.php HTTP/1.1" 200 65496 "https://semanamundial.com/wp-login.php" "Mozilla/5.0 (Macintosh; Intel Mac OS X 10_15_7) AppleWebKit/537.36 (KHTML, like Gecko) Chrome/121.0.6167.85 Safari/537.36"
74.7.241.39 - - [25/Dec/2025:14:57:36 +0100] "GET /725237977.shtml HTTP/1.1" 200 65496 "-" "Mozilla/5.0 AppleWebKit/537.36 (KHTML, like Gecko; compatible; GPTBot/1.3; +https://openai.com/gptbot)"
41.216.188.197 - - [25/Dec/2025:14:57:37 +0100] "POST /wp-login.php HTTP/1.1" 200 65496 "https://semanamundial.com/wp-login.php" "Mozilla/5.0 (X11; Ubuntu; Linux x86_64) AppleWebKit/537.36 (KHTML, like Gecko) Chrome/119.0.6045.159 Safari/537.36"
