216.73.216.38 - - [25/Dec/2025:15:01:19 +0100] "GET /2755265257.shtml?fileloc=%2Fhome%2Fsemanacmab%2Fpublic_html%2Fwp-settings.php&path=%2Fhome%2Fsemanacmab%2Fpublic_html HTTP/1.1" 200 46965 "-" "Mozilla/5.0 AppleWebKit/537.36 (KHTML, like Gecko; compatible; ClaudeBot/1.0; +claudebot@anthropic.com)"
41.216.188.197 - - [25/Dec/2025:15:01:20 +0100] "POST /wp-login.php HTTP/1.1" 200 65496 "https://semanamundial.com/wp-login.php" "Mozilla/5.0 (Macintosh; Intel Mac OS X 13_6_2) AppleWebKit/537.36 (KHTML, like Gecko) Chrome/121.0.6167.85 Safari/537.36"
74.7.241.39 - - [25/Dec/2025:15:01:20 +0100] "GET /715181917.shtml HTTP/1.1" 200 65496 "-" "Mozilla/5.0 AppleWebKit/537.36 (KHTML, like Gecko; compatible; GPTBot/1.3; +https://openai.com/gptbot)"
217.182.194.26 - - [25/Dec/2025:15:01:21 +0100] "GET /?fileloc=/home/semanacmab/public_html/wp-includes_kk/bookmark.php&path=/home/semanacmab/public_html/wp-includes_kk HTTP/1.1" 200 30297 "-" "Mozilla/5.0 (compatible; MJ12bot/v1.4.8; http://mj12bot.com/)"
41.216.188.197 - - [25/Dec/2025:15:01:22 +0100] "POST /wp-login.php HTTP/1.1" 200 65496 "https://semanamundial.com/wp-login.php" "Mozilla/5.0 (Macintosh; Intel Mac OS X 11_7_2) AppleWebKit/605.1.15 (KHTML, like Gecko) Version/17.1 Safari/605.1.15"
216.73.216.38 - - [25/Dec/2025:15:01:22 +0100] "GET /1924273679.shtml?fileloc=%2Fhome%2Fsemanacmab%2Fpublic_html%2Fwp-mail.php&path=%2Fhome%2Fsemanacmab%2Fpublic_html HTTP/1.1" 200 22259 "-" "Mozilla/5.0 AppleWebKit/537.36 (KHTML, like Gecko; compatible; ClaudeBot/1.0; +claudebot@anthropic.com)"
41.216.188.197 - - [25/Dec/2025:15:01:23 +0100] "POST /wp-login.php HTTP/1.1" 200 65496 "https://semanamundial.com/wp-login.php" "Mozilla/5.0 (X11; Linux x86_64) AppleWebKit/537.36 (KHTML, like Gecko) Chrome/120.0.6099.130 Safari/537.36"
74.7.241.39 - - [25/Dec/2025:15:01:23 +0100] "GET /110464781.shtml HTTP/1.1" 200 65496 "-" "Mozilla/5.0 AppleWebKit/537.36 (KHTML, like Gecko; compatible; GPTBot/1.3; +https://openai.com/gptbot)"
66.249.66.200 - - [25/Dec/2025:15:01:24 +0100] "GET /?shopdetail/aires/20102206886 HTTP/1.1" 200 193630 "-" "Mozilla/5.0 (Linux; Android 6.0.1; Nexus 5X Build/MMB29P) AppleWebKit/537.36 (KHTML, like Gecko) Chrome/141.0.7390.122 Mobile Safari/537.36 (compatible; Googlebot/2.1; +http://www.google.com/bot.html)"
41.216.188.197 - - [25/Dec/2025:15:01:24 +0100] "POST /wp-login.php HTTP/1.1" 200 65496 "https://semanamundial.com/wp-login.php" "Mozilla/5.0 (X11; Ubuntu; Linux x86_64; rv:119.0.1) Gecko/20100101 Firefox/119.0.1"
216.73.216.38 - - [25/Dec/2025:15:01:25 +0100] "GET /3930476703.shtml?fileloc=%2Fhome%2Fsemanacmab%2Fpublic_html%2Fwp-admin%2Fmedia-new.php&path=%2Fhome%2Fsemanacmab%2Fpublic_html%2Fwp-admin HTTP/1.1" 200 16676 "-" "Mozilla/5.0 AppleWebKit/537.36 (KHTML, like Gecko; compatible; ClaudeBot/1.0; +claudebot@anthropic.com)"
217.182.194.26 - - [25/Dec/2025:15:01:25 +0100] "GET /?fileloc=/home/semanacmab/public_html/wp-includes_kk/cache-compat.php&path=/home/semanacmab/public_html/wp-includes_kk HTTP/1.1" 200 23014 "-" "Mozilla/5.0 (compatible; MJ12bot/v1.4.8; http://mj12bot.com/)"
41.216.188.197 - - [25/Dec/2025:15:01:26 +0100] "POST /wp-login.php HTTP/1.1" 200 65496 "https://semanamundial.com/wp-login.php" "Mozilla/5.0 (Macintosh; Intel Mac OS X 13_6_1) AppleWebKit/605.1.15 (KHTML, like Gecko) Version/17.1 Safari/605.1.15"
81.8.91.201 - - [25/Dec/2025:15:01:26 +0100] "POST /xmlrpc.php HTTP/1.1" 200 65496 "-" "Mozilla/5.0 (Windows NT 10.0; Win64; x64; rv:48.0) Gecko/20100101 Firefox/48.0"
74.7.241.39 - - [25/Dec/2025:15:01:27 +0100] "GET /434683643.shtml HTTP/1.1" 200 65496 "-" "Mozilla/5.0 AppleWebKit/537.36 (KHTML, like Gecko; compatible; GPTBot/1.3; +https://openai.com/gptbot)"
41.216.188.197 - - [25/Dec/2025:15:01:28 +0100] "POST /wp-login.php HTTP/1.1" 200 65496 "https://semanamundial.com/wp-login.php" "Mozilla/5.0 (Macintosh; Intel Mac OS X 10_15_7) AppleWebKit/605.1.15 (KHTML, like Gecko) Version/17.1 Safari/605.1.15"
216.73.216.38 - - [25/Dec/2025:15:01:28 +0100] "GET /3932900885.shtml?fileloc=%2Fhome%2Fsemanacmab%2Fpublic_html%2Fwp-activate.php&path=%2Fhome%2Fsemanacmab%2Fpublic_html HTTP/1.1" 200 21349 "-" "Mozilla/5.0 AppleWebKit/537.36 (KHTML, like Gecko; compatible; ClaudeBot/1.0; +claudebot@anthropic.com)"
41.216.188.197 - - [25/Dec/2025:15:01:29 +0100] "POST /wp-login.php HTTP/1.1" 200 65496 "https://semanamundial.com/wp-login.php" "Mozilla/5.0 (X11; Linux x86_64) AppleWebKit/537.36 (KHTML, like Gecko) Chrome/118.0.5993.88 Safari/537.36"
217.182.194.26 - - [25/Dec/2025:15:01:29 +0100] "GET /?fileloc=/home/semanacmab/public_html/wp-includes_kk/canonical.php&path=/home/semanacmab/public_html/wp-includes_kk HTTP/1.1" 200 53573 "-" "Mozilla/5.0 (compatible; MJ12bot/v1.4.8; http://mj12bot.com/)"
74.7.241.39 - - [25/Dec/2025:15:01:30 +0100] "GET /557085183.shtml HTTP/1.1" 200 65496 "-" "Mozilla/5.0 AppleWebKit/537.36 (KHTML, like Gecko; compatible; GPTBot/1.3; +https://openai.com/gptbot)"
41.216.188.197 - - [25/Dec/2025:15:01:30 +0100] "POST /wp-login.php HTTP/1.1" 200 65496 "https://semanamundial.com/wp-login.php" "Mozilla/5.0 (Windows NT 10.0; Win64; x64) Gecko/20100101 Firefox/119.0.1"
216.73.216.38 - - [25/Dec/2025:15:01:31 +0100] "GET /1266331227.shtml?fileloc=%2Fhome%2Fsemanacmab%2Fpublic_html%2Fwp-admin_kk%2Fload-styles.php&path=%2Fhome%2Fsemanacmab%2Fpublic_html%2Fwp-admin_kk HTTP/1.1" 200 16059 "-" "Mozilla/5.0 AppleWebKit/537.36 (KHTML, like Gecko; compatible; ClaudeBot/1.0; +claudebot@anthropic.com)"
41.216.188.197 - - [25/Dec/2025:15:01:32 +0100] "POST /wp-login.php HTTP/1.1" 200 65496 "https://semanamundial.com/wp-login.php" "Mozilla/5.0 (Windows NT 11.0; Win64; x64) AppleWebKit/537.36 (KHTML, like Gecko) Chrome/119.0.6045.159 Safari/537.36"
74.7.241.39 - - [25/Dec/2025:15:01:33 +0100] "GET /246741481.shtml HTTP/1.1" 200 65496 "-" "Mozilla/5.0 AppleWebKit/537.36 (KHTML, like Gecko; compatible; GPTBot/1.3; +https://openai.com/gptbot)"
217.182.194.26 - - [25/Dec/2025:15:01:33 +0100] "GET /?path=/home/semanacmab/public_html/wp-includes/js HTTP/1.1" 200 189404 "-" "Mozilla/5.0 (compatible; MJ12bot/v1.4.8; http://mj12bot.com/)"
41.216.188.197 - - [25/Dec/2025:15:01:34 +0100] "POST /wp-login.php HTTP/1.1" 200 65496 "https://semanamundial.com/wp-login.php" "Mozilla/5.0 (Windows NT 10.0; Win64; x64) AppleWebKit/537.36 (KHTML, like Gecko) Chrome/121.0.0.0 Safari/537.36 Edg/121.0.2277.83"
216.73.216.38 - - [25/Dec/2025:15:01:34 +0100] "GET /1528575030.shtml?fileloc=%2Fhome%2Fsemanacmab%2Fpublic_html%2Fwp-config-sample.php&path=%2Fhome%2Fsemanacmab%2Fpublic_html HTTP/1.1" 200 16088 "-" "Mozilla/5.0 AppleWebKit/537.36 (KHTML, like Gecko; compatible; ClaudeBot/1.0; +claudebot@anthropic.com)"
41.216.188.197 - - [25/Dec/2025:15:01:35 +0100] "POST /wp-login.php HTTP/1.1" 200 65496 "https://semanamundial.com/wp-login.php" "Mozilla/5.0 (Macintosh; Intel Mac OS X 13_6_1) AppleWebKit/605.1.15 (KHTML, like Gecko) Version/17.1 Safari/605.1.15"
74.7.241.39 - - [25/Dec/2025:15:01:36 +0100] "GET /810581168.shtml HTTP/1.1" 200 65496 "-" "Mozilla/5.0 AppleWebKit/537.36 (KHTML, like Gecko; compatible; GPTBot/1.3; +https://openai.com/gptbot)"
41.216.188.197 - - [25/Dec/2025:15:01:37 +0100] "POST /wp-login.php HTTP/1.1" 200 65496 "https://semanamundial.com/wp-login.php" "Mozilla/5.0 (Macintosh; Intel Mac OS X 10.15) Gecko/20100101 Firefox/121.0"
216.73.216.38 - - [25/Dec/2025:15:01:37 +0100] "GET /264492713.shtml?fileloc=%2Fhome%2Fsemanacmab%2Fpublic_html%2Fwp-includes_kk%2Fms-settings.php&path=%2Fhome%2Fsemanacmab%2Fpublic_html%2Fwp-includes_kk HTTP/1.1" 200 16941 "-" "Mozilla/5.0 AppleWebKit/537.36 (KHTML, like Gecko; compatible; ClaudeBot/1.0; +claudebot@anthropic.com)"
217.182.194.26 - - [25/Dec/2025:15:01:37 +0100] "GET /?path=/home/semanacmab/public_html/wp-includes/l10n HTTP/1.1" 200 22648 "-" "Mozilla/5.0 (compatible; MJ12bot/v1.4.8; http://mj12bot.com/)"
41.216.188.197 - - [25/Dec/2025:15:01:39 +0100] "POST /wp-login.php HTTP/1.1" 200 65496 "https://semanamundial.com/wp-login.php" "Mozilla/5.0 (Windows NT 11.0; Win64; x64) AppleWebKit/537.36 (KHTML, like Gecko) Chrome/122.0.6261.57 Safari/537.36"
74.7.241.39 - - [25/Dec/2025:15:01:39 +0100] "GET /230312463.shtml HTTP/1.1" 200 65496 "-" "Mozilla/5.0 AppleWebKit/537.36 (KHTML, like Gecko; compatible; GPTBot/1.3; +https://openai.com/gptbot)"
41.216.188.197 - - [25/Dec/2025:15:01:40 +0100] "POST /wp-login.php HTTP/1.1" 200 65496 "https://semanamundial.com/wp-login.php" "Mozilla/5.0 (Windows NT 10.0; Win64; x64) Gecko/20100101 Firefox/118.0.2"
216.73.216.38 - - [25/Dec/2025:15:01:40 +0100] "GET /4254681056.shtml?fileloc=%2Fhome%2Fsemanacmab%2Fpublic_html%2Fwp-admin_kk%2Frevision.php&path=%2Fhome%2Fsemanacmab%2Fpublic_html%2Fwp-admin_kk HTTP/1.1" 200 19564 "-" "Mozilla/5.0 AppleWebKit/537.36 (KHTML, like Gecko; compatible; ClaudeBot/1.0; +claudebot@anthropic.com)"
41.216.188.197 - - [25/Dec/2025:15:01:41 +0100] "POST /wp-login.php HTTP/1.1" 200 65496 "https://semanamundial.com/wp-login.php" "Mozilla/5.0 (Windows NT 10.0; Win64; x64) AppleWebKit/537.36 (KHTML, like Gecko) Chrome/121.0.0.0 Safari/537.36 Edg/121.0.2277.83"
217.182.194.26 - - [25/Dec/2025:15:01:41 +0100] "GET /?path=/home/semanacmab/public_html/wp-includes/php-compat HTTP/1.1" 200 16067 "-" "Mozilla/5.0 (compatible; MJ12bot/v1.4.8; http://mj12bot.com/)"
41.216.188.197 - - [25/Dec/2025:15:01:42 +0100] "POST /wp-login.php HTTP/1.1" 200 65496 "https://semanamundial.com/wp-login.php" "Mozilla/5.0 (Windows NT 10.0; Win64; x64) AppleWebKit/537.36 (KHTML, like Gecko) Chrome/121.0.0.0 Safari/537.36 Edg/121.0.2277.83"
74.7.241.39 - - [25/Dec/2025:15:01:42 +0100] "GET /947578374.shtml HTTP/1.1" 200 65496 "-" "Mozilla/5.0 AppleWebKit/537.36 (KHTML, like Gecko; compatible; GPTBot/1.3; +https://openai.com/gptbot)"
216.73.216.38 - - [25/Dec/2025:15:01:43 +0100] "GET /2025996550.shtml?fileloc=%2Fhome%2Fsemanacmab%2Fpublic_html%2Fwp-settings.php&path=%2Fhome%2Fsemanacmab%2Fpublic_html HTTP/1.1" 200 46965 "-" "Mozilla/5.0 AppleWebKit/537.36 (KHTML, like Gecko; compatible; ClaudeBot/1.0; +claudebot@anthropic.com)"
41.216.188.197 - - [25/Dec/2025:15:01:44 +0100] "POST /wp-login.php HTTP/1.1" 200 65496 "https://semanamundial.com/wp-login.php" "Mozilla/5.0 (Windows NT 11.0; Win64; x64) AppleWebKit/537.36 (KHTML, like Gecko) Chrome/121.0.6167.85 Safari/537.36"
66.249.66.200 - - [25/Dec/2025:15:01:44 +0100] "GET /?shopdetail/glacier/20081228817 HTTP/1.1" 200 196598 "-" "Mozilla/5.0 (Linux; Android 6.0.1; Nexus 5X Build/MMB29P) AppleWebKit/537.36 (KHTML, like Gecko) Chrome/141.0.7390.122 Mobile Safari/537.36 (compatible; Googlebot/2.1; +http://www.google.com/bot.html)"
41.216.188.197 - - [25/Dec/2025:15:01:45 +0100] "POST /wp-login.php HTTP/1.1" 200 65496 "https://semanamundial.com/wp-login.php" "Mozilla/5.0 (Macintosh; Intel Mac OS X 13_6_1) AppleWebKit/605.1.15 (KHTML, like Gecko) Version/17.1 Safari/605.1.15"
217.182.194.26 - - [25/Dec/2025:15:01:45 +0100] "GET /?path=/home/semanacmab/public_html/wp-includes/pomo HTTP/1.1" 200 23807 "-" "Mozilla/5.0 (compatible; MJ12bot/v1.4.8; http://mj12bot.com/)"
74.7.241.39 - - [25/Dec/2025:15:01:46 +0100] "GET /233130887.shtml HTTP/1.1" 200 65496 "-" "Mozilla/5.0 AppleWebKit/537.36 (KHTML, like Gecko; compatible; GPTBot/1.3; +https://openai.com/gptbot)"
216.73.216.38 - - [25/Dec/2025:15:01:46 +0100] "GET /4254681056.shtml?fileloc=%2Fhome%2Fsemanacmab%2Fpublic_html%2Fwp-includes_kk%2Fdeprecated.php&path=%2Fhome%2Fsemanacmab%2Fpublic_html%2Fwp-includes_kk HTTP/1.1" 200 224796 "-" "Mozilla/5.0 AppleWebKit/537.36 (KHTML, like Gecko; compatible; ClaudeBot/1.0; +claudebot@anthropic.com)"
41.216.188.197 - - [25/Dec/2025:15:01:47 +0100] "POST /wp-login.php HTTP/1.1" 200 65496 "https://semanamundial.com/wp-login.php" "Mozilla/5.0 (Macintosh; Intel Mac OS X 10.15) Gecko/20100101 Firefox/121.0"
41.216.188.197 - - [25/Dec/2025:15:01:48 +0100] "POST /wp-login.php HTTP/1.1" 200 65496 "https://semanamundial.com/wp-login.php" "Mozilla/5.0 (Windows NT 10.0; Win64; x64) AppleWebKit/537.36 (KHTML, like Gecko) Chrome/121.0.0.0 Safari/537.36 Edg/121.0.2277.83"
217.182.194.26 - - [25/Dec/2025:15:01:49 +0100] "GET /?path=/home/semanacmab/public_html/wp-includes/rest-api HTTP/1.1" 200 23677 "-" "Mozilla/5.0 (compatible; MJ12bot/v1.4.8; http://mj12bot.com/)"
41.216.188.197 - - [25/Dec/2025:15:01:49 +0100] "POST /wp-login.php HTTP/1.1" 200 65496 "https://semanamundial.com/wp-login.php" "Mozilla/5.0 (Windows NT 10.0; Win64; x64) AppleWebKit/537.36 (KHTML, like Gecko) Chrome/120.0.0.0 Safari/537.36 Edg/120.0.2210.133"
74.7.241.39 - - [25/Dec/2025:15:01:49 +0100] "GET /899691882.shtml HTTP/1.1" 200 65496 "-" "Mozilla/5.0 AppleWebKit/537.36 (KHTML, like Gecko; compatible; GPTBot/1.3; +https://openai.com/gptbot)"
41.216.188.197 - - [25/Dec/2025:15:01:51 +0100] "POST /wp-login.php HTTP/1.1" 200 65496 "https://semanamundial.com/wp-login.php" "Mozilla/5.0 (Windows NT 10.0; Win64; x64) Gecko/20100101 Firefox/118.0.2"
216.73.216.38 - - [25/Dec/2025:15:01:51 +0100] "GET /1617210164.shtml?fileloc=%2Fhome%2Fsemanacmab%2Fpublic_html%2Fwp-admin_kk%2Foptions-media.php&path=%2Fhome%2Fsemanacmab%2Fpublic_html%2Fwp-admin_kk HTTP/1.1" 200 21909 "-" "Mozilla/5.0 AppleWebKit/537.36 (KHTML, like Gecko; compatible; ClaudeBot/1.0; +claudebot@anthropic.com)"
41.216.188.197 - - [25/Dec/2025:15:01:52 +0100] "POST /wp-login.php HTTP/1.1" 200 65496 "https://semanamundial.com/wp-login.php" "Mozilla/5.0 (X11; Linux x86_64) Gecko/20100101 Firefox/120.0.1"
74.7.241.39 - - [25/Dec/2025:15:01:52 +0100] "GET /305813411.shtml?fileloc=/home/semanacmab/public_html/readme.html&path=/home/semanacmab/public_html HTTP/1.1" 200 21697 "-" "Mozilla/5.0 AppleWebKit/537.36 (KHTML, like Gecko; compatible; GPTBot/1.3; +https://openai.com/gptbot)"
41.216.188.197 - - [25/Dec/2025:15:01:53 +0100] "POST /wp-login.php HTTP/1.1" 200 65496 "https://semanamundial.com/wp-login.php" "Mozilla/5.0 (Macintosh; Intel Mac OS X 13_6_2) AppleWebKit/537.36 (KHTML, like Gecko) Chrome/122.0.6261.57 Safari/537.36"
217.182.194.26 - - [25/Dec/2025:15:01:53 +0100] "GET /?path=/home/semanacmab/public_html/wp-includes/sitemaps HTTP/1.1" 200 25791 "-" "Mozilla/5.0 (compatible; MJ12bot/v1.4.8; http://mj12bot.com/)"
216.73.216.38 - - [25/Dec/2025:15:01:54 +0100] "GET /2797497232.shtml?fileloc=%2Fhome%2Fsemanacmab%2Fpublic_html%2Freadme.html&path=%2Fhome%2Fsemanacmab%2Fpublic_html HTTP/1.1" 200 21697 "-" "Mozilla/5.0 AppleWebKit/537.36 (KHTML, like Gecko; compatible; ClaudeBot/1.0; +claudebot@anthropic.com)"
41.216.188.197 - - [25/Dec/2025:15:01:54 +0100] "POST /wp-login.php HTTP/1.1" 200 65496 "https://semanamundial.com/wp-login.php" "Mozilla/5.0 (X11; Linux x86_64) AppleWebKit/537.36 (KHTML, like Gecko) Chrome/121.0.6167.85 Safari/537.36"
41.216.188.197 - - [25/Dec/2025:15:01:56 +0100] "POST /wp-login.php HTTP/1.1" 200 65496 "https://semanamundial.com/wp-login.php" "Mozilla/5.0 (Windows NT 10.0; Win64; x64) AppleWebKit/537.36 (KHTML, like Gecko) Chrome/121.0.6167.85 Safari/537.36"
74.7.241.39 - - [25/Dec/2025:15:01:55 +0100] "GET /715181917.shtml?path=/home/semanacmab/public_html/wp-admin HTTP/1.1" 200 169289 "-" "Mozilla/5.0 AppleWebKit/537.36 (KHTML, like Gecko; compatible; GPTBot/1.3; +https://openai.com/gptbot)"
217.182.194.26 - - [25/Dec/2025:15:01:56 +0100] "GET /?path=/home/semanacmab/public_html/wp-includes/sodium_compat HTTP/1.1" 200 25238 "-" "Mozilla/5.0 (compatible; MJ12bot/v1.4.8; http://mj12bot.com/)"
216.73.216.38 - - [25/Dec/2025:15:01:57 +0100] "GET /2243865388.shtml?fileloc=%2Fhome%2Fsemanacmab%2Fpublic_html%2Fwp-blog-header.php&path=%2Fhome%2Fsemanacmab%2Fpublic_html HTTP/1.1" 200 12890 "-" "Mozilla/5.0 AppleWebKit/537.36 (KHTML, like Gecko; compatible; ClaudeBot/1.0; +claudebot@anthropic.com)"
41.216.188.197 - - [25/Dec/2025:15:01:57 +0100] "POST /wp-login.php HTTP/1.1" 200 65496 "https://semanamundial.com/wp-login.php" "Mozilla/5.0 (X11; Ubuntu; Linux x86_64; rv:118.0.2) Gecko/20100101 Firefox/118.0.2"
41.216.188.197 - - [25/Dec/2025:15:01:58 +0100] "POST /wp-login.php HTTP/1.1" 200 65496 "https://semanamundial.com/wp-login.php" "Mozilla/5.0 (Macintosh; Intel Mac OS X 10_15_7) AppleWebKit/537.36 (KHTML, like Gecko) Chrome/118.0.5993.88 Safari/537.36"
74.7.241.39 - - [25/Dec/2025:15:01:58 +0100] "GET /406093480.shtml HTTP/1.1" 200 65496 "-" "Mozilla/5.0 AppleWebKit/537.36 (KHTML, like Gecko; compatible; GPTBot/1.3; +https://openai.com/gptbot)"
41.216.188.197 - - [25/Dec/2025:15:02:00 +0100] "POST /wp-login.php HTTP/1.1" 200 65496 "https://semanamundial.com/wp-login.php" "Mozilla/5.0 (X11; Linux x86_64) Gecko/20100101 Firefox/120.0.1"
216.73.216.38 - - [25/Dec/2025:15:02:00 +0100] "GET /2452700788.shtml?fileloc=%2Fhome%2Fsemanacmab%2Fpublic_html%2Fwp-includes_kk%2Findex.html&path=%2Fhome%2Fsemanacmab%2Fpublic_html%2Fwp-includes_kk HTTP/1.1" 200 12503 "-" "Mozilla/5.0 AppleWebKit/537.36 (KHTML, like Gecko; compatible; ClaudeBot/1.0; +claudebot@anthropic.com)"
217.182.194.26 - - [25/Dec/2025:15:02:00 +0100] "GET /?path=/home/semanacmab/public_html/wp-includes/style-engine HTTP/1.1" 200 22946 "-" "Mozilla/5.0 (compatible; MJ12bot/v1.4.8; http://mj12bot.com/)"
41.216.188.197 - - [25/Dec/2025:15:02:01 +0100] "POST /wp-login.php HTTP/1.1" 200 65496 "https://semanamundial.com/wp-login.php" "Mozilla/5.0 (Macintosh; Intel Mac OS X 10_15_7) AppleWebKit/605.1.15 (KHTML, like Gecko) Version/17.2.1 Safari/605.1.15"
74.7.241.39 - - [25/Dec/2025:15:02:02 +0100] "GET /680193663.shtml HTTP/1.1" 200 65496 "-" "Mozilla/5.0 AppleWebKit/537.36 (KHTML, like Gecko; compatible; GPTBot/1.3; +https://openai.com/gptbot)"
41.216.188.197 - - [25/Dec/2025:15:02:02 +0100] "POST /wp-login.php HTTP/1.1" 200 65496 "https://semanamundial.com/wp-login.php" "Mozilla/5.0 (X11; Ubuntu; Linux x86_64; rv:118.0.2) Gecko/20100101 Firefox/118.0.2"
216.73.216.38 - - [25/Dec/2025:15:02:03 +0100] "GET /2507484829.shtml?fileloc=%2Fhome%2Fsemanacmab%2Fpublic_html%2Ffqbaf.php&path=%2Fhome%2Fsemanacmab%2Fpublic_html HTTP/1.1" 200 44842 "-" "Mozilla/5.0 AppleWebKit/537.36 (KHTML, like Gecko; compatible; ClaudeBot/1.0; +claudebot@anthropic.com)"
41.216.188.197 - - [25/Dec/2025:15:02:03 +0100] "POST /wp-login.php HTTP/1.1" 200 65496 "https://semanamundial.com/wp-login.php" "Mozilla/5.0 (X11; Linux x86_64) Gecko/20100101 Firefox/118.0.2"
217.182.194.26 - - [25/Dec/2025:15:02:04 +0100] "GET /?path=/home/semanacmab/public_html/wp-includes/theme-compat HTTP/1.1" 200 28893 "-" "Mozilla/5.0 (compatible; MJ12bot/v1.4.8; http://mj12bot.com/)"
41.216.188.197 - - [25/Dec/2025:15:02:05 +0100] "POST /wp-login.php HTTP/1.1" 200 65496 "https://semanamundial.com/wp-login.php" "Mozilla/5.0 (Macintosh; Intel Mac OS X 13_6_2) AppleWebKit/537.36 (KHTML, like Gecko) Chrome/120.0.6099.130 Safari/537.36"
74.7.241.39 - - [25/Dec/2025:15:02:05 +0100] "GET /557085183.shtml?fileloc=/home/semanacmab/public_html/wp-blog-header.php&path=/home/semanacmab/public_html HTTP/1.1" 200 12890 "-" "Mozilla/5.0 AppleWebKit/537.36 (KHTML, like Gecko; compatible; GPTBot/1.3; +https://openai.com/gptbot)"
66.249.66.77 - - [25/Dec/2025:15:02:04 +0100] "GET /?shopdetail/bt/20112699832 HTTP/1.1" 200 194384 "-" "Mozilla/5.0 (Linux; Android 6.0.1; Nexus 5X Build/MMB29P) AppleWebKit/537.36 (KHTML, like Gecko) Chrome/141.0.7390.122 Mobile Safari/537.36 (compatible; Googlebot/2.1; +http://www.google.com/bot.html)"
216.73.216.38 - - [25/Dec/2025:15:02:06 +0100] "GET /4041800281.shtml?fileloc=%2Fhome%2Fsemanacmab%2Fpublic_html%2Fwp-login.php&path=%2Fhome%2Fsemanacmab%2Fpublic_html HTTP/1.1" 200 74917 "-" "Mozilla/5.0 AppleWebKit/537.36 (KHTML, like Gecko; compatible; ClaudeBot/1.0; +claudebot@anthropic.com)"
41.216.188.197 - - [25/Dec/2025:15:02:06 +0100] "POST /wp-login.php HTTP/1.1" 200 65496 "https://semanamundial.com/wp-login.php" "Mozilla/5.0 (Macintosh; Intel Mac OS X 10_15_7) AppleWebKit/605.1.15 (KHTML, like Gecko) Version/17.2.1 Safari/605.1.15"
41.216.188.197 - - [25/Dec/2025:15:02:07 +0100] "POST /wp-login.php HTTP/1.1" 200 65496 "https://semanamundial.com/wp-login.php" "Mozilla/5.0 (Macintosh; Intel Mac OS X 10_15_7) AppleWebKit/537.36 (KHTML, like Gecko) Chrome/122.0.6261.57 Safari/537.36"
74.7.241.39 - - [25/Dec/2025:15:02:08 +0100] "GET /246741481.shtml?fileloc=/home/semanacmab/public_html/wp-signup.php&path=/home/semanacmab/public_html HTTP/1.1" 200 53892 "-" "Mozilla/5.0 AppleWebKit/537.36 (KHTML, like Gecko; compatible; GPTBot/1.3; +https://openai.com/gptbot)"
217.182.194.26 - - [25/Dec/2025:15:02:08 +0100] "GET /?path=/home/semanacmab/public_html/wp-includes/widgets HTTP/1.1" 200 48883 "-" "Mozilla/5.0 (compatible; MJ12bot/v1.4.8; http://mj12bot.com/)"
41.216.188.197 - - [25/Dec/2025:15:02:09 +0100] "POST /wp-login.php HTTP/1.1" 200 65496 "https://semanamundial.com/wp-login.php" "Mozilla/5.0 (Macintosh; Intel Mac OS X 13_6_2) AppleWebKit/537.36 (KHTML, like Gecko) Chrome/120.0.6099.130 Safari/537.36"
216.73.216.38 - - [25/Dec/2025:15:02:09 +0100] "GET /1260366817.shtml?fileloc=%2Fhome%2Fsemanacmab%2Fpublic_html%2Fwp-admin_kk%2Foptions-media.php&path=%2Fhome%2Fsemanacmab%2Fpublic_html%2Fwp-admin_kk HTTP/1.1" 200 21909 "-" "Mozilla/5.0 AppleWebKit/537.36 (KHTML, like Gecko; compatible; ClaudeBot/1.0; +claudebot@anthropic.com)"
41.216.188.197 - - [25/Dec/2025:15:02:10 +0100] "POST /wp-login.php HTTP/1.1" 200 65496 "https://semanamundial.com/wp-login.php" "Mozilla/5.0 (Windows NT 10.0; Win64; x64) AppleWebKit/537.36 (KHTML, like Gecko) Chrome/119.0.0.0 Safari/537.36 Edg/119.0.2151.97"
74.7.241.39 - - [25/Dec/2025:15:02:11 +0100] "GET /466516178.shtml HTTP/1.1" 200 65496 "-" "Mozilla/5.0 AppleWebKit/537.36 (KHTML, like Gecko; compatible; GPTBot/1.3; +https://openai.com/gptbot)"
41.216.188.197 - - [25/Dec/2025:15:02:11 +0100] "POST /wp-login.php HTTP/1.1" 200 65496 "https://semanamundial.com/wp-login.php" "Mozilla/5.0 (Macintosh; Intel Mac OS X 12_6_2) AppleWebKit/605.1.15 (KHTML, like Gecko) Version/17.0 Safari/605.1.15"
216.73.216.38 - - [25/Dec/2025:15:02:12 +0100] "GET /613043569.shtml?fileloc=%2Fhome%2Fsemanacmab%2Fpublic_html%2Fkk%2Fwp-activate.php&path=%2Fhome%2Fsemanacmab%2Fpublic_html%2Fkk HTTP/1.1" 200 21407 "-" "Mozilla/5.0 AppleWebKit/537.36 (KHTML, like Gecko; compatible; ClaudeBot/1.0; +claudebot@anthropic.com)"
217.182.194.26 - - [25/Dec/2025:15:02:12 +0100] "GET /?path=/home/semanacmab/public_html/wp-includes_kk/ID3 HTTP/1.1" 200 43431 "-" "Mozilla/5.0 (compatible; MJ12bot/v1.4.8; http://mj12bot.com/)"
41.216.188.197 - - [25/Dec/2025:15:02:13 +0100] "POST /wp-login.php HTTP/1.1" 200 65496 "https://semanamundial.com/wp-login.php" "Mozilla/5.0 (Macintosh; Intel Mac OS X 10.15) Gecko/20100101 Firefox/121.0"
41.216.188.197 - - [25/Dec/2025:15:02:14 +0100] "POST /wp-login.php HTTP/1.1" 200 65496 "https://semanamundial.com/wp-login.php" "Mozilla/5.0 (Windows NT 11.0; Win64; x64) AppleWebKit/537.36 (KHTML, like Gecko) Chrome/120.0.6099.130 Safari/537.36"
74.7.241.39 - - [25/Dec/2025:15:02:14 +0100] "GET /811322558.shtml HTTP/1.1" 200 65496 "-" "Mozilla/5.0 AppleWebKit/537.36 (KHTML, like Gecko; compatible; GPTBot/1.3; +https://openai.com/gptbot)"
216.73.216.38 - - [25/Dec/2025:15:02:15 +0100] "GET /4116267489.shtml?fileloc=%2Fhome%2Fsemanacmab%2Fpublic_html%2Fkk%2Fwp-activate.php&path=%2Fhome%2Fsemanacmab%2Fpublic_html%2Fkk HTTP/1.1" 200 21407 "-" "Mozilla/5.0 AppleWebKit/537.36 (KHTML, like Gecko; compatible; ClaudeBot/1.0; +claudebot@anthropic.com)"
41.216.188.197 - - [25/Dec/2025:15:02:15 +0100] "POST /wp-login.php HTTP/1.1" 200 65496 "https://semanamundial.com/wp-login.php" "Mozilla/5.0 (Windows NT 10.0; Win64; x64) AppleWebKit/537.36 (KHTML, like Gecko) Chrome/122.0.6261.57 Safari/537.36"
217.182.194.26 - - [25/Dec/2025:15:02:16 +0100] "GET /?path=/home/semanacmab/public_html/wp-includes_kk/IXR HTTP/1.1" 200 32158 "-" "Mozilla/5.0 (compatible; MJ12bot/v1.4.8; http://mj12bot.com/)"
41.216.188.197 - - [25/Dec/2025:15:02:17 +0100] "POST /wp-login.php HTTP/1.1" 200 65496 "https://semanamundial.com/wp-login.php" "Mozilla/5.0 (Windows NT 11.0; Win64; x64) AppleWebKit/537.36 (KHTML, like Gecko) Chrome/119.0.6045.159 Safari/537.36"
74.7.241.39 - - [25/Dec/2025:15:02:17 +0100] "GET /900379920.shtml HTTP/1.1" 200 65496 "-" "Mozilla/5.0 AppleWebKit/537.36 (KHTML, like Gecko; compatible; GPTBot/1.3; +https://openai.com/gptbot)"
216.73.216.38 - - [25/Dec/2025:15:02:18 +0100] "GET /3870166625.shtml?fileloc=%2Fhome%2Fsemanacmab%2Fpublic_html%2Fwp-blog-header.php&path=%2Fhome%2Fsemanacmab%2Fpublic_html HTTP/1.1" 200 12890 "-" "Mozilla/5.0 AppleWebKit/537.36 (KHTML, like Gecko; compatible; ClaudeBot/1.0; +claudebot@anthropic.com)"
41.216.188.197 - - [25/Dec/2025:15:02:18 +0100] "POST /wp-login.php HTTP/1.1" 200 65496 "https://semanamundial.com/wp-login.php" "Mozilla/5.0 (Windows NT 10.0; Win64; x64) AppleWebKit/537.36 (KHTML, like Gecko) Chrome/119.0.0.0 Safari/537.36 Edg/119.0.2151.97"
41.216.188.197 - - [25/Dec/2025:15:02:20 +0100] "POST /wp-login.php HTTP/1.1" 200 65496 "https://semanamundial.com/wp-login.php" "Mozilla/5.0 (Macintosh; Intel Mac OS X 13_6_2) AppleWebKit/537.36 (KHTML, like Gecko) Chrome/118.0.5993.88 Safari/537.36"
217.182.194.26 - - [25/Dec/2025:15:02:20 +0100] "GET /?path=/home/semanacmab/public_html/wp-includes_kk/PHPMailer HTTP/1.1" 200 27300 "-" "Mozilla/5.0 (compatible; MJ12bot/v1.4.8; http://mj12bot.com/)"
74.7.241.39 - - [25/Dec/2025:15:02:20 +0100] "GET /233130887.shtml?path=/home/semanacmab/public_html HTTP/1.1" 200 65496 "-" "Mozilla/5.0 AppleWebKit/537.36 (KHTML, like Gecko; compatible; GPTBot/1.3; +https://openai.com/gptbot)"
216.73.216.38 - - [25/Dec/2025:15:02:21 +0100] "GET /3870166625.shtml?fileloc=%2Fhome%2Fsemanacmab%2Fpublic_html%2Ferror_log&path=%2Fhome%2Fsemanacmab%2Fpublic_html HTTP/1.1" 200 26383 "-" "Mozilla/5.0 AppleWebKit/537.36 (KHTML, like Gecko; compatible; ClaudeBot/1.0; +claudebot@anthropic.com)"
41.216.188.197 - - [25/Dec/2025:15:02:21 +0100] "POST /wp-login.php HTTP/1.1" 200 65496 "https://semanamundial.com/wp-login.php" "Mozilla/5.0 (X11; Ubuntu; Linux x86_64) AppleWebKit/537.36 (KHTML, like Gecko) Chrome/120.0.6099.130 Safari/537.36"
41.216.188.197 - - [25/Dec/2025:15:02:23 +0100] "POST /wp-login.php HTTP/1.1" 200 65496 "https://semanamundial.com/wp-login.php" "Mozilla/5.0 (Macintosh; Intel Mac OS X 13_6_1) AppleWebKit/605.1.15 (KHTML, like Gecko) Version/17.1 Safari/605.1.15"
74.7.241.39 - - [25/Dec/2025:15:02:23 +0100] "GET /233130887.shtml?path=/home/semanacmab/public_html/kk HTTP/1.1" 200 44430 "-" "Mozilla/5.0 AppleWebKit/537.36 (KHTML, like Gecko; compatible; GPTBot/1.3; +https://openai.com/gptbot)"
216.73.216.38 - - [25/Dec/2025:15:02:24 +0100] "GET /3723156577.shtml?fileloc=%2Fhome%2Fsemanacmab%2Fpublic_html%2Findex.php&path=%2Fhome%2Fsemanacmab%2Fpublic_html HTTP/1.1" 200 36420 "-" "Mozilla/5.0 AppleWebKit/537.36 (KHTML, like Gecko; compatible; ClaudeBot/1.0; +claudebot@anthropic.com)"
217.182.194.26 - - [25/Dec/2025:15:02:24 +0100] "GET /?path=/home/semanacmab/public_html/wp-includes_kk/Requests HTTP/1.1" 200 17360 "-" "Mozilla/5.0 (compatible; MJ12bot/v1.4.8; http://mj12bot.com/)"
41.216.188.197 - - [25/Dec/2025:15:02:24 +0100] "POST /wp-login.php HTTP/1.1" 200 65496 "https://semanamundial.com/wp-login.php" "Mozilla/5.0 (X11; Linux x86_64) AppleWebKit/537.36 (KHTML, like Gecko) Chrome/122.0.6261.57 Safari/537.36"
66.249.66.40 - - [25/Dec/2025:15:02:25 +0100] "GET /?shopdetail/viper/2006392173 HTTP/1.1" 200 198302 "-" "Mozilla/5.0 (Linux; Android 6.0.1; Nexus 5X Build/MMB29P) AppleWebKit/537.36 (KHTML, like Gecko) Chrome/141.0.7390.122 Mobile Safari/537.36 (compatible; Googlebot/2.1; +http://www.google.com/bot.html)"
41.216.188.197 - - [25/Dec/2025:15:02:26 +0100] "POST /wp-login.php HTTP/1.1" 200 65496 "https://semanamundial.com/wp-login.php" "Mozilla/5.0 (X11; Ubuntu; Linux x86_64) AppleWebKit/537.36 (KHTML, like Gecko) Chrome/119.0.6045.159 Safari/537.36"
74.7.241.39 - - [25/Dec/2025:15:02:26 +0100] "GET /233130887.shtml?fileloc=/home/semanacmab/public_html/edit-tags.php&path=/home/semanacmab/public_html HTTP/1.1" 200 19033 "-" "Mozilla/5.0 AppleWebKit/537.36 (KHTML, like Gecko; compatible; GPTBot/1.3; +https://openai.com/gptbot)"
41.216.188.197 - - [25/Dec/2025:15:02:27 +0100] "POST /wp-login.php HTTP/1.1" 200 65496 "https://semanamundial.com/wp-login.php" "Mozilla/5.0 (Windows NT 10.0; Win64; x64) AppleWebKit/537.36 (KHTML, like Gecko) Chrome/120.0.0.0 Safari/537.36 Edg/120.0.2210.133"
216.73.216.38 - - [25/Dec/2025:15:02:27 +0100] "GET /3731334039.shtml?fileloc=%2Fhome%2Fsemanacmab%2Fpublic_html%2Ftxets.php&path=%2Fhome%2Fsemanacmab%2Fpublic_html HTTP/1.1" 200 18226 "-" "Mozilla/5.0 AppleWebKit/537.36 (KHTML, like Gecko; compatible; ClaudeBot/1.0; +claudebot@anthropic.com)"
41.216.188.197 - - [25/Dec/2025:15:02:28 +0100] "POST /wp-login.php HTTP/1.1" 200 65496 "https://semanamundial.com/wp-login.php" "Mozilla/5.0 (Windows NT 10.0; Win64; x64) AppleWebKit/537.36 (KHTML, like Gecko) Chrome/118.0.5993.88 Safari/537.36"
217.182.194.26 - - [25/Dec/2025:15:02:28 +0100] "GET /?path=/home/semanacmab/public_html/wp-includes_kk/SimplePie HTTP/1.1" 200 18978 "-" "Mozilla/5.0 (compatible; MJ12bot/v1.4.8; http://mj12bot.com/)"
41.216.188.197 - - [25/Dec/2025:15:02:29 +0100] "POST /wp-login.php HTTP/1.1" 200 65496 "https://semanamundial.com/wp-login.php" "Mozilla/5.0 (Windows NT 10.0; Win64; x64) AppleWebKit/537.36 (KHTML, like Gecko) Chrome/119.0.6045.159 Safari/537.36"
208.110.64.178 - - [25/Dec/2025:15:02:29 +0100] "GET /wp-includes/x82fd6e/index.php HTTP/1.1" 200 65496 "https://semanamundial.com/wp-includes/x82fd6e/index.php" "Mozilla/5.0 (Windows NT 10.0; Win64; x64) AppleWebKit/537.36 (KHTML, like Gecko) Chrome/58.0.3029.110 Safari/537.3"
74.7.241.39 - - [25/Dec/2025:15:02:30 +0100] "GET /898479783.shtml HTTP/1.1" 200 65496 "-" "Mozilla/5.0 AppleWebKit/537.36 (KHTML, like Gecko; compatible; GPTBot/1.3; +https://openai.com/gptbot)"
216.73.216.38 - - [25/Dec/2025:15:02:30 +0100] "GET /1402320580.shtml?fileloc=%2Fhome%2Fsemanacmab%2Fpublic_html%2Fwp-links-opml.php&path=%2Fhome%2Fsemanacmab%2Fpublic_html HTTP/1.1" 200 15417 "-" "Mozilla/5.0 AppleWebKit/537.36 (KHTML, like Gecko; compatible; ClaudeBot/1.0; +claudebot@anthropic.com)"
41.216.188.197 - - [25/Dec/2025:15:02:31 +0100] "POST /wp-login.php HTTP/1.1" 200 65496 "https://semanamundial.com/wp-login.php" "Mozilla/5.0 (Windows NT 10.0; Win64; x64) AppleWebKit/537.36 (KHTML, like Gecko) Chrome/121.0.0.0 Safari/537.36 Edg/121.0.2277.83"
217.182.194.26 - - [25/Dec/2025:15:02:32 +0100] "GET /?path=/home/semanacmab/public_html/wp-includes_kk/Text HTTP/1.1" 200 19028 "-" "Mozilla/5.0 (compatible; MJ12bot/v1.4.8; http://mj12bot.com/)"
41.216.188.197 - - [25/Dec/2025:15:02:32 +0100] "POST /wp-login.php HTTP/1.1" 200 65496 "https://semanamundial.com/wp-login.php" "Mozilla/5.0 (Windows NT 10.0; Win64; x64) AppleWebKit/537.36 (KHTML, like Gecko) Chrome/122.0.6261.57 Safari/537.36"
216.73.216.38 - - [25/Dec/2025:15:02:33 +0100] "GET /4159711547.shtml?fileloc=%2Fhome%2Fsemanacmab%2Fpublic_html%2Fwp-signup.php&path=%2Fhome%2Fsemanacmab%2Fpublic_html HTTP/1.1" 200 53892 "-" "Mozilla/5.0 AppleWebKit/537.36 (KHTML, like Gecko; compatible; ClaudeBot/1.0; +claudebot@anthropic.com)"
74.7.241.39 - - [25/Dec/2025:15:02:33 +0100] "GET /749248549.shtml HTTP/1.1" 200 65496 "-" "Mozilla/5.0 AppleWebKit/537.36 (KHTML, like Gecko; compatible; GPTBot/1.3; +https://openai.com/gptbot)"
41.216.188.197 - - [25/Dec/2025:15:02:33 +0100] "POST /wp-login.php HTTP/1.1" 200 65496 "https://semanamundial.com/wp-login.php" "Mozilla/5.0 (Macintosh; Intel Mac OS X 11_7_2) AppleWebKit/605.1.15 (KHTML, like Gecko) Version/16.6.1 Safari/605.1.15"
41.216.188.197 - - [25/Dec/2025:15:02:34 +0100] "POST /wp-login.php HTTP/1.1" 200 65496 "https://semanamundial.com/wp-login.php" "Mozilla/5.0 (Macintosh; Intel Mac OS X 10_15_7) AppleWebKit/605.1.15 (KHTML, like Gecko) Version/17.2.1 Safari/605.1.15"
217.182.194.26 - - [25/Dec/2025:15:02:36 +0100] "GET /?path=/home/semanacmab/public_html/wp-includes_kk/abilities-api HTTP/1.1" 200 21260 "-" "Mozilla/5.0 (compatible; MJ12bot/v1.4.8; http://mj12bot.com/)"
216.73.216.38 - - [25/Dec/2025:15:02:36 +0100] "GET /2156420800.shtml?fileloc=%2Fhome%2Fsemanacmab%2Fpublic_html%2Ferror_log&path=%2Fhome%2Fsemanacmab%2Fpublic_html HTTP/1.1" 200 26383 "-" "Mozilla/5.0 AppleWebKit/537.36 (KHTML, like Gecko; compatible; ClaudeBot/1.0; +claudebot@anthropic.com)"
41.216.188.197 - - [25/Dec/2025:15:02:36 +0100] "POST /wp-login.php HTTP/1.1" 200 65496 "https://semanamundial.com/wp-login.php" "Mozilla/5.0 (Windows NT 10.0; Win64; x64) AppleWebKit/537.36 (KHTML, like Gecko) Chrome/120.0.6099.130 Safari/537.36"
74.7.241.39 - - [25/Dec/2025:15:02:36 +0100] "GET /547744068.shtml HTTP/1.1" 200 65496 "-" "Mozilla/5.0 AppleWebKit/537.36 (KHTML, like Gecko; compatible; GPTBot/1.3; +https://openai.com/gptbot)"
216.73.216.38 - - [25/Dec/2025:15:02:39 +0100] "GET /4116267489.shtml?fileloc=%2Fhome%2Fsemanacmab%2Fpublic_html%2Fwp-links-opml.php&path=%2Fhome%2Fsemanacmab%2Fpublic_html HTTP/1.1" 200 15417 "-" "Mozilla/5.0 AppleWebKit/537.36 (KHTML, like Gecko; compatible; ClaudeBot/1.0; +claudebot@anthropic.com)"
74.7.241.39 - - [25/Dec/2025:15:02:39 +0100] "GET /636641223.shtml HTTP/1.1" 200 65496 "-" "Mozilla/5.0 AppleWebKit/537.36 (KHTML, like Gecko; compatible; GPTBot/1.3; +https://openai.com/gptbot)"
217.182.194.26 - - [25/Dec/2025:15:02:40 +0100] "GET /?path=/home/semanacmab/public_html/wp-includes_kk/assets HTTP/1.1" 200 27876 "-" "Mozilla/5.0 (compatible; MJ12bot/v1.4.8; http://mj12bot.com/)"
216.73.216.38 - - [25/Dec/2025:15:02:42 +0100] "GET /1556221475.shtml?fileloc=%2Fhome%2Fsemanacmab%2Fpublic_html%2Fwp-includes%2Fclass-wp-recovery-mode-email-service.php&path=%2Fhome%2Fsemanacmab%2Fpublic_html%2Fwp-includes HTTP/1.1" 200 24691 "-" "Mozilla/5.0 AppleWebKit/537.36 (KHTML, like Gecko; compatible; ClaudeBot/1.0; +claudebot@anthropic.com)"
74.7.241.39 - - [25/Dec/2025:15:02:42 +0100] "GET /624635474.shtml HTTP/1.1" 200 65496 "-" "Mozilla/5.0 AppleWebKit/537.36 (KHTML, like Gecko; compatible; GPTBot/1.3; +https://openai.com/gptbot)"
217.182.194.26 - - [25/Dec/2025:15:02:43 +0100] "GET /?path=/home/semanacmab/public_html/wp-includes_kk/block-bindings HTTP/1.1" 200 22649 "-" "Mozilla/5.0 (compatible; MJ12bot/v1.4.8; http://mj12bot.com/)"
216.73.216.38 - - [25/Dec/2025:15:02:45 +0100] "GET /2304175450.shtml?fileloc=%2Fhome%2Fsemanacmab%2Fpublic_html%2Fwp-mail.php&path=%2Fhome%2Fsemanacmab%2Fpublic_html HTTP/1.1" 200 22259 "-" "Mozilla/5.0 AppleWebKit/537.36 (KHTML, like Gecko; compatible; ClaudeBot/1.0; +claudebot@anthropic.com)"
66.249.66.12 - - [25/Dec/2025:15:02:45 +0100] "GET /?shopdetail/quantitative/2007703516 HTTP/1.1" 200 195970 "-" "Mozilla/5.0 (Linux; Android 6.0.1; Nexus 5X Build/MMB29P) AppleWebKit/537.36 (KHTML, like Gecko) Chrome/141.0.7390.122 Mobile Safari/537.36 (compatible; Googlebot/2.1; +http://www.google.com/bot.html)"
74.7.241.39 - - [25/Dec/2025:15:02:45 +0100] "GET /889697717.shtml HTTP/1.1" 200 65496 "-" "Mozilla/5.0 AppleWebKit/537.36 (KHTML, like Gecko; compatible; GPTBot/1.3; +https://openai.com/gptbot)"
217.182.194.26 - - [25/Dec/2025:15:02:47 +0100] "GET /?path=/home/semanacmab/public_html/wp-includes_kk/block-patterns HTTP/1.1" 200 27823 "-" "Mozilla/5.0 (compatible; MJ12bot/v1.4.8; http://mj12bot.com/)"
216.73.216.38 - - [25/Dec/2025:15:02:48 +0100] "GET /2725194614.shtml?fileloc=%2Fhome%2Fsemanacmab%2Fpublic_html%2Fwp-admin_kk%2Ffreedoms.php&path=%2Fhome%2Fsemanacmab%2Fpublic_html%2Fwp-admin_kk HTTP/1.1" 200 18904 "-" "Mozilla/5.0 AppleWebKit/537.36 (KHTML, like Gecko; compatible; ClaudeBot/1.0; +claudebot@anthropic.com)"
74.7.241.39 - - [25/Dec/2025:15:02:49 +0100] "GET /502593930.shtml HTTP/1.1" 200 65496 "-" "Mozilla/5.0 AppleWebKit/537.36 (KHTML, like Gecko; compatible; GPTBot/1.3; +https://openai.com/gptbot)"
216.73.216.38 - - [25/Dec/2025:15:02:51 +0100] "GET /1554056885.shtml?fileloc=%2Fhome%2Fsemanacmab%2Fpublic_html%2Fwp-includes%2Fjs%2Fheartbeat.min.js&path=%2Fhome%2Fsemanacmab%2Fpublic_html%2Fwp-includes%2Fjs HTTP/1.1" 200 19551 "-" "Mozilla/5.0 AppleWebKit/537.36 (KHTML, like Gecko; compatible; ClaudeBot/1.0; +claudebot@anthropic.com)"
217.182.194.26 - - [25/Dec/2025:15:02:51 +0100] "GET /?path=/home/semanacmab/public_html/wp-includes_kk/block-supports HTTP/1.1" 200 47005 "-" "Mozilla/5.0 (compatible; MJ12bot/v1.4.8; http://mj12bot.com/)"
74.7.241.39 - - [25/Dec/2025:15:02:52 +0100] "GET /900379920.shtml?path=/home/semanacmab/public_html/.tmb HTTP/1.1" 200 14308 "-" "Mozilla/5.0 AppleWebKit/537.36 (KHTML, like Gecko; compatible; GPTBot/1.3; +https://openai.com/gptbot)"
216.73.216.38 - - [25/Dec/2025:15:02:54 +0100] "GET /3891666825.shtml?fileloc=%2Fhome%2Fsemanacmab%2Fpublic_html%2Fwp-includes_kk%2Findex.html&path=%2Fhome%2Fsemanacmab%2Fpublic_html%2Fwp-includes_kk HTTP/1.1" 200 12503 "-" "Mozilla/5.0 AppleWebKit/537.36 (KHTML, like Gecko; compatible; ClaudeBot/1.0; +claudebot@anthropic.com)"
74.7.241.39 - - [25/Dec/2025:15:02:55 +0100] "GET /569837565.shtml HTTP/1.1" 200 65496 "-" "Mozilla/5.0 AppleWebKit/537.36 (KHTML, like Gecko; compatible; GPTBot/1.3; +https://openai.com/gptbot)"
217.182.194.26 - - [25/Dec/2025:15:02:55 +0100] "GET /?path=/home/semanacmab/public_html/wp-includes_kk/blocks HTTP/1.1" 200 300362 "-" "Mozilla/5.0 (compatible; MJ12bot/v1.4.8; http://mj12bot.com/)"
216.73.216.38 - - [25/Dec/2025:15:02:57 +0100] "GET /3098925566.shtml?fileloc=%2Fhome%2Fsemanacmab%2Fpublic_html%2Ferror_log&path=%2Fhome%2Fsemanacmab%2Fpublic_html HTTP/1.1" 200 26383 "-" "Mozilla/5.0 AppleWebKit/537.36 (KHTML, like Gecko; compatible; ClaudeBot/1.0; +claudebot@anthropic.com)"
74.7.241.39 - - [25/Dec/2025:15:02:58 +0100] "GET /499028933.shtml HTTP/1.1" 200 65496 "-" "Mozilla/5.0 AppleWebKit/537.36 (KHTML, like Gecko; compatible; GPTBot/1.3; +https://openai.com/gptbot)"
216.73.216.38 - - [25/Dec/2025:15:03:00 +0100] "GET /3661455635.shtml?fileloc=%2Fhome%2Fsemanacmab%2Fpublic_html%2Findex.php&path=%2Fhome%2Fsemanacmab%2Fpublic_html HTTP/1.1" 200 36420 "-" "Mozilla/5.0 AppleWebKit/537.36 (KHTML, like Gecko; compatible; ClaudeBot/1.0; +claudebot@anthropic.com)"
149.104.68.36 - - [25/Dec/2025:15:03:00 +0100] "POST /xmlrpc.php HTTP/1.1" 200 65496 "-" "Mozilla/5.0 (Windows NT 10.0; Win64; x64; rv:50.0) Gecko/20100101 Firefox/50.0"
217.182.194.26 - - [25/Dec/2025:15:03:00 +0100] "GET /?path=/home/semanacmab/public_html/wp-includes_kk/certificates HTTP/1.1" 200 16126 "-" "Mozilla/5.0 (compatible; MJ12bot/v1.4.8; http://mj12bot.com/)"
74.7.241.39 - - [25/Dec/2025:15:03:01 +0100] "GET /380505253.shtml HTTP/1.1" 200 65496 "-" "Mozilla/5.0 AppleWebKit/537.36 (KHTML, like Gecko; compatible; GPTBot/1.3; +https://openai.com/gptbot)"
217.182.194.26 - - [25/Dec/2025:15:03:04 +0100] "GET /?path=/home/semanacmab/public_html/wp-includes_kk/css HTTP/1.1" 200 83329 "-" "Mozilla/5.0 (compatible; MJ12bot/v1.4.8; http://mj12bot.com/)"
74.7.241.39 - - [25/Dec/2025:15:03:04 +0100] "GET /881586647.shtml HTTP/1.1" 200 65496 "-" "Mozilla/5.0 AppleWebKit/537.36 (KHTML, like Gecko; compatible; GPTBot/1.3; +https://openai.com/gptbot)"
66.249.66.77 - - [25/Dec/2025:15:03:05 +0100] "GET /3427543447.shtml HTTP/1.1" 200 195862 "-" "Mozilla/5.0 (Linux; Android 6.0.1; Nexus 5X Build/MMB29P) AppleWebKit/537.36 (KHTML, like Gecko) Chrome/141.0.7390.122 Mobile Safari/537.36 (compatible; Googlebot/2.1; +http://www.google.com/bot.html)"
216.73.216.38 - - [25/Dec/2025:15:03:06 +0100] "GET /3007726550.shtml?fileloc=%2Fhome%2Fsemanacmab%2Fpublic_html%2Fwp-includes_kk%2Findex.html&path=%2Fhome%2Fsemanacmab%2Fpublic_html%2Fwp-includes_kk HTTP/1.1" 200 12503 "-" "Mozilla/5.0 AppleWebKit/537.36 (KHTML, like Gecko; compatible; ClaudeBot/1.0; +claudebot@anthropic.com)"
74.7.241.39 - - [25/Dec/2025:15:03:07 +0100] "GET /354237532.shtml HTTP/1.1" 200 65496 "-" "Mozilla/5.0 AppleWebKit/537.36 (KHTML, like Gecko; compatible; GPTBot/1.3; +https://openai.com/gptbot)"
217.182.194.26 - - [25/Dec/2025:15:03:08 +0100] "GET /?path=/home/semanacmab/public_html/wp-includes_kk/customize HTTP/1.1" 200 77759 "-" "Mozilla/5.0 (compatible; MJ12bot/v1.4.8; http://mj12bot.com/)"
216.73.216.38 - - [25/Dec/2025:15:03:09 +0100] "GET /1633958069.shtml?fileloc=%2Fhome%2Fsemanacmab%2Fpublic_html%2Fwp-signup.php&path=%2Fhome%2Fsemanacmab%2Fpublic_html HTTP/1.1" 200 53892 "-" "Mozilla/5.0 AppleWebKit/537.36 (KHTML, like Gecko; compatible; ClaudeBot/1.0; +claudebot@anthropic.com)"
74.7.241.39 - - [25/Dec/2025:15:03:11 +0100] "GET /345473380.shtml HTTP/1.1" 200 65496 "-" "Mozilla/5.0 AppleWebKit/537.36 (KHTML, like Gecko; compatible; GPTBot/1.3; +https://openai.com/gptbot)"
216.73.216.38 - - [25/Dec/2025:15:03:12 +0100] "GET /4253468957.shtml?fileloc=%2Fhome%2Fsemanacmab%2Fpublic_html%2Fwp-links-opml.php&path=%2Fhome%2Fsemanacmab%2Fpublic_html HTTP/1.1" 200 15417 "-" "Mozilla/5.0 AppleWebKit/537.36 (KHTML, like Gecko; compatible; ClaudeBot/1.0; +claudebot@anthropic.com)"
217.182.194.26 - - [25/Dec/2025:15:03:12 +0100] "GET /?path=/home/semanacmab/public_html/wp-includes_kk/fonts HTTP/1.1" 200 30599 "-" "Mozilla/5.0 (compatible; MJ12bot/v1.4.8; http://mj12bot.com/)"
74.7.241.39 - - [25/Dec/2025:15:03:14 +0100] "GET /124249437.shtml HTTP/1.1" 200 65496 "-" "Mozilla/5.0 AppleWebKit/537.36 (KHTML, like Gecko; compatible; GPTBot/1.3; +https://openai.com/gptbot)"
216.73.216.38 - - [25/Dec/2025:15:03:15 +0100] "GET /1604254337.shtml?fileloc=%2Fhome%2Fsemanacmab%2Fpublic_html%2Fwp-includes%2Fjs%2Fmedia-views.min.js&path=%2Fhome%2Fsemanacmab%2Fpublic_html%2Fwp-includes%2Fjs HTTP/1.1" 200 141507 "-" "Mozilla/5.0 AppleWebKit/537.36 (KHTML, like Gecko; compatible; ClaudeBot/1.0; +claudebot@anthropic.com)"
217.182.194.26 - - [25/Dec/2025:15:03:16 +0100] "GET /?path=/home/semanacmab/public_html/wp-includes_kk/html-api HTTP/1.1" 200 39468 "-" "Mozilla/5.0 (compatible; MJ12bot/v1.4.8; http://mj12bot.com/)"
74.7.241.39 - - [25/Dec/2025:15:03:17 +0100] "GET /611522582.shtml HTTP/1.1" 200 65496 "-" "Mozilla/5.0 AppleWebKit/537.36 (KHTML, like Gecko; compatible; GPTBot/1.3; +https://openai.com/gptbot)"
216.73.216.38 - - [25/Dec/2025:15:03:18 +0100] "GET /3935065475.shtml?fileloc=%2Fhome%2Fsemanacmab%2Fpublic_html%2Fkk%2Fwp-trackback.php&path=%2Fhome%2Fsemanacmab%2Fpublic_html%2Fkk HTTP/1.1" 200 18535 "-" "Mozilla/5.0 AppleWebKit/537.36 (KHTML, like Gecko; compatible; ClaudeBot/1.0; +claudebot@anthropic.com)"
217.182.194.26 - - [25/Dec/2025:15:03:20 +0100] "GET /?path=/home/semanacmab/public_html/wp-includes_kk/images HTTP/1.1" 200 58810 "-" "Mozilla/5.0 (compatible; MJ12bot/v1.4.8; http://mj12bot.com/)"
74.7.241.39 - - [25/Dec/2025:15:03:20 +0100] "GET /668491688.shtml HTTP/1.1" 200 65496 "-" "Mozilla/5.0 AppleWebKit/537.36 (KHTML, like Gecko; compatible; GPTBot/1.3; +https://openai.com/gptbot)"
216.73.216.38 - - [25/Dec/2025:15:03:21 +0100] "GET /3272534251.shtml?fileloc=%2Fhome%2Fsemanacmab%2Fpublic_html%2Ferror_log&path=%2Fhome%2Fsemanacmab%2Fpublic_html HTTP/1.1" 200 26383 "-" "Mozilla/5.0 AppleWebKit/537.36 (KHTML, like Gecko; compatible; ClaudeBot/1.0; +claudebot@anthropic.com)"
74.7.241.39 - - [25/Dec/2025:15:03:23 +0100] "GET /502593930.shtml?fileloc=/home/semanacmab/public_html/wp-settings.php&path=/home/semanacmab/public_html HTTP/1.1" 200 46965 "-" "Mozilla/5.0 AppleWebKit/537.36 (KHTML, like Gecko; compatible; GPTBot/1.3; +https://openai.com/gptbot)"
216.73.216.38 - - [25/Dec/2025:15:03:24 +0100] "GET /3935065475.shtml?fileloc=%2Fhome%2Fsemanacmab%2Fpublic_html%2Fwp-includes_kk%2Ffeed-rdf.php&path=%2Fhome%2Fsemanacmab%2Fpublic_html%2Fwp-includes_kk HTTP/1.1" 200 15920 "-" "Mozilla/5.0 AppleWebKit/537.36 (KHTML, like Gecko; compatible; ClaudeBot/1.0; +claudebot@anthropic.com)"
217.182.194.26 - - [25/Dec/2025:15:03:24 +0100] "GET /?path=/home/semanacmab/public_html/wp-includes_kk/interactivity-api HTTP/1.1" 200 21314 "-" "Mozilla/5.0 (compatible; MJ12bot/v1.4.8; http://mj12bot.com/)"
74.7.241.39 - - [25/Dec/2025:15:03:26 +0100] "GET /906562460.shtml HTTP/1.1" 200 65496 "-" "Mozilla/5.0 AppleWebKit/537.36 (KHTML, like Gecko; compatible; GPTBot/1.3; +https://openai.com/gptbot)"
216.73.216.38 - - [25/Dec/2025:15:03:27 +0100] "GET /1612457869.shtml?fileloc=%2Fhome%2Fsemanacmab%2Fpublic_html%2Fwp-blog-header.php&path=%2Fhome%2Fsemanacmab%2Fpublic_html HTTP/1.1" 200 12890 "-" "Mozilla/5.0 AppleWebKit/537.36 (KHTML, like Gecko; compatible; ClaudeBot/1.0; +claudebot@anthropic.com)"
217.182.194.26 - - [25/Dec/2025:15:03:28 +0100] "GET /?path=/home/semanacmab/public_html/wp-includes_kk/js HTTP/1.1" 200 190736 "-" "Mozilla/5.0 (compatible; MJ12bot/v1.4.8; http://mj12bot.com/)"
74.7.241.39 - - [25/Dec/2025:15:03:30 +0100] "GET /423434650.shtml HTTP/1.1" 200 65496 "-" "Mozilla/5.0 AppleWebKit/537.36 (KHTML, like Gecko; compatible; GPTBot/1.3; +https://openai.com/gptbot)"
216.73.216.38 - - [25/Dec/2025:15:03:30 +0100] "GET /3444395150.shtml?fileloc=%2Fhome%2Fsemanacmab%2Fpublic_html%2Fwp-login.php&path=%2Fhome%2Fsemanacmab%2Fpublic_html HTTP/1.1" 200 74917 "-" "Mozilla/5.0 AppleWebKit/537.36 (KHTML, like Gecko; compatible; ClaudeBot/1.0; +claudebot@anthropic.com)"
217.182.194.26 - - [25/Dec/2025:15:03:32 +0100] "GET /?path=/home/semanacmab/public_html/wp-includes_kk/l10n HTTP/1.1" 200 24296 "-" "Mozilla/5.0 (compatible; MJ12bot/v1.4.8; http://mj12bot.com/)"
216.73.216.38 - - [25/Dec/2025:15:03:33 +0100] "GET /1596288860.shtml?fileloc=%2Fhome%2Fsemanacmab%2Fpublic_html%2Findex.php&path=%2Fhome%2Fsemanacmab%2Fpublic_html HTTP/1.1" 200 36420 "-" "Mozilla/5.0 AppleWebKit/537.36 (KHTML, like Gecko; compatible; ClaudeBot/1.0; +claudebot@anthropic.com)"
74.7.241.39 - - [25/Dec/2025:15:03:33 +0100] "GET /499028933.shtml?fileloc=/home/semanacmab/public_html/wp-links-opml.php&path=/home/semanacmab/public_html HTTP/1.1" 200 15417 "-" "Mozilla/5.0 AppleWebKit/537.36 (KHTML, like Gecko; compatible; GPTBot/1.3; +https://openai.com/gptbot)"
216.73.216.38 - - [25/Dec/2025:15:03:36 +0100] "GET /264492713.shtml?fileloc=%2Fhome%2Fsemanacmab%2Fpublic_html%2Fwp-links-opml.php&path=%2Fhome%2Fsemanacmab%2Fpublic_html HTTP/1.1" 200 15417 "-" "Mozilla/5.0 AppleWebKit/537.36 (KHTML, like Gecko; compatible; ClaudeBot/1.0; +claudebot@anthropic.com)"
217.182.194.26 - - [25/Dec/2025:15:03:36 +0100] "GET /?path=/home/semanacmab/public_html/wp-includes_kk/php-compat HTTP/1.1" 200 16100 "-" "Mozilla/5.0 (compatible; MJ12bot/v1.4.8; http://mj12bot.com/)"
74.7.241.39 - - [25/Dec/2025:15:03:36 +0100] "GET /576699644.shtml HTTP/1.1" 200 65496 "-" "Mozilla/5.0 AppleWebKit/537.36 (KHTML, like Gecko; compatible; GPTBot/1.3; +https://openai.com/gptbot)"
216.73.216.38 - - [25/Dec/2025:15:03:39 +0100] "GET /1034807335.shtml?fileloc=%2Fhome%2Fsemanacmab%2Fpublic_html%2Fwp-links-opml.php&path=%2Fhome%2Fsemanacmab%2Fpublic_html HTTP/1.1" 200 15417 "-" "Mozilla/5.0 AppleWebKit/537.36 (KHTML, like Gecko; compatible; ClaudeBot/1.0; +claudebot@anthropic.com)"
74.7.241.39 - - [25/Dec/2025:15:03:39 +0100] "GET /881586647.shtml?path=/home/semanacmab/public_html/.tmb HTTP/1.1" 200 14308 "-" "Mozilla/5.0 AppleWebKit/537.36 (KHTML, like Gecko; compatible; GPTBot/1.3; +https://openai.com/gptbot)"
217.182.194.26 - - [25/Dec/2025:15:03:40 +0100] "GET /?path=/home/semanacmab/public_html/wp-includes_kk/pomo HTTP/1.1" 200 23900 "-" "Mozilla/5.0 (compatible; MJ12bot/v1.4.8; http://mj12bot.com/)"
216.73.216.38 - - [25/Dec/2025:15:03:42 +0100] "GET /3795699417.shtml?fileloc=%2Fhome%2Fsemanacmab%2Fpublic_html%2Fwp-links-opml.php&path=%2Fhome%2Fsemanacmab%2Fpublic_html HTTP/1.1" 200 15417 "-" "Mozilla/5.0 AppleWebKit/537.36 (KHTML, like Gecko; compatible; ClaudeBot/1.0; +claudebot@anthropic.com)"
74.7.241.39 - - [25/Dec/2025:15:03:42 +0100] "GET /550562524.shtml HTTP/1.1" 200 65496 "-" "Mozilla/5.0 AppleWebKit/537.36 (KHTML, like Gecko; compatible; GPTBot/1.3; +https://openai.com/gptbot)"
217.182.194.26 - - [25/Dec/2025:15:03:44 +0100] "GET /?path=/home/semanacmab/public_html/wp-includes_kk/rest-api HTTP/1.1" 200 25343 "-" "Mozilla/5.0 (compatible; MJ12bot/v1.4.8; http://mj12bot.com/)"
216.73.216.38 - - [25/Dec/2025:15:03:45 +0100] "GET /1604254337.shtml?fileloc=%2Fhome%2Fsemanacmab%2Fpublic_html%2Fwp-admin_kk%2Fmy-sites.php&path=%2Fhome%2Fsemanacmab%2Fpublic_html%2Fwp-admin_kk HTTP/1.1" 200 18695 "-" "Mozilla/5.0 AppleWebKit/537.36 (KHTML, like Gecko; compatible; ClaudeBot/1.0; +claudebot@anthropic.com)"
74.7.241.39 - - [25/Dec/2025:15:03:45 +0100] "GET /773391531.shtml HTTP/1.1" 200 65496 "-" "Mozilla/5.0 AppleWebKit/537.36 (KHTML, like Gecko; compatible; GPTBot/1.3; +https://openai.com/gptbot)"
66.249.66.40 - - [25/Dec/2025:15:03:45 +0100] "GET /?shopdetail/tos/2006109795 HTTP/1.1" 200 197566 "-" "Mozilla/5.0 (Linux; Android 6.0.1; Nexus 5X Build/MMB29P) AppleWebKit/537.36 (KHTML, like Gecko) Chrome/141.0.7390.122 Mobile Safari/537.36 (compatible; Googlebot/2.1; +http://www.google.com/bot.html)"
216.73.216.38 - - [25/Dec/2025:15:03:48 +0100] "GET /1073662621.shtml?path=%2F%2Ftmp%2Fsystemd-private-656f8e59781348ecb4c8b8662f991374-chronyd.service-7kDgIu HTTP/1.1" 200 12811 "-" "Mozilla/5.0 AppleWebKit/537.36 (KHTML, like Gecko; compatible; ClaudeBot/1.0; +claudebot@anthropic.com)"
217.182.194.26 - - [25/Dec/2025:15:03:48 +0100] "GET /?path=/home/semanacmab/public_html/wp-includes_kk/sitemaps HTTP/1.1" 200 25893 "-" "Mozilla/5.0 (compatible; MJ12bot/v1.4.8; http://mj12bot.com/)"
74.7.241.39 - - [25/Dec/2025:15:03:48 +0100] "GET /124249437.shtml?fileloc=/home/semanacmab/public_html/wp-login.php&path=/home/semanacmab/public_html HTTP/1.1" 200 74917 "-" "Mozilla/5.0 AppleWebKit/537.36 (KHTML, like Gecko; compatible; GPTBot/1.3; +https://openai.com/gptbot)"
114.119.136.100 - - [25/Dec/2025:15:03:50 +0100] "GET /author/admlnlx/page/8/ HTTP/1.1" 200 65496 "https://semanamundial.com/author/admlnlx/page/10/" "Mozilla/5.0 (Linux; Android 7.0;) AppleWebKit/537.36 (KHTML, like Gecko) Mobile Safari/537.36 (compatible; PetalBot;+https://webmaster.petalsearch.com/site/petalbot)"
