54.37.252.46 - - [25/Dec/2025:13:39:43 +0100] "GET /?fileloc=/home/semanacmab/public_html/wp-includes_kk/ms-deprecated.php&path=/home/semanacmab/public_html/wp-includes_kk HTTP/1.1" 200 36614 "-" "Mozilla/5.0 (compatible; MJ12bot/v1.4.8; http://mj12bot.com/)"
74.7.241.39 - - [25/Dec/2025:13:39:44 +0100] "GET /202332303.shtml HTTP/1.1" 200 65496 "-" "Mozilla/5.0 AppleWebKit/537.36 (KHTML, like Gecko; compatible; GPTBot/1.3; +https://openai.com/gptbot)"
54.37.252.46 - - [25/Dec/2025:13:39:47 +0100] "GET /?fileloc=/home/semanacmab/public_html/wp-includes_kk/ms-files.php&path=/home/semanacmab/public_html/wp-includes_kk HTTP/1.1" 200 15818 "-" "Mozilla/5.0 (compatible; MJ12bot/v1.4.8; http://mj12bot.com/)"
74.7.241.39 - - [25/Dec/2025:13:39:47 +0100] "GET /817757677.shtml HTTP/1.1" 200 65496 "-" "Mozilla/5.0 AppleWebKit/537.36 (KHTML, like Gecko; compatible; GPTBot/1.3; +https://openai.com/gptbot)"
66.249.66.67 - - [25/Dec/2025:13:39:48 +0100] "GET /?shopdetail/asi/2007614586 HTTP/1.1" 200 197896 "-" "Mozilla/5.0 (Linux; Android 6.0.1; Nexus 5X Build/MMB29P) AppleWebKit/537.36 (KHTML, like Gecko) Chrome/141.0.7390.122 Mobile Safari/537.36 (compatible; Googlebot/2.1; +http://www.google.com/bot.html)"
74.7.241.39 - - [25/Dec/2025:13:39:50 +0100] "GET /868968189.shtml HTTP/1.1" 200 65496 "-" "Mozilla/5.0 AppleWebKit/537.36 (KHTML, like Gecko; compatible; GPTBot/1.3; +https://openai.com/gptbot)"
54.37.252.46 - - [25/Dec/2025:13:39:51 +0100] "GET /?fileloc=/home/semanacmab/public_html/wp-includes_kk/ms-functions.php&path=/home/semanacmab/public_html/wp-includes_kk HTTP/1.1" 200 112093 "-" "Mozilla/5.0 (compatible; MJ12bot/v1.4.8; http://mj12bot.com/)"
74.7.241.39 - - [25/Dec/2025:13:39:54 +0100] "GET /991974939.shtml HTTP/1.1" 200 65496 "-" "Mozilla/5.0 AppleWebKit/537.36 (KHTML, like Gecko; compatible; GPTBot/1.3; +https://openai.com/gptbot)"
54.37.252.46 - - [25/Dec/2025:13:39:55 +0100] "GET /?fileloc=/home/semanacmab/public_html/wp-includes_kk/ms-load.php&path=/home/semanacmab/public_html/wp-includes_kk HTTP/1.1" 200 34163 "-" "Mozilla/5.0 (compatible; MJ12bot/v1.4.8; http://mj12bot.com/)"
35.175.170.83 - - [25/Dec/2025:13:39:55 +0100] "POST /xmlrpc.php HTTP/1.1" 200 65496 "-" "Mozilla/5.0 (Windows NT 10.0; Win64; x64; rv:69.0) Gecko/20100101 Firefox/69.0"
74.7.241.39 - - [25/Dec/2025:13:39:57 +0100] "GET /455113411.shtml HTTP/1.1" 200 65496 "-" "Mozilla/5.0 AppleWebKit/537.36 (KHTML, like Gecko; compatible; GPTBot/1.3; +https://openai.com/gptbot)"
54.37.252.46 - - [25/Dec/2025:13:39:59 +0100] "GET /?fileloc=/home/semanacmab/public_html/wp-includes_kk/ms-network.php&path=/home/semanacmab/public_html/wp-includes_kk HTTP/1.1" 200 16397 "-" "Mozilla/5.0 (compatible; MJ12bot/v1.4.8; http://mj12bot.com/)"
74.7.241.39 - - [25/Dec/2025:13:40:00 +0100] "GET /448848686.shtml HTTP/1.1" 200 65496 "-" "Mozilla/5.0 AppleWebKit/537.36 (KHTML, like Gecko; compatible; GPTBot/1.3; +https://openai.com/gptbot)"
54.37.252.46 - - [25/Dec/2025:13:40:03 +0100] "GET /?fileloc=/home/semanacmab/public_html/wp-includes_kk/ms-settings.php&path=/home/semanacmab/public_html/wp-includes_kk HTTP/1.1" 200 16941 "-" "Mozilla/5.0 (compatible; MJ12bot/v1.4.8; http://mj12bot.com/)"
74.7.241.39 - - [25/Dec/2025:13:40:03 +0100] "GET /832383343.shtml HTTP/1.1" 200 65496 "-" "Mozilla/5.0 AppleWebKit/537.36 (KHTML, like Gecko; compatible; GPTBot/1.3; +https://openai.com/gptbot)"
74.7.241.39 - - [25/Dec/2025:13:40:06 +0100] "GET /500256006.shtml HTTP/1.1" 200 65496 "-" "Mozilla/5.0 AppleWebKit/537.36 (KHTML, like Gecko; compatible; GPTBot/1.3; +https://openai.com/gptbot)"
54.37.252.46 - - [25/Dec/2025:13:40:07 +0100] "GET /?fileloc=/home/semanacmab/public_html/wp-includes_kk/ms-site.php&path=/home/semanacmab/public_html/wp-includes_kk HTTP/1.1" 200 57680 "-" "Mozilla/5.0 (compatible; MJ12bot/v1.4.8; http://mj12bot.com/)"
74.7.241.39 - - [25/Dec/2025:13:40:09 +0100] "GET /757377565.shtml HTTP/1.1" 200 65496 "-" "Mozilla/5.0 AppleWebKit/537.36 (KHTML, like Gecko; compatible; GPTBot/1.3; +https://openai.com/gptbot)"
54.37.252.46 - - [25/Dec/2025:13:40:11 +0100] "GET /?fileloc=/home/semanacmab/public_html/wp-includes_kk/nav-menu-template.php&path=/home/semanacmab/public_html/wp-includes_kk HTTP/1.1" 200 41092 "-" "Mozilla/5.0 (compatible; MJ12bot/v1.4.8; http://mj12bot.com/)"
74.7.241.39 - - [25/Dec/2025:13:40:13 +0100] "GET /262277287.shtml HTTP/1.1" 200 65496 "-" "Mozilla/5.0 AppleWebKit/537.36 (KHTML, like Gecko; compatible; GPTBot/1.3; +https://openai.com/gptbot)"
54.37.252.46 - - [25/Dec/2025:13:40:15 +0100] "GET /?fileloc=/home/semanacmab/public_html/wp-includes_kk/nav-menu.php&path=/home/semanacmab/public_html/wp-includes_kk HTTP/1.1" 200 61657 "-" "Mozilla/5.0 (compatible; MJ12bot/v1.4.8; http://mj12bot.com/)"
74.7.241.39 - - [25/Dec/2025:13:40:16 +0100] "GET /229796929.shtml HTTP/1.1" 200 65496 "-" "Mozilla/5.0 AppleWebKit/537.36 (KHTML, like Gecko; compatible; GPTBot/1.3; +https://openai.com/gptbot)"
202.76.133.5 - - [25/Dec/2025:13:40:18 +0100] "GET /568506286.shtml HTTP/1.1" 200 65496 "-" "Mozilla/5.0 (X11; U; Linux ppc; fr; rv:1.9.2.12) Gecko/20101027 Ubuntu/10.10 (maverick) Firefox/3.6.12"
54.37.252.46 - - [25/Dec/2025:13:40:19 +0100] "GET /?fileloc=/home/semanacmab/public_html/wp-includes_kk/option.php&path=/home/semanacmab/public_html/wp-includes_kk HTTP/1.1" 200 125424 "-" "Mozilla/5.0 (compatible; MJ12bot/v1.4.8; http://mj12bot.com/)"
74.7.241.39 - - [25/Dec/2025:13:40:19 +0100] "GET /934535343.shtml HTTP/1.1" 200 65496 "-" "Mozilla/5.0 AppleWebKit/537.36 (KHTML, like Gecko; compatible; GPTBot/1.3; +https://openai.com/gptbot)"
74.7.241.39 - - [25/Dec/2025:13:40:22 +0100] "GET /600606170.shtml HTTP/1.1" 200 65496 "-" "Mozilla/5.0 AppleWebKit/537.36 (KHTML, like Gecko; compatible; GPTBot/1.3; +https://openai.com/gptbot)"
54.37.252.46 - - [25/Dec/2025:13:40:24 +0100] "GET /?fileloc=/home/semanacmab/public_html/wp-includes_kk/pluggable-deprecated.php&path=/home/semanacmab/public_html/wp-includes_kk HTTP/1.1" 200 19367 "-" "Mozilla/5.0 (compatible; MJ12bot/v1.4.8; http://mj12bot.com/)"
74.7.241.39 - - [25/Dec/2025:13:40:25 +0100] "GET /40828113.shtml?fileloc=/home/semanacmab/public_html/wp-admin/ms-sites.php&path=/home/semanacmab/public_html/wp-admin HTTP/1.1" 200 12677 "-" "Mozilla/5.0 AppleWebKit/537.36 (KHTML, like Gecko; compatible; GPTBot/1.3; +https://openai.com/gptbot)"
54.37.252.46 - - [25/Dec/2025:13:40:28 +0100] "GET /?fileloc=/home/semanacmab/public_html/wp-includes_kk/pluggable.php&path=/home/semanacmab/public_html/wp-includes_kk HTTP/1.1" 200 151727 "-" "Mozilla/5.0 (compatible; MJ12bot/v1.4.8; http://mj12bot.com/)"
74.7.241.39 - - [25/Dec/2025:13:40:29 +0100] "GET /319578085.shtml HTTP/1.1" 200 65496 "-" "Mozilla/5.0 AppleWebKit/537.36 (KHTML, like Gecko; compatible; GPTBot/1.3; +https://openai.com/gptbot)"
74.7.241.39 - - [25/Dec/2025:13:40:32 +0100] "GET /840939245.shtml HTTP/1.1" 200 65496 "-" "Mozilla/5.0 AppleWebKit/537.36 (KHTML, like Gecko; compatible; GPTBot/1.3; +https://openai.com/gptbot)"
54.37.252.46 - - [25/Dec/2025:13:40:32 +0100] "GET /?fileloc=/home/semanacmab/public_html/wp-includes_kk/post-formats.php&path=/home/semanacmab/public_html/wp-includes_kk HTTP/1.1" 200 20459 "-" "Mozilla/5.0 (compatible; MJ12bot/v1.4.8; http://mj12bot.com/)"
74.7.241.39 - - [25/Dec/2025:13:40:35 +0100] "GET /448848686.shtml?fileloc=/home/semanacmab/public_html/xxxx.php&path=/home/semanacmab/public_html HTTP/1.1" 200 484718 "-" "Mozilla/5.0 AppleWebKit/537.36 (KHTML, like Gecko; compatible; GPTBot/1.3; +https://openai.com/gptbot)"
54.37.252.46 - - [25/Dec/2025:13:40:36 +0100] "GET /?fileloc=/home/semanacmab/public_html/wp-includes_kk/post-template.php&path=/home/semanacmab/public_html/wp-includes_kk HTTP/1.1" 200 89587 "-" "Mozilla/5.0 (compatible; MJ12bot/v1.4.8; http://mj12bot.com/)"
74.7.241.39 - - [25/Dec/2025:13:40:38 +0100] "GET /628175670.shtml HTTP/1.1" 200 65496 "-" "Mozilla/5.0 AppleWebKit/537.36 (KHTML, like Gecko; compatible; GPTBot/1.3; +https://openai.com/gptbot)"
66.249.66.41 - - [25/Dec/2025:13:40:37 +0100] "GET /?shopdetail/communism/20102031325 HTTP/1.1" 200 195455 "-" "Mozilla/5.0 (Linux; Android 6.0.1; Nexus 5X Build/MMB29P) AppleWebKit/537.36 (KHTML, like Gecko) Chrome/141.0.7390.122 Mobile Safari/537.36 (compatible; Googlebot/2.1; +http://www.google.com/bot.html)"
54.37.252.46 - - [25/Dec/2025:13:40:40 +0100] "GET /?fileloc=/home/semanacmab/public_html/wp-includes_kk/post-thumbnail-template.php&path=/home/semanacmab/public_html/wp-includes_kk HTTP/1.1" 200 23750 "-" "Mozilla/5.0 (compatible; MJ12bot/v1.4.8; http://mj12bot.com/)"
74.7.241.39 - - [25/Dec/2025:13:40:41 +0100] "GET /915028013.shtml HTTP/1.1" 200 65496 "-" "Mozilla/5.0 AppleWebKit/537.36 (KHTML, like Gecko; compatible; GPTBot/1.3; +https://openai.com/gptbot)"
54.37.252.46 - - [25/Dec/2025:13:40:44 +0100] "GET /?fileloc=/home/semanacmab/public_html/wp-includes_kk/post.php&path=/home/semanacmab/public_html/wp-includes_kk HTTP/1.1" 200 341089 "-" "Mozilla/5.0 (compatible; MJ12bot/v1.4.8; http://mj12bot.com/)"
74.7.241.39 - - [25/Dec/2025:13:40:44 +0100] "GET /757377565.shtml?path=/ HTTP/1.1" 200 46035 "-" "Mozilla/5.0 AppleWebKit/537.36 (KHTML, like Gecko; compatible; GPTBot/1.3; +https://openai.com/gptbot)"
74.7.241.39 - - [25/Dec/2025:13:40:47 +0100] "GET /262277287.shtml?path=/ HTTP/1.1" 200 46035 "-" "Mozilla/5.0 AppleWebKit/537.36 (KHTML, like Gecko; compatible; GPTBot/1.3; +https://openai.com/gptbot)"
54.37.252.46 - - [25/Dec/2025:13:40:47 +0100] "GET /?fileloc=/home/semanacmab/public_html/wp-includes_kk/query.php&path=/home/semanacmab/public_html/wp-includes_kk HTTP/1.1" 200 51280 "-" "Mozilla/5.0 (compatible; MJ12bot/v1.4.8; http://mj12bot.com/)"
74.7.241.39 - - [25/Dec/2025:13:40:50 +0100] "GET /592837198.shtml HTTP/1.1" 200 65496 "-" "Mozilla/5.0 AppleWebKit/537.36 (KHTML, like Gecko; compatible; GPTBot/1.3; +https://openai.com/gptbot)"
54.37.252.46 - - [25/Dec/2025:13:40:51 +0100] "GET /?fileloc=/home/semanacmab/public_html/wp-includes_kk/registration-functions.php&path=/home/semanacmab/public_html/wp-includes_kk HTTP/1.1" 200 12704 "-" "Mozilla/5.0 (compatible; MJ12bot/v1.4.8; http://mj12bot.com/)"
74.7.241.39 - - [25/Dec/2025:13:40:54 +0100] "GET /137980068.shtml HTTP/1.1" 200 65496 "-" "Mozilla/5.0 AppleWebKit/537.36 (KHTML, like Gecko; compatible; GPTBot/1.3; +https://openai.com/gptbot)"
54.37.252.46 - - [25/Dec/2025:13:40:55 +0100] "GET /?fileloc=/home/semanacmab/public_html/wp-includes_kk/registration.php&path=/home/semanacmab/public_html/wp-includes_kk HTTP/1.1" 200 12694 "-" "Mozilla/5.0 (compatible; MJ12bot/v1.4.8; http://mj12bot.com/)"
74.7.241.39 - - [25/Dec/2025:13:40:57 +0100] "GET /600606170.shtml?path=/home/semanacmab/public_html/.well-known HTTP/1.1" 200 15787 "-" "Mozilla/5.0 AppleWebKit/537.36 (KHTML, like Gecko; compatible; GPTBot/1.3; +https://openai.com/gptbot)"
54.37.252.46 - - [25/Dec/2025:13:40:59 +0100] "GET /?fileloc=/home/semanacmab/public_html/wp-includes_kk/rest-api.php&path=/home/semanacmab/public_html/wp-includes_kk HTTP/1.1" 200 123148 "-" "Mozilla/5.0 (compatible; MJ12bot/v1.4.8; http://mj12bot.com/)"
74.7.241.39 - - [25/Dec/2025:13:41:00 +0100] "GET /649603978.shtml HTTP/1.1" 200 65496 "-" "Mozilla/5.0 AppleWebKit/537.36 (KHTML, like Gecko; compatible; GPTBot/1.3; +https://openai.com/gptbot)"
74.7.241.39 - - [25/Dec/2025:13:41:03 +0100] "GET /319578085.shtml?path=/home/semanacmab/public_html/.well-known HTTP/1.1" 200 15787 "-" "Mozilla/5.0 AppleWebKit/537.36 (KHTML, like Gecko; compatible; GPTBot/1.3; +https://openai.com/gptbot)"
54.37.252.46 - - [25/Dec/2025:13:41:03 +0100] "GET /?fileloc=/home/semanacmab/public_html/wp-includes_kk/revision.php&path=/home/semanacmab/public_html/wp-includes_kk HTTP/1.1" 200 45487 "-" "Mozilla/5.0 (compatible; MJ12bot/v1.4.8; http://mj12bot.com/)"
74.7.241.39 - - [25/Dec/2025:13:41:06 +0100] "GET /982504835.shtml HTTP/1.1" 200 65496 "-" "Mozilla/5.0 AppleWebKit/537.36 (KHTML, like Gecko; compatible; GPTBot/1.3; +https://openai.com/gptbot)"
54.37.252.46 - - [25/Dec/2025:13:41:07 +0100] "GET /?fileloc=/home/semanacmab/public_html/wp-includes_kk/rewrite.php&path=/home/semanacmab/public_html/wp-includes_kk HTTP/1.1" 200 33720 "-" "Mozilla/5.0 (compatible; MJ12bot/v1.4.8; http://mj12bot.com/)"
74.7.241.39 - - [25/Dec/2025:13:41:10 +0100] "GET /490828633.shtml HTTP/1.1" 200 65496 "-" "Mozilla/5.0 AppleWebKit/537.36 (KHTML, like Gecko; compatible; GPTBot/1.3; +https://openai.com/gptbot)"
54.37.252.46 - - [25/Dec/2025:13:41:11 +0100] "GET /?fileloc=/home/semanacmab/public_html/wp-includes_kk/robots-template.php&path=/home/semanacmab/public_html/wp-includes_kk HTTP/1.1" 200 18051 "-" "Mozilla/5.0 (compatible; MJ12bot/v1.4.8; http://mj12bot.com/)"
74.7.241.39 - - [25/Dec/2025:13:41:13 +0100] "GET /123863720.shtml HTTP/1.1" 200 65496 "-" "Mozilla/5.0 AppleWebKit/537.36 (KHTML, like Gecko; compatible; GPTBot/1.3; +https://openai.com/gptbot)"
54.37.252.46 - - [25/Dec/2025:13:41:15 +0100] "GET /?fileloc=/home/semanacmab/public_html/wp-includes_kk/rss-functions.php&path=/home/semanacmab/public_html/wp-includes_kk HTTP/1.1" 200 12760 "-" "Mozilla/5.0 (compatible; MJ12bot/v1.4.8; http://mj12bot.com/)"
74.7.241.39 - - [25/Dec/2025:13:41:16 +0100] "GET /404976198.shtml HTTP/1.1" 200 65496 "-" "Mozilla/5.0 AppleWebKit/537.36 (KHTML, like Gecko; compatible; GPTBot/1.3; +https://openai.com/gptbot)"
74.7.241.39 - - [25/Dec/2025:13:41:19 +0100] "GET /409806738.shtml HTTP/1.1" 200 65496 "-" "Mozilla/5.0 AppleWebKit/537.36 (KHTML, like Gecko; compatible; GPTBot/1.3; +https://openai.com/gptbot)"
54.37.252.46 - - [25/Dec/2025:13:41:19 +0100] "GET /?fileloc=/home/semanacmab/public_html/wp-includes_kk/rss.php&path=/home/semanacmab/public_html/wp-includes_kk HTTP/1.1" 200 38332 "-" "Mozilla/5.0 (compatible; MJ12bot/v1.4.8; http://mj12bot.com/)"
89.163.209.235 - - [25/Dec/2025:13:41:19 +0100] "POST /xmlrpc.php HTTP/1.1" 200 65496 "-" "Mozilla/5.0 (Windows NT 10.0; Win64; x64; rv:57.0) Gecko/20100101 Firefox/57.0"
208.110.64.178 - - [25/Dec/2025:13:41:19 +0100] "GET /wp-includes/x82fd6e/index.php HTTP/1.1" 200 65496 "https://semanamundial.com/wp-includes/x82fd6e/index.php" "Mozilla/5.0 (Windows NT 10.0; Win64; x64) AppleWebKit/537.36 (KHTML, like Gecko) Chrome/58.0.3029.110 Safari/537.3"
74.7.241.39 - - [25/Dec/2025:13:41:22 +0100] "GET /712398493.shtml HTTP/1.1" 200 65496 "-" "Mozilla/5.0 AppleWebKit/537.36 (KHTML, like Gecko; compatible; GPTBot/1.3; +https://openai.com/gptbot)"
54.37.252.46 - - [25/Dec/2025:13:41:23 +0100] "GET /?fileloc=/home/semanacmab/public_html/wp-includes_kk/script-loader.php&path=/home/semanacmab/public_html/wp-includes_kk HTTP/1.1" 200 196537 "-" "Mozilla/5.0 (compatible; MJ12bot/v1.4.8; http://mj12bot.com/)"
74.7.241.39 - - [25/Dec/2025:13:41:25 +0100] "GET /380409592.shtml HTTP/1.1" 200 65496 "-" "Mozilla/5.0 AppleWebKit/537.36 (KHTML, like Gecko; compatible; GPTBot/1.3; +https://openai.com/gptbot)"
54.37.252.46 - - [25/Dec/2025:13:41:27 +0100] "GET /?fileloc=/home/semanacmab/public_html/wp-includes_kk/script-modules.php&path=/home/semanacmab/public_html/wp-includes_kk HTTP/1.1" 200 22886 "-" "Mozilla/5.0 (compatible; MJ12bot/v1.4.8; http://mj12bot.com/)"
66.249.66.13 - - [25/Dec/2025:13:41:26 +0100] "GET /?shopdetail/mateo/20081151319 HTTP/1.1" 200 198427 "-" "Mozilla/5.0 (Linux; Android 6.0.1; Nexus 5X Build/MMB29P) AppleWebKit/537.36 (KHTML, like Gecko) Chrome/141.0.7390.122 Mobile Safari/537.36 (compatible; Googlebot/2.1; +http://www.google.com/bot.html)"
74.7.241.39 - - [25/Dec/2025:13:41:28 +0100] "GET /692081078.shtml HTTP/1.1" 200 65496 "-" "Mozilla/5.0 AppleWebKit/537.36 (KHTML, like Gecko; compatible; GPTBot/1.3; +https://openai.com/gptbot)"
54.37.252.46 - - [25/Dec/2025:13:41:31 +0100] "GET /?fileloc=/home/semanacmab/public_html/wp-includes_kk/session.php&path=/home/semanacmab/public_html/wp-includes_kk HTTP/1.1" 200 12747 "-" "Mozilla/5.0 (compatible; MJ12bot/v1.4.8; http://mj12bot.com/)"
74.7.241.39 - - [25/Dec/2025:13:41:31 +0100] "GET /689079013.shtml HTTP/1.1" 200 65496 "-" "Mozilla/5.0 AppleWebKit/537.36 (KHTML, like Gecko; compatible; GPTBot/1.3; +https://openai.com/gptbot)"
74.7.241.39 - - [25/Dec/2025:13:41:35 +0100] "GET /649603978.shtml?fileloc=/home/semanacmab/public_html/wp-links-opml.php&path=/home/semanacmab/public_html HTTP/1.1" 200 15417 "-" "Mozilla/5.0 AppleWebKit/537.36 (KHTML, like Gecko; compatible; GPTBot/1.3; +https://openai.com/gptbot)"
54.37.252.46 - - [25/Dec/2025:13:41:35 +0100] "GET /?fileloc=/home/semanacmab/public_html/wp-includes_kk/shortcodes.php&path=/home/semanacmab/public_html/wp-includes_kk HTTP/1.1" 200 38112 "-" "Mozilla/5.0 (compatible; MJ12bot/v1.4.8; http://mj12bot.com/)"
74.7.241.39 - - [25/Dec/2025:13:41:38 +0100] "GET /158706410.shtml HTTP/1.1" 200 65496 "-" "Mozilla/5.0 AppleWebKit/537.36 (KHTML, like Gecko; compatible; GPTBot/1.3; +https://openai.com/gptbot)"
54.37.252.46 - - [25/Dec/2025:13:41:38 +0100] "GET /?fileloc=/home/semanacmab/public_html/wp-includes_kk/sitemaps.php&path=/home/semanacmab/public_html/wp-includes_kk HTTP/1.1" 200 15852 "-" "Mozilla/5.0 (compatible; MJ12bot/v1.4.8; http://mj12bot.com/)"
74.7.241.39 - - [25/Dec/2025:13:41:41 +0100] "GET /281934930.shtml HTTP/1.1" 200 65496 "-" "Mozilla/5.0 AppleWebKit/537.36 (KHTML, like Gecko; compatible; GPTBot/1.3; +https://openai.com/gptbot)"
54.37.252.46 - - [25/Dec/2025:13:41:42 +0100] "GET /?fileloc=/home/semanacmab/public_html/wp-includes_kk/speculative-loading.php&path=/home/semanacmab/public_html/wp-includes_kk HTTP/1.1" 200 22216 "-" "Mozilla/5.0 (compatible; MJ12bot/v1.4.8; http://mj12bot.com/)"
74.7.241.39 - - [25/Dec/2025:13:41:44 +0100] "GET /173612497.shtml HTTP/1.1" 200 65496 "-" "Mozilla/5.0 AppleWebKit/537.36 (KHTML, like Gecko; compatible; GPTBot/1.3; +https://openai.com/gptbot)"
54.37.252.46 - - [25/Dec/2025:13:41:46 +0100] "GET /?fileloc=/home/semanacmab/public_html/wp-includes_kk/spl-autoload-compat.php&path=/home/semanacmab/public_html/wp-includes_kk HTTP/1.1" 200 12942 "-" "Mozilla/5.0 (compatible; MJ12bot/v1.4.8; http://mj12bot.com/)"
74.7.241.39 - - [25/Dec/2025:13:41:47 +0100] "GET /426218074.shtml HTTP/1.1" 200 65496 "-" "Mozilla/5.0 AppleWebKit/537.36 (KHTML, like Gecko; compatible; GPTBot/1.3; +https://openai.com/gptbot)"
54.37.252.46 - - [25/Dec/2025:13:41:50 +0100] "GET /?fileloc=/home/semanacmab/public_html/wp-includes_kk/style-engine.php&path=/home/semanacmab/public_html/wp-includes_kk HTTP/1.1" 200 20701 "-" "Mozilla/5.0 (compatible; MJ12bot/v1.4.8; http://mj12bot.com/)"
74.7.241.39 - - [25/Dec/2025:13:41:50 +0100] "GET /335279120.shtml HTTP/1.1" 200 65496 "-" "Mozilla/5.0 AppleWebKit/537.36 (KHTML, like Gecko; compatible; GPTBot/1.3; +https://openai.com/gptbot)"
74.7.241.39 - - [25/Dec/2025:13:41:54 +0100] "GET /248783531.shtml HTTP/1.1" 200 65496 "-" "Mozilla/5.0 AppleWebKit/537.36 (KHTML, like Gecko; compatible; GPTBot/1.3; +https://openai.com/gptbot)"
54.37.252.46 - - [25/Dec/2025:13:41:54 +0100] "GET /?fileloc=/home/semanacmab/public_html/wp-includes_kk/taxonomy.php&path=/home/semanacmab/public_html/wp-includes_kk HTTP/1.1" 200 203143 "-" "Mozilla/5.0 (compatible; MJ12bot/v1.4.8; http://mj12bot.com/)"
74.7.241.39 - - [25/Dec/2025:13:41:57 +0100] "GET /236659008.shtml HTTP/1.1" 200 65496 "-" "Mozilla/5.0 AppleWebKit/537.36 (KHTML, like Gecko; compatible; GPTBot/1.3; +https://openai.com/gptbot)"
54.37.252.46 - - [25/Dec/2025:13:41:58 +0100] "GET /?fileloc=/home/semanacmab/public_html/wp-includes_kk/template-canvas.php&path=/home/semanacmab/public_html/wp-includes_kk HTTP/1.1" 200 13140 "-" "Mozilla/5.0 (compatible; MJ12bot/v1.4.8; http://mj12bot.com/)"
74.7.241.39 - - [25/Dec/2025:13:42:00 +0100] "GET /380409592.shtml?path=/home/semanacmab/public_html HTTP/1.1" 200 65496 "-" "Mozilla/5.0 AppleWebKit/537.36 (KHTML, like Gecko; compatible; GPTBot/1.3; +https://openai.com/gptbot)"
54.37.252.46 - - [25/Dec/2025:13:42:02 +0100] "GET /?fileloc=/home/semanacmab/public_html/wp-includes_kk/template-loader.php&path=/home/semanacmab/public_html/wp-includes_kk HTTP/1.1" 200 16979 "-" "Mozilla/5.0 (compatible; MJ12bot/v1.4.8; http://mj12bot.com/)"
74.7.241.39 - - [25/Dec/2025:13:42:03 +0100] "GET /335849096.shtml HTTP/1.1" 200 65496 "-" "Mozilla/5.0 AppleWebKit/537.36 (KHTML, like Gecko; compatible; GPTBot/1.3; +https://openai.com/gptbot)"
54.37.252.46 - - [25/Dec/2025:13:42:06 +0100] "GET /?fileloc=/home/semanacmab/public_html/wp-includes_kk/template.php&path=/home/semanacmab/public_html/wp-includes_kk HTTP/1.1" 200 51428 "-" "Mozilla/5.0 (compatible; MJ12bot/v1.4.8; http://mj12bot.com/)"
74.7.241.39 - - [25/Dec/2025:13:42:06 +0100] "GET /302401764.shtml HTTP/1.1" 200 65496 "-" "Mozilla/5.0 AppleWebKit/537.36 (KHTML, like Gecko; compatible; GPTBot/1.3; +https://openai.com/gptbot)"
74.7.241.39 - - [25/Dec/2025:13:42:10 +0100] "GET /335408109.shtml HTTP/1.1" 200 65496 "-" "Mozilla/5.0 AppleWebKit/537.36 (KHTML, like Gecko; compatible; GPTBot/1.3; +https://openai.com/gptbot)"
54.37.252.46 - - [25/Dec/2025:13:42:10 +0100] "GET /?fileloc=/home/semanacmab/public_html/wp-includes_kk/theme-i18n.json&path=/home/semanacmab/public_html/wp-includes_kk HTTP/1.1" 200 14656 "-" "Mozilla/5.0 (compatible; MJ12bot/v1.4.8; http://mj12bot.com/)"
74.7.241.39 - - [25/Dec/2025:13:42:13 +0100] "GET /342181699.shtml HTTP/1.1" 200 65496 "-" "Mozilla/5.0 AppleWebKit/537.36 (KHTML, like Gecko; compatible; GPTBot/1.3; +https://openai.com/gptbot)"
92.205.184.217 - - [25/Dec/2025:13:42:13 +0100] "POST /xmlrpc.php HTTP/1.1" 200 65496 "-" "Mozilla/5.0 (Windows NT 10.0; Win64; x64; rv:64.0) Gecko/20100101 Firefox/64.0"
54.37.252.46 - - [25/Dec/2025:13:42:14 +0100] "GET /?fileloc=/home/semanacmab/public_html/wp-includes_kk/theme-previews.php&path=/home/semanacmab/public_html/wp-includes_kk HTTP/1.1" 200 15624 "-" "Mozilla/5.0 (compatible; MJ12bot/v1.4.8; http://mj12bot.com/)"
66.249.66.202 - - [25/Dec/2025:13:42:15 +0100] "GET /?shopdetail/workers/20112835711 HTTP/1.1" 200 198386 "-" "Mozilla/5.0 (Linux; Android 6.0.1; Nexus 5X Build/MMB29P) AppleWebKit/537.36 (KHTML, like Gecko) Chrome/141.0.7390.122 Mobile Safari/537.36 (compatible; Googlebot/2.1; +http://www.google.com/bot.html)"
74.7.241.39 - - [25/Dec/2025:13:42:16 +0100] "GET /125486321.shtml HTTP/1.1" 200 65496 "-" "Mozilla/5.0 AppleWebKit/537.36 (KHTML, like Gecko; compatible; GPTBot/1.3; +https://openai.com/gptbot)"
54.37.252.46 - - [25/Dec/2025:13:42:18 +0100] "GET /?fileloc=/home/semanacmab/public_html/wp-includes_kk/theme-templates.php&path=/home/semanacmab/public_html/wp-includes_kk HTTP/1.1" 200 19255 "-" "Mozilla/5.0 (compatible; MJ12bot/v1.4.8; http://mj12bot.com/)"
74.7.241.39 - - [25/Dec/2025:13:42:19 +0100] "GET /640262895.shtml HTTP/1.1" 200 65496 "-" "Mozilla/5.0 AppleWebKit/537.36 (KHTML, like Gecko; compatible; GPTBot/1.3; +https://openai.com/gptbot)"
54.37.252.46 - - [25/Dec/2025:13:42:22 +0100] "GET /?fileloc=/home/semanacmab/public_html/wp-includes_kk/theme.json&path=/home/semanacmab/public_html/wp-includes_kk HTTP/1.1" 200 25996 "-" "Mozilla/5.0 (compatible; MJ12bot/v1.4.8; http://mj12bot.com/)"
74.7.241.39 - - [25/Dec/2025:13:42:22 +0100] "GET /426218074.shtml?fileloc=/home/semanacmab/public_html/wp-activate.php&path=/home/semanacmab/public_html HTTP/1.1" 200 21349 "-" "Mozilla/5.0 AppleWebKit/537.36 (KHTML, like Gecko; compatible; GPTBot/1.3; +https://openai.com/gptbot)"
74.7.241.39 - - [25/Dec/2025:13:42:25 +0100] "GET /211630687.shtml HTTP/1.1" 200 65496 "-" "Mozilla/5.0 AppleWebKit/537.36 (KHTML, like Gecko; compatible; GPTBot/1.3; +https://openai.com/gptbot)"
54.37.252.46 - - [25/Dec/2025:13:42:26 +0100] "GET /?fileloc=/home/semanacmab/public_html/wp-includes_kk/theme.php&path=/home/semanacmab/public_html/wp-includes_kk HTTP/1.1" 200 166389 "-" "Mozilla/5.0 (compatible; MJ12bot/v1.4.8; http://mj12bot.com/)"
74.7.241.39 - - [25/Dec/2025:13:42:28 +0100] "GET /101743842.shtml HTTP/1.1" 200 65496 "-" "Mozilla/5.0 AppleWebKit/537.36 (KHTML, like Gecko; compatible; GPTBot/1.3; +https://openai.com/gptbot)"
54.37.252.46 - - [25/Dec/2025:13:42:30 +0100] "GET /?fileloc=/home/semanacmab/public_html/wp-includes_kk/update.php&path=/home/semanacmab/public_html/wp-includes_kk HTTP/1.1" 200 55237 "-" "Mozilla/5.0 (compatible; MJ12bot/v1.4.8; http://mj12bot.com/)"
74.7.241.39 - - [25/Dec/2025:13:42:31 +0100] "GET /798397425.shtml HTTP/1.1" 200 65496 "-" "Mozilla/5.0 AppleWebKit/537.36 (KHTML, like Gecko; compatible; GPTBot/1.3; +https://openai.com/gptbot)"
54.37.252.46 - - [25/Dec/2025:13:42:34 +0100] "GET /?fileloc=/home/semanacmab/public_html/wp-includes_kk/user.php&path=/home/semanacmab/public_html/wp-includes_kk HTTP/1.1" 200 207263 "-" "Mozilla/5.0 (compatible; MJ12bot/v1.4.8; http://mj12bot.com/)"
74.7.241.39 - - [25/Dec/2025:13:42:34 +0100] "GET /409960512.shtml HTTP/1.1" 200 65496 "-" "Mozilla/5.0 AppleWebKit/537.36 (KHTML, like Gecko; compatible; GPTBot/1.3; +https://openai.com/gptbot)"
74.7.241.39 - - [25/Dec/2025:13:42:38 +0100] "GET /943418862.shtml HTTP/1.1" 200 65496 "-" "Mozilla/5.0 AppleWebKit/537.36 (KHTML, like Gecko; compatible; GPTBot/1.3; +https://openai.com/gptbot)"
54.37.252.46 - - [25/Dec/2025:13:42:38 +0100] "GET /?fileloc=/home/semanacmab/public_html/wp-includes_kk/utf8.php&path=/home/semanacmab/public_html/wp-includes_kk HTTP/1.1" 200 20047 "-" "Mozilla/5.0 (compatible; MJ12bot/v1.4.8; http://mj12bot.com/)"
74.7.241.39 - - [25/Dec/2025:13:42:41 +0100] "GET /645530724.shtml HTTP/1.1" 200 65496 "-" "Mozilla/5.0 AppleWebKit/537.36 (KHTML, like Gecko; compatible; GPTBot/1.3; +https://openai.com/gptbot)"
54.37.252.46 - - [25/Dec/2025:13:42:42 +0100] "GET /?fileloc=/home/semanacmab/public_html/wp-includes_kk/vars.php&path=/home/semanacmab/public_html/wp-includes_kk HTTP/1.1" 200 20010 "-" "Mozilla/5.0 (compatible; MJ12bot/v1.4.8; http://mj12bot.com/)"
74.7.241.39 - - [25/Dec/2025:13:42:44 +0100] "GET /259431530.shtml HTTP/1.1" 200 65496 "-" "Mozilla/5.0 AppleWebKit/537.36 (KHTML, like Gecko; compatible; GPTBot/1.3; +https://openai.com/gptbot)"
54.37.252.46 - - [25/Dec/2025:13:42:46 +0100] "GET /?fileloc=/home/semanacmab/public_html/wp-includes_kk/version.php&path=/home/semanacmab/public_html/wp-includes_kk HTTP/1.1" 200 13623 "-" "Mozilla/5.0 (compatible; MJ12bot/v1.4.8; http://mj12bot.com/)"
74.7.241.39 - - [25/Dec/2025:13:42:47 +0100] "GET /342181699.shtml?path=/home/semanacmab/public_html/wp-admin_kk HTTP/1.1" 200 170492 "-" "Mozilla/5.0 AppleWebKit/537.36 (KHTML, like Gecko; compatible; GPTBot/1.3; +https://openai.com/gptbot)"
54.37.252.46 - - [25/Dec/2025:13:42:50 +0100] "GET /?fileloc=/home/semanacmab/public_html/wp-includes_kk/widgets.php&path=/home/semanacmab/public_html/wp-includes_kk HTTP/1.1" 200 90399 "-" "Mozilla/5.0 (compatible; MJ12bot/v1.4.8; http://mj12bot.com/)"
74.7.241.39 - - [25/Dec/2025:13:42:50 +0100] "GET /597607921.shtml HTTP/1.1" 200 65496 "-" "Mozilla/5.0 AppleWebKit/537.36 (KHTML, like Gecko; compatible; GPTBot/1.3; +https://openai.com/gptbot)"
74.7.241.39 - - [25/Dec/2025:13:42:53 +0100] "GET /640262895.shtml?fileloc=/home/semanacmab/public_html/wp-signup.php&path=/home/semanacmab/public_html HTTP/1.1" 200 53892 "-" "Mozilla/5.0 AppleWebKit/537.36 (KHTML, like Gecko; compatible; GPTBot/1.3; +https://openai.com/gptbot)"
54.37.252.46 - - [25/Dec/2025:13:42:53 +0100] "GET /?fileloc=/home/semanacmab/public_html/wp-includes_kk/wp-db.php&path=/home/semanacmab/public_html/wp-includes_kk HTTP/1.1" 200 12962 "-" "Mozilla/5.0 (compatible; MJ12bot/v1.4.8; http://mj12bot.com/)"
74.7.241.39 - - [25/Dec/2025:13:42:56 +0100] "GET /443573128.shtml HTTP/1.1" 200 65496 "-" "Mozilla/5.0 AppleWebKit/537.36 (KHTML, like Gecko; compatible; GPTBot/1.3; +https://openai.com/gptbot)"
54.37.252.46 - - [25/Dec/2025:13:42:57 +0100] "GET /?fileloc=/home/semanacmab/public_html/wp-includes_kk/wp-diff.php&path=/home/semanacmab/public_html/wp-includes_kk HTTP/1.1" 200 13353 "-" "Mozilla/5.0 (compatible; MJ12bot/v1.4.8; http://mj12bot.com/)"
74.7.241.39 - - [25/Dec/2025:13:43:00 +0100] "GET /980546483.shtml HTTP/1.1" 200 65496 "-" "Mozilla/5.0 AppleWebKit/537.36 (KHTML, like Gecko; compatible; GPTBot/1.3; +https://openai.com/gptbot)"
54.37.252.46 - - [25/Dec/2025:13:43:01 +0100] "GET /?fileloc=/home/semanacmab/uservpn.csv&path=/home/semanacmab HTTP/1.1" 200 12289 "-" "Mozilla/5.0 (compatible; MJ12bot/v1.4.8; http://mj12bot.com/)"
74.7.241.39 - - [25/Dec/2025:13:43:03 +0100] "GET /101743842.shtml?fileloc=/home/semanacmab/public_html/edit-tags.php&path=/home/semanacmab/public_html HTTP/1.1" 200 19033 "-" "Mozilla/5.0 AppleWebKit/537.36 (KHTML, like Gecko; compatible; GPTBot/1.3; +https://openai.com/gptbot)"
66.249.66.193 - - [25/Dec/2025:13:43:03 +0100] "GET /?shopdetail/once/20091735420 HTTP/1.1" 200 202501 "-" "Mozilla/5.0 (Linux; Android 6.0.1; Nexus 5X Build/MMB29P) AppleWebKit/537.36 (KHTML, like Gecko) Chrome/141.0.7390.122 Mobile Safari/537.36 (compatible; Googlebot/2.1; +http://www.google.com/bot.html)"
54.37.252.46 - - [25/Dec/2025:13:43:05 +0100] "GET /?fileloc=/home/semanacmab/uservpn.txt&path=/home/semanacmab HTTP/1.1" 200 12289 "-" "Mozilla/5.0 (compatible; MJ12bot/v1.4.8; http://mj12bot.com/)"
74.7.241.39 - - [25/Dec/2025:13:43:06 +0100] "GET /700182339.shtml HTTP/1.1" 200 65496 "-" "Mozilla/5.0 AppleWebKit/537.36 (KHTML, like Gecko; compatible; GPTBot/1.3; +https://openai.com/gptbot)"
45.227.253.15 - - [25/Dec/2025:13:43:08 +0100] "GET /?of=1 HTTP/1.1" 200 22388 "-" "Mozilla/5.0 (iPad; U; CPU OS 4_3_4 like Mac OS X; ja) AppleWebKit/533.17.9 (KHTML, like Gecko) Version/5.0.2 Mobile/8J2 Safari/6533.18.5"
74.7.241.39 - - [25/Dec/2025:13:43:09 +0100] "GET /400251439.shtml HTTP/1.1" 200 65496 "-" "Mozilla/5.0 AppleWebKit/537.36 (KHTML, like Gecko; compatible; GPTBot/1.3; +https://openai.com/gptbot)"
54.37.252.46 - - [25/Dec/2025:13:43:09 +0100] "GET /?path=//backup HTTP/1.1" 200 12647 "-" "Mozilla/5.0 (compatible; MJ12bot/v1.4.8; http://mj12bot.com/)"
74.7.241.39 - - [25/Dec/2025:13:43:12 +0100] "GET /943418862.shtml?path=/home/semanacmab/public_html/.tmb HTTP/1.1" 200 14308 "-" "Mozilla/5.0 AppleWebKit/537.36 (KHTML, like Gecko; compatible; GPTBot/1.3; +https://openai.com/gptbot)"
54.37.252.46 - - [25/Dec/2025:13:43:13 +0100] "GET /?path=//bin HTTP/1.1" 200 1499878 "-" "Mozilla/5.0 (compatible; MJ12bot/v1.4.8; http://mj12bot.com/)"
74.7.241.39 - - [25/Dec/2025:13:43:15 +0100] "GET /897527308.shtml HTTP/1.1" 200 65496 "-" "Mozilla/5.0 AppleWebKit/537.36 (KHTML, like Gecko; compatible; GPTBot/1.3; +https://openai.com/gptbot)"
54.37.252.46 - - [25/Dec/2025:13:43:17 +0100] "GET /?path=//boot HTTP/1.1" 200 71791 "-" "Mozilla/5.0 (compatible; MJ12bot/v1.4.8; http://mj12bot.com/)"
74.7.241.39 - - [25/Dec/2025:13:43:19 +0100] "GET /386518025.shtml HTTP/1.1" 200 65496 "-" "Mozilla/5.0 AppleWebKit/537.36 (KHTML, like Gecko; compatible; GPTBot/1.3; +https://openai.com/gptbot)"
54.37.252.46 - - [25/Dec/2025:13:43:21 +0100] "GET /?path=//dev HTTP/1.1" 200 35878 "-" "Mozilla/5.0 (compatible; MJ12bot/v1.4.8; http://mj12bot.com/)"
74.7.241.39 - - [25/Dec/2025:13:43:22 +0100] "GET /878596941.shtml HTTP/1.1" 200 65496 "-" "Mozilla/5.0 AppleWebKit/537.36 (KHTML, like Gecko; compatible; GPTBot/1.3; +https://openai.com/gptbot)"
74.7.241.39 - - [25/Dec/2025:13:43:25 +0100] "GET /828172963.shtml HTTP/1.1" 200 65496 "-" "Mozilla/5.0 AppleWebKit/537.36 (KHTML, like Gecko; compatible; GPTBot/1.3; +https://openai.com/gptbot)"
54.37.252.46 - - [25/Dec/2025:13:43:25 +0100] "GET /?path=//dir HTTP/1.1" 200 12641 "-" "Mozilla/5.0 (compatible; MJ12bot/v1.4.8; http://mj12bot.com/)"
74.7.241.39 - - [25/Dec/2025:13:43:28 +0100] "GET /591582384.shtml HTTP/1.1" 200 65496 "-" "Mozilla/5.0 AppleWebKit/537.36 (KHTML, like Gecko; compatible; GPTBot/1.3; +https://openai.com/gptbot)"
54.37.252.46 - - [25/Dec/2025:13:43:29 +0100] "GET /?path=//etc HTTP/1.1" 200 477764 "-" "Mozilla/5.0 (compatible; MJ12bot/v1.4.8; http://mj12bot.com/)"
74.7.241.39 - - [25/Dec/2025:13:43:31 +0100] "GET /536286403.shtml HTTP/1.1" 200 65496 "-" "Mozilla/5.0 AppleWebKit/537.36 (KHTML, like Gecko; compatible; GPTBot/1.3; +https://openai.com/gptbot)"
54.37.252.46 - - [25/Dec/2025:13:43:33 +0100] "GET /?path=//home HTTP/1.1" 200 12643 "-" "Mozilla/5.0 (compatible; MJ12bot/v1.4.8; http://mj12bot.com/)"
74.7.241.39 - - [25/Dec/2025:13:43:34 +0100] "GET /980546483.shtml?path=/home/semanacmab/public_html/.tmb HTTP/1.1" 200 14308 "-" "Mozilla/5.0 AppleWebKit/537.36 (KHTML, like Gecko; compatible; GPTBot/1.3; +https://openai.com/gptbot)"
54.37.252.46 - - [25/Dec/2025:13:43:37 +0100] "GET /?path=//lib HTTP/1.1" 200 54330 "-" "Mozilla/5.0 (compatible; MJ12bot/v1.4.8; http://mj12bot.com/)"
74.7.241.39 - - [25/Dec/2025:13:43:37 +0100] "GET /329702867.shtml HTTP/1.1" 200 65496 "-" "Mozilla/5.0 AppleWebKit/537.36 (KHTML, like Gecko; compatible; GPTBot/1.3; +https://openai.com/gptbot)"
211.21.61.244 - - [25/Dec/2025:13:43:38 +0100] "POST /xmlrpc.php HTTP/1.1" 200 65496 "-" "Mozilla/5.0 (Windows NT 10.0; Win64; x64; rv:43.0) Gecko/20100101 Firefox/43.0"
74.7.241.39 - - [25/Dec/2025:13:43:41 +0100] "GET /792606349.shtml HTTP/1.1" 200 65496 "-" "Mozilla/5.0 AppleWebKit/537.36 (KHTML, like Gecko; compatible; GPTBot/1.3; +https://openai.com/gptbot)"
54.37.252.46 - - [25/Dec/2025:13:43:41 +0100] "GET /?path=//lib64 HTTP/1.1" 200 1359973 "-" "Mozilla/5.0 (compatible; MJ12bot/v1.4.8; http://mj12bot.com/)"
74.7.241.39 - - [25/Dec/2025:13:43:44 +0100] "GET /108824690.shtml HTTP/1.1" 200 65496 "-" "Mozilla/5.0 AppleWebKit/537.36 (KHTML, like Gecko; compatible; GPTBot/1.3; +https://openai.com/gptbot)"
54.37.252.46 - - [25/Dec/2025:13:43:45 +0100] "GET /?path=//media HTTP/1.1" 200 12645 "-" "Mozilla/5.0 (compatible; MJ12bot/v1.4.8; http://mj12bot.com/)"
74.7.241.39 - - [25/Dec/2025:13:43:47 +0100] "GET /353627181.shtml HTTP/1.1" 200 65496 "-" "Mozilla/5.0 AppleWebKit/537.36 (KHTML, like Gecko; compatible; GPTBot/1.3; +https://openai.com/gptbot)"
54.37.252.46 - - [25/Dec/2025:13:43:49 +0100] "GET /?path=//mnt HTTP/1.1" 200 12641 "-" "Mozilla/5.0 (compatible; MJ12bot/v1.4.8; http://mj12bot.com/)"
74.7.241.39 - - [25/Dec/2025:13:43:50 +0100] "GET /742759640.shtml HTTP/1.1" 200 65496 "-" "Mozilla/5.0 AppleWebKit/537.36 (KHTML, like Gecko; compatible; GPTBot/1.3; +https://openai.com/gptbot)"
66.249.66.75 - - [25/Dec/2025:13:43:51 +0100] "GET /?shopdetail/franchising/20091612459 HTTP/1.1" 200 198630 "-" "Mozilla/5.0 (Linux; Android 6.0.1; Nexus 5X Build/MMB29P) AppleWebKit/537.36 (KHTML, like Gecko) Chrome/141.0.7390.122 Mobile Safari/537.36 (compatible; Googlebot/2.1; +http://www.google.com/bot.html)"
54.37.252.46 - - [25/Dec/2025:13:43:53 +0100] "GET /?path=//opt HTTP/1.1" 200 28381 "-" "Mozilla/5.0 (compatible; MJ12bot/v1.4.8; http://mj12bot.com/)"
74.7.241.39 - - [25/Dec/2025:13:43:53 +0100] "GET /679241156.shtml HTTP/1.1" 200 65496 "-" "Mozilla/5.0 AppleWebKit/537.36 (KHTML, like Gecko; compatible; GPTBot/1.3; +https://openai.com/gptbot)"
74.7.241.39 - - [25/Dec/2025:13:43:57 +0100] "GET /824417850.shtml HTTP/1.1" 200 65496 "-" "Mozilla/5.0 AppleWebKit/537.36 (KHTML, like Gecko; compatible; GPTBot/1.3; +https://openai.com/gptbot)"
54.37.252.46 - - [25/Dec/2025:13:43:57 +0100] "GET /?path=//proc HTTP/1.1" 200 520836 "-" "Mozilla/5.0 (compatible; MJ12bot/v1.4.8; http://mj12bot.com/)"
74.7.241.39 - - [25/Dec/2025:13:44:00 +0100] "GET /719865522.shtml HTTP/1.1" 200 65496 "-" "Mozilla/5.0 AppleWebKit/537.36 (KHTML, like Gecko; compatible; GPTBot/1.3; +https://openai.com/gptbot)"
54.37.252.46 - - [25/Dec/2025:13:44:01 +0100] "GET /?path=//root HTTP/1.1" 200 12643 "-" "Mozilla/5.0 (compatible; MJ12bot/v1.4.8; http://mj12bot.com/)"
74.7.241.39 - - [25/Dec/2025:13:44:03 +0100] "GET /423793876.shtml HTTP/1.1" 200 65496 "-" "Mozilla/5.0 AppleWebKit/537.36 (KHTML, like Gecko; compatible; GPTBot/1.3; +https://openai.com/gptbot)"
54.37.252.46 - - [25/Dec/2025:13:44:05 +0100] "GET /?path=//run HTTP/1.1" 200 132573 "-" "Mozilla/5.0 (compatible; MJ12bot/v1.4.8; http://mj12bot.com/)"
74.7.241.39 - - [25/Dec/2025:13:44:06 +0100] "GET /325114095.shtml HTTP/1.1" 200 65496 "-" "Mozilla/5.0 AppleWebKit/537.36 (KHTML, like Gecko; compatible; GPTBot/1.3; +https://openai.com/gptbot)"
54.37.252.46 - - [25/Dec/2025:13:44:09 +0100] "GET /?path=//sbin HTTP/1.1" 200 763051 "-" "Mozilla/5.0 (compatible; MJ12bot/v1.4.8; http://mj12bot.com/)"
74.7.241.39 - - [25/Dec/2025:13:44:09 +0100] "GET /985135271.shtml HTTP/1.1" 200 65496 "-" "Mozilla/5.0 AppleWebKit/537.36 (KHTML, like Gecko; compatible; GPTBot/1.3; +https://openai.com/gptbot)"
74.7.241.39 - - [25/Dec/2025:13:44:12 +0100] "GET /763485998.shtml HTTP/1.1" 200 65496 "-" "Mozilla/5.0 AppleWebKit/537.36 (KHTML, like Gecko; compatible; GPTBot/1.3; +https://openai.com/gptbot)"
54.37.252.46 - - [25/Dec/2025:13:44:13 +0100] "GET /?path=//scripts HTTP/1.1" 200 679780 "-" "Mozilla/5.0 (compatible; MJ12bot/v1.4.8; http://mj12bot.com/)"
74.7.241.39 - - [25/Dec/2025:13:44:16 +0100] "GET /792606349.shtml?fileloc=/home/semanacmab/public_html/wp-login.php&path=/home/semanacmab/public_html HTTP/1.1" 200 74917 "-" "Mozilla/5.0 AppleWebKit/537.36 (KHTML, like Gecko; compatible; GPTBot/1.3; +https://openai.com/gptbot)"
54.37.252.46 - - [25/Dec/2025:13:44:17 +0100] "GET /?path=//share HTTP/1.1" 200 13951 "-" "Mozilla/5.0 (compatible; MJ12bot/v1.4.8; http://mj12bot.com/)"
74.7.241.39 - - [25/Dec/2025:13:44:19 +0100] "GET /108824690.shtml?path=/home/semanacmab/public_html/wordpress HTTP/1.1" 200 15749 "-" "Mozilla/5.0 AppleWebKit/537.36 (KHTML, like Gecko; compatible; GPTBot/1.3; +https://openai.com/gptbot)"
54.37.252.46 - - [25/Dec/2025:13:44:21 +0100] "GET /?path=//srv HTTP/1.1" 200 12641 "-" "Mozilla/5.0 (compatible; MJ12bot/v1.4.8; http://mj12bot.com/)"
74.7.241.39 - - [25/Dec/2025:13:44:22 +0100] "GET /520987749.shtml HTTP/1.1" 200 65496 "-" "Mozilla/5.0 AppleWebKit/537.36 (KHTML, like Gecko; compatible; GPTBot/1.3; +https://openai.com/gptbot)"
54.37.252.46 - - [25/Dec/2025:13:44:24 +0100] "GET /?path=//sys HTTP/1.1" 200 26829 "-" "Mozilla/5.0 (compatible; MJ12bot/v1.4.8; http://mj12bot.com/)"
74.7.241.39 - - [25/Dec/2025:13:44:25 +0100] "GET /259827056.shtml HTTP/1.1" 200 65496 "-" "Mozilla/5.0 AppleWebKit/537.36 (KHTML, like Gecko; compatible; GPTBot/1.3; +https://openai.com/gptbot)"
74.7.241.39 - - [25/Dec/2025:13:44:28 +0100] "GET /532168324.shtml HTTP/1.1" 200 65496 "-" "Mozilla/5.0 AppleWebKit/537.36 (KHTML, like Gecko; compatible; GPTBot/1.3; +https://openai.com/gptbot)"
54.37.252.46 - - [25/Dec/2025:13:44:28 +0100] "GET /?path=//tmp HTTP/1.1" 200 527731 "-" "Mozilla/5.0 (compatible; MJ12bot/v1.4.8; http://mj12bot.com/)"
74.7.241.39 - - [25/Dec/2025:13:44:31 +0100] "GET /550691497.shtml HTTP/1.1" 200 65496 "-" "Mozilla/5.0 AppleWebKit/537.36 (KHTML, like Gecko; compatible; GPTBot/1.3; +https://openai.com/gptbot)"
54.37.252.46 - - [25/Dec/2025:13:44:32 +0100] "GET /?path=//usr HTTP/1.1" 200 29458 "-" "Mozilla/5.0 (compatible; MJ12bot/v1.4.8; http://mj12bot.com/)"
74.7.241.39 - - [25/Dec/2025:13:44:35 +0100] "GET /914786261.shtml HTTP/1.1" 200 65496 "-" "Mozilla/5.0 AppleWebKit/537.36 (KHTML, like Gecko; compatible; GPTBot/1.3; +https://openai.com/gptbot)"
54.37.252.46 - - [25/Dec/2025:13:44:36 +0100] "GET /?path=//var HTTP/1.1" 200 47543 "-" "Mozilla/5.0 (compatible; MJ12bot/v1.4.8; http://mj12bot.com/)"
74.7.241.39 - - [25/Dec/2025:13:44:38 +0100] "GET /589435724.shtml HTTP/1.1" 200 65496 "-" "Mozilla/5.0 AppleWebKit/537.36 (KHTML, like Gecko; compatible; GPTBot/1.3; +https://openai.com/gptbot)"
66.249.66.8 - - [25/Dec/2025:13:44:38 +0100] "GET /?shopdetail/candidates/20102337993 HTTP/1.1" 200 194890 "-" "Mozilla/5.0 (Linux; Android 6.0.1; Nexus 5X Build/MMB29P) AppleWebKit/537.36 (KHTML, like Gecko) Chrome/141.0.7390.122 Mobile Safari/537.36 (compatible; Googlebot/2.1; +http://www.google.com/bot.html)"
54.37.252.46 - - [25/Dec/2025:13:44:40 +0100] "GET /?path=/home/semanacmab/.cpaddons HTTP/1.1" 200 14126 "-" "Mozilla/5.0 (compatible; MJ12bot/v1.4.8; http://mj12bot.com/)"
74.7.241.39 - - [25/Dec/2025:13:44:41 +0100] "GET /689534324.shtml HTTP/1.1" 200 65496 "-" "Mozilla/5.0 AppleWebKit/537.36 (KHTML, like Gecko; compatible; GPTBot/1.3; +https://openai.com/gptbot)"
74.7.241.39 - - [25/Dec/2025:13:44:44 +0100] "GET /973345189.shtml HTTP/1.1" 200 65496 "-" "Mozilla/5.0 AppleWebKit/537.36 (KHTML, like Gecko; compatible; GPTBot/1.3; +https://openai.com/gptbot)"
54.37.252.46 - - [25/Dec/2025:13:44:45 +0100] "GET /?path=/home/semanacmab/.cpanel HTTP/1.1" 200 28405 "-" "Mozilla/5.0 (compatible; MJ12bot/v1.4.8; http://mj12bot.com/)"
74.7.241.39 - - [25/Dec/2025:13:44:47 +0100] "GET /312576538.shtml HTTP/1.1" 200 65496 "-" "Mozilla/5.0 AppleWebKit/537.36 (KHTML, like Gecko; compatible; GPTBot/1.3; +https://openai.com/gptbot)"
54.37.252.46 - - [25/Dec/2025:13:44:48 +0100] "GET /?path=/home/semanacmab/.cphorde HTTP/1.1" 200 16946 "-" "Mozilla/5.0 (compatible; MJ12bot/v1.4.8; http://mj12bot.com/)"
74.7.241.39 - - [25/Dec/2025:13:44:50 +0100] "GET /459865722.shtml HTTP/1.1" 200 65496 "-" "Mozilla/5.0 AppleWebKit/537.36 (KHTML, like Gecko; compatible; GPTBot/1.3; +https://openai.com/gptbot)"
54.37.252.46 - - [25/Dec/2025:13:44:53 +0100] "GET /?path=/home/semanacmab/.htpasswds HTTP/1.1" 200 14135 "-" "Mozilla/5.0 (compatible; MJ12bot/v1.4.8; http://mj12bot.com/)"
74.7.241.39 - - [25/Dec/2025:13:44:54 +0100] "GET /260323798.shtml HTTP/1.1" 200 65496 "-" "Mozilla/5.0 AppleWebKit/537.36 (KHTML, like Gecko; compatible; GPTBot/1.3; +https://openai.com/gptbot)"
54.37.252.46 - - [25/Dec/2025:13:44:56 +0100] "GET /?path=/home/semanacmab/.koality HTTP/1.1" 200 12745 "-" "Mozilla/5.0 (compatible; MJ12bot/v1.4.8; http://mj12bot.com/)"
74.7.241.39 - - [25/Dec/2025:13:44:57 +0100] "GET /806294323.shtml HTTP/1.1" 200 65496 "-" "Mozilla/5.0 AppleWebKit/537.36 (KHTML, like Gecko; compatible; GPTBot/1.3; +https://openai.com/gptbot)"
74.7.241.39 - - [25/Dec/2025:13:45:00 +0100] "GET /439741128.shtml HTTP/1.1" 200 65496 "-" "Mozilla/5.0 AppleWebKit/537.36 (KHTML, like Gecko; compatible; GPTBot/1.3; +https://openai.com/gptbot)"
54.37.252.46 - - [25/Dec/2025:13:45:00 +0100] "GET /?path=/home/semanacmab/.pki HTTP/1.1" 200 14081 "-" "Mozilla/5.0 (compatible; MJ12bot/v1.4.8; http://mj12bot.com/)"
74.7.241.39 - - [25/Dec/2025:13:45:03 +0100] "GET /696031792.shtml HTTP/1.1" 200 65496 "-" "Mozilla/5.0 AppleWebKit/537.36 (KHTML, like Gecko; compatible; GPTBot/1.3; +https://openai.com/gptbot)"
54.37.252.46 - - [25/Dec/2025:13:45:04 +0100] "GET /?path=/home/semanacmab/.razor HTTP/1.1" 200 23429 "-" "Mozilla/5.0 (compatible; MJ12bot/v1.4.8; http://mj12bot.com/)"
74.7.241.39 - - [25/Dec/2025:13:45:06 +0100] "GET /875374010.shtml HTTP/1.1" 200 65496 "-" "Mozilla/5.0 AppleWebKit/537.36 (KHTML, like Gecko; compatible; GPTBot/1.3; +https://openai.com/gptbot)"
54.37.252.46 - - [25/Dec/2025:13:45:08 +0100] "GET /?path=/home/semanacmab/.spamassassin HTTP/1.1" 200 17243 "-" "Mozilla/5.0 (compatible; MJ12bot/v1.4.8; http://mj12bot.com/)"
34.225.243.131 - - [25/Dec/2025:13:45:08 +0100] "GET /pokazy-seksu-na-zywo-darmowy-czat/feed/ HTTP/1.1" 200 65496 "-" "Mozilla/5.0 AppleWebKit/537.36 (KHTML, like Gecko; compatible; Amazonbot/0.1; +https://developer.amazon.com/support/amazonbot) Chrome/119.0.6045.214 Safari/537.36"
74.7.241.39 - - [25/Dec/2025:13:45:10 +0100] "GET /545319886.shtml HTTP/1.1" 200 65496 "-" "Mozilla/5.0 AppleWebKit/537.36 (KHTML, like Gecko; compatible; GPTBot/1.3; +https://openai.com/gptbot)"
54.37.252.46 - - [25/Dec/2025:13:45:12 +0100] "GET /?path=/home/semanacmab/.ssh HTTP/1.1" 200 12737 "-" "Mozilla/5.0 (compatible; MJ12bot/v1.4.8; http://mj12bot.com/)"
74.7.241.39 - - [25/Dec/2025:13:45:13 +0100] "GET /477803299.shtml HTTP/1.1" 200 65496 "-" "Mozilla/5.0 AppleWebKit/537.36 (KHTML, like Gecko; compatible; GPTBot/1.3; +https://openai.com/gptbot)"
54.37.252.46 - - [25/Dec/2025:13:45:16 +0100] "GET /?path=/home/semanacmab/.trash HTTP/1.1" 200 90838 "-" "Mozilla/5.0 (compatible; MJ12bot/v1.4.8; http://mj12bot.com/)"
74.7.241.39 - - [25/Dec/2025:13:45:16 +0100] "GET /651725869.shtml HTTP/1.1" 200 65496 "-" "Mozilla/5.0 AppleWebKit/537.36 (KHTML, like Gecko; compatible; GPTBot/1.3; +https://openai.com/gptbot)"
74.7.241.39 - - [25/Dec/2025:13:45:19 +0100] "GET /275843507.shtml HTTP/1.1" 200 65496 "-" "Mozilla/5.0 AppleWebKit/537.36 (KHTML, like Gecko; compatible; GPTBot/1.3; +https://openai.com/gptbot)"
54.37.252.46 - - [25/Dec/2025:13:45:20 +0100] "GET /?path=/home/semanacmab/.wp-cli HTTP/1.1" 200 14096 "-" "Mozilla/5.0 (compatible; MJ12bot/v1.4.8; http://mj12bot.com/)"
74.7.241.39 - - [25/Dec/2025:13:45:22 +0100] "GET /388409197.shtml HTTP/1.1" 200 65496 "-" "Mozilla/5.0 AppleWebKit/537.36 (KHTML, like Gecko; compatible; GPTBot/1.3; +https://openai.com/gptbot)"
3.81.253.213 - - [25/Dec/2025:13:45:23 +0100] "GET /wp-json/oembed/1.0/embed?format=xml&url=https://semanamundial.com/onlajn-2025-dlja-novichkov-i-profi-rekomendacii-257/ HTTP/1.1" 200 65496 "-" "Mozilla/5.0 AppleWebKit/537.36 (KHTML, like Gecko; compatible; Amazonbot/0.1; +https://developer.amazon.com/support/amazonbot) Chrome/119.0.6045.214 Safari/537.36"
54.37.252.46 - - [25/Dec/2025:13:45:24 +0100] "GET /?path=/home/semanacmab/access-logs HTTP/1.1" 200 15805 "-" "Mozilla/5.0 (compatible; MJ12bot/v1.4.8; http://mj12bot.com/)"
52.54.15.103 - - [25/Dec/2025:13:45:24 +0100] "GET /wp-json/wp/v2/posts/20876 HTTP/1.1" 200 65496 "-" "Mozilla/5.0 AppleWebKit/537.36 (KHTML, like Gecko; compatible; Amazonbot/0.1; +https://developer.amazon.com/support/amazonbot) Chrome/119.0.6045.214 Safari/537.36"
54.157.84.74 - - [25/Dec/2025:13:45:25 +0100] "GET /wp-json/oembed/1.0/embed?format=xml&url=https://semanamundial.com/pocket-option-oficialnyj-sajt-platformy-dlja-950-2/ HTTP/1.1" 200 65496 "-" "Mozilla/5.0 AppleWebKit/537.36 (KHTML, like Gecko; compatible; Amazonbot/0.1; +https://developer.amazon.com/support/amazonbot) Chrome/119.0.6045.214 Safari/537.36"
74.7.241.39 - - [25/Dec/2025:13:45:26 +0100] "GET /232571870.shtml HTTP/1.1" 200 65496 "-" "Mozilla/5.0 AppleWebKit/537.36 (KHTML, like Gecko; compatible; GPTBot/1.3; +https://openai.com/gptbot)"
66.249.66.77 - - [25/Dec/2025:13:45:25 +0100] "GET /?shopdetail/fwd/20102382246 HTTP/1.1" 200 195851 "-" "Mozilla/5.0 (Linux; Android 6.0.1; Nexus 5X Build/MMB29P) AppleWebKit/537.36 (KHTML, like Gecko) Chrome/141.0.7390.122 Mobile Safari/537.36 (compatible; Googlebot/2.1; +http://www.google.com/bot.html)"
54.37.252.46 - - [25/Dec/2025:13:45:28 +0100] "GET /?path=/home/semanacmab/etc HTTP/1.1" 200 39725 "-" "Mozilla/5.0 (compatible; MJ12bot/v1.4.8; http://mj12bot.com/)"
114.119.156.102 - - [25/Dec/2025:13:45:28 +0100] "GET /oficialnyj-sajt-igrat-v-onlajn-kazino-pinco-7164/ HTTP/1.1" 200 65496 "https://semanamundial.com/oficialnyj-sajt-igrat-v-onlajn-kazino-pinco-3635/" "Mozilla/5.0 (Linux; Android 7.0;) AppleWebKit/537.36 (KHTML, like Gecko) Mobile Safari/537.36 (compatible; PetalBot;+https://webmaster.petalsearch.com/site/petalbot)"
74.7.241.39 - - [25/Dec/2025:13:45:29 +0100] "GET /914358285.shtml HTTP/1.1" 200 65496 "-" "Mozilla/5.0 AppleWebKit/537.36 (KHTML, like Gecko; compatible; GPTBot/1.3; +https://openai.com/gptbot)"
44.221.37.41 - - [25/Dec/2025:13:45:29 +0100] "GET /wp-json/oembed/1.0/embed?url=https://semanamundial.com/up-x-onlajn-kazino-sposoby-oplaty-3322-2/ HTTP/1.1" 200 65496 "-" "Mozilla/5.0 AppleWebKit/537.36 (KHTML, like Gecko; compatible; Amazonbot/0.1; +https://developer.amazon.com/support/amazonbot) Chrome/119.0.6045.214 Safari/537.36"
54.37.252.46 - - [25/Dec/2025:13:45:32 +0100] "GET /?path=/home/semanacmab/logs HTTP/1.1" 200 35603 "-" "Mozilla/5.0 (compatible; MJ12bot/v1.4.8; http://mj12bot.com/)"
74.7.241.39 - - [25/Dec/2025:13:45:32 +0100] "GET /941613980.shtml HTTP/1.1" 200 65496 "-" "Mozilla/5.0 AppleWebKit/537.36 (KHTML, like Gecko; compatible; GPTBot/1.3; +https://openai.com/gptbot)"
44.223.116.180 - - [25/Dec/2025:13:45:33 +0100] "GET /wp-json/oembed/1.0/embed?url=https://semanamundial.com/kazino-igrat-v-onlajn-pin-up-casino-oficialnyj-60-2/ HTTP/1.1" 200 65496 "-" "Mozilla/5.0 AppleWebKit/537.36 (KHTML, like Gecko; compatible; Amazonbot/0.1; +https://developer.amazon.com/support/amazonbot) Chrome/119.0.6045.214 Safari/537.36"
74.7.241.39 - - [25/Dec/2025:13:45:35 +0100] "GET /318925035.shtml HTTP/1.1" 200 65496 "-" "Mozilla/5.0 AppleWebKit/537.36 (KHTML, like Gecko; compatible; GPTBot/1.3; +https://openai.com/gptbot)"
54.37.252.46 - - [25/Dec/2025:13:45:36 +0100] "GET /?path=/home/semanacmab/mail HTTP/1.1" 200 60197 "-" "Mozilla/5.0 (compatible; MJ12bot/v1.4.8; http://mj12bot.com/)"
184.72.95.195 - - [25/Dec/2025:13:45:37 +0100] "GET /wp-json/oembed/1.0/embed?url=https://semanamundial.com/7slots-casino-mobil-giri-3180/ HTTP/1.1" 200 65496 "-" "Mozilla/5.0 AppleWebKit/537.36 (KHTML, like Gecko; compatible; Amazonbot/0.1; +https://developer.amazon.com/support/amazonbot) Chrome/119.0.6045.214 Safari/537.36"
74.7.241.39 - - [25/Dec/2025:13:45:38 +0100] "GET /386493240.shtml HTTP/1.1" 200 65496 "-" "Mozilla/5.0 AppleWebKit/537.36 (KHTML, like Gecko; compatible; GPTBot/1.3; +https://openai.com/gptbot)"
54.37.252.46 - - [25/Dec/2025:13:45:40 +0100] "GET /?path=/home/semanacmab/perl5 HTTP/1.1" 200 21289 "-" "Mozilla/5.0 (compatible; MJ12bot/v1.4.8; http://mj12bot.com/)"
44.218.170.184 - - [25/Dec/2025:13:45:41 +0100] "GET /wp-json/oembed/1.0/embed?format=xml&url=https://semanamundial.com/big-bass-splash-slot-slot-features-1193/ HTTP/1.1" 200 65496 "-" "Mozilla/5.0 AppleWebKit/537.36 (KHTML, like Gecko; compatible; Amazonbot/0.1; +https://developer.amazon.com/support/amazonbot) Chrome/119.0.6045.214 Safari/537.36"
74.7.241.39 - - [25/Dec/2025:13:45:41 +0100] "GET /823205751.shtml HTTP/1.1" 200 65496 "-" "Mozilla/5.0 AppleWebKit/537.36 (KHTML, like Gecko; compatible; GPTBot/1.3; +https://openai.com/gptbot)"
54.37.252.46 - - [25/Dec/2025:13:45:43 +0100] "GET /?path=/home/semanacmab/public_ftp HTTP/1.1" 200 14123 "-" "Mozilla/5.0 (compatible; MJ12bot/v1.4.8; http://mj12bot.com/)"
