74.7.241.39 - - [25/Dec/2025:14:16:02 +0100] "GET /684326718.shtml HTTP/1.1" 200 65496 "-" "Mozilla/5.0 AppleWebKit/537.36 (KHTML, like Gecko; compatible; GPTBot/1.3; +https://openai.com/gptbot)"
216.73.216.38 - - [25/Dec/2025:14:16:03 +0100] "GET /617795864.shtml?fileloc=%2Fhome%2Fsemanacmab%2Fpublic_html%2Fwp-content%2Flanguages%2Fca-7289286ed59e90a8f36ae797df62220b.json&path=%2Fhome%2Fsemanacmab%2Fpublic_html%2Fwp-content%2Flanguages HTTP/1.1" 200 13307 "-" "Mozilla/5.0 AppleWebKit/537.36 (KHTML, like Gecko; compatible; ClaudeBot/1.0; +claudebot@anthropic.com)"
74.7.241.39 - - [25/Dec/2025:14:16:05 +0100] "GET /604587825.shtml HTTP/1.1" 200 65496 "-" "Mozilla/5.0 AppleWebKit/537.36 (KHTML, like Gecko; compatible; GPTBot/1.3; +https://openai.com/gptbot)"
216.73.216.38 - - [25/Dec/2025:14:16:06 +0100] "GET /3185388352.shtml?fileloc=%2Fhome%2Fsemanacmab%2Fpublic_html%2Fwp-content%2Flanguages%2Fes_ES-803bf1ce2131e13efc590c1bc47851fc.json&path=%2Fhome%2Fsemanacmab%2Fpublic_html%2Fwp-content%2Flanguages HTTP/1.1" 200 69238 "-" "Mozilla/5.0 AppleWebKit/537.36 (KHTML, like Gecko; compatible; ClaudeBot/1.0; +claudebot@anthropic.com)"
74.7.241.39 - - [25/Dec/2025:14:16:08 +0100] "GET /399581271.shtml?fileloc=/home/semanacmab/public_html/wp-signup.php&path=/home/semanacmab/public_html HTTP/1.1" 200 53892 "-" "Mozilla/5.0 AppleWebKit/537.36 (KHTML, like Gecko; compatible; GPTBot/1.3; +https://openai.com/gptbot)"
66.249.66.13 - - [25/Dec/2025:14:16:09 +0100] "GET /?shopdetail/convenient/2006140897 HTTP/1.1" 200 197904 "-" "Mozilla/5.0 (Linux; Android 6.0.1; Nexus 5X Build/MMB29P) AppleWebKit/537.36 (KHTML, like Gecko) Chrome/141.0.7390.122 Mobile Safari/537.36 (compatible; Googlebot/2.1; +http://www.google.com/bot.html)"
216.73.216.38 - - [25/Dec/2025:14:16:09 +0100] "GET /2450113083.shtml?fileloc=%2Fhome%2Fsemanacmab%2Fpublic_html%2Fwp-content%2Flanguages%2Fca-f8f49d9fc4a9cf7d78ec99285417bd9c.json&path=%2Fhome%2Fsemanacmab%2Fpublic_html%2Fwp-content%2Flanguages HTTP/1.1" 200 112068 "-" "Mozilla/5.0 AppleWebKit/537.36 (KHTML, like Gecko; compatible; ClaudeBot/1.0; +claudebot@anthropic.com)"
66.249.66.12 - - [25/Dec/2025:14:16:10 +0100] "GET /robots.txt HTTP/1.1" 200 82 "-" "Mozilla/5.0 (compatible; Googlebot/2.1; +http://www.google.com/bot.html)"
74.7.241.39 - - [25/Dec/2025:14:16:11 +0100] "GET /549908674.shtml HTTP/1.1" 200 65496 "-" "Mozilla/5.0 AppleWebKit/537.36 (KHTML, like Gecko; compatible; GPTBot/1.3; +https://openai.com/gptbot)"
216.73.216.38 - - [25/Dec/2025:14:16:12 +0100] "GET /3935065475.shtml?fileloc=%2Fhome%2Fsemanacmab%2Fpublic_html%2Fwp-content%2Flanguages%2Fca-4a38fe1c0c45989e44682ba6109d9f46.json&path=%2Fhome%2Fsemanacmab%2Fpublic_html%2Fwp-content%2Flanguages HTTP/1.1" 200 14389 "-" "Mozilla/5.0 AppleWebKit/537.36 (KHTML, like Gecko; compatible; ClaudeBot/1.0; +claudebot@anthropic.com)"
74.7.241.39 - - [25/Dec/2025:14:16:14 +0100] "GET /449768273.shtml HTTP/1.1" 200 65496 "-" "Mozilla/5.0 AppleWebKit/537.36 (KHTML, like Gecko; compatible; GPTBot/1.3; +https://openai.com/gptbot)"
216.73.216.38 - - [25/Dec/2025:14:16:15 +0100] "GET /1108023347.shtml?fileloc=%2Fhome%2Fsemanacmab%2Fpublic_html%2Fwp-content%2Flanguages%2Fes_ES-1d17475f620f63a92e2c5d2681c51ee8.json&path=%2Fhome%2Fsemanacmab%2Fpublic_html%2Fwp-content%2Flanguages HTTP/1.1" 200 13619 "-" "Mozilla/5.0 AppleWebKit/537.36 (KHTML, like Gecko; compatible; ClaudeBot/1.0; +claudebot@anthropic.com)"
85.208.96.204 - - [25/Dec/2025:14:16:16 +0100] "GET /oficialnyj-sajt-igrat-v-onlajn-kazino-pinco-3635/ HTTP/1.1" 200 65496 "-" "Mozilla/5.0 (compatible; SemrushBot/7~bl; +http://www.semrush.com/bot.html)"
74.7.241.39 - - [25/Dec/2025:14:16:17 +0100] "GET /439680905.shtml HTTP/1.1" 200 65496 "-" "Mozilla/5.0 AppleWebKit/537.36 (KHTML, like Gecko; compatible; GPTBot/1.3; +https://openai.com/gptbot)"
216.73.216.38 - - [25/Dec/2025:14:16:18 +0100] "GET /1108023347.shtml?fileloc=%2Fhome%2Fsemanacmab%2Fpublic_html%2Fwp-content%2Flanguages%2Fes_ES-8860e58c20c6a2ab5876a0f07be43bd9.json&path=%2Fhome%2Fsemanacmab%2Fpublic_html%2Fwp-content%2Flanguages HTTP/1.1" 200 18067 "-" "Mozilla/5.0 AppleWebKit/537.36 (KHTML, like Gecko; compatible; ClaudeBot/1.0; +claudebot@anthropic.com)"
74.7.241.39 - - [25/Dec/2025:14:16:21 +0100] "GET /975769403.shtml HTTP/1.1" 200 65496 "-" "Mozilla/5.0 AppleWebKit/537.36 (KHTML, like Gecko; compatible; GPTBot/1.3; +https://openai.com/gptbot)"
216.73.216.38 - - [25/Dec/2025:14:16:21 +0100] "GET /2450113083.shtml?fileloc=%2Fhome%2Fsemanacmab%2Fpublic_html%2Fwp-content%2Flanguages%2Fes_ES-49c6d4acf36cf3aca9f0b2a77617304f.json&path=%2Fhome%2Fsemanacmab%2Fpublic_html%2Fwp-content%2Flanguages HTTP/1.1" 200 13946 "-" "Mozilla/5.0 AppleWebKit/537.36 (KHTML, like Gecko; compatible; ClaudeBot/1.0; +claudebot@anthropic.com)"
143.110.217.153 - - [25/Dec/2025:14:16:23 +0100] "GET /wp-login.php HTTP/1.1" 200 65496 "-" "Mozilla/5.0 (Macintosh; Intel Mac OS X 13_5) AppleWebKit/605.1.15 (KHTML, like Gecko) Version/17.5 Safari/605.1.15"
74.7.241.39 - - [25/Dec/2025:14:16:24 +0100] "GET /477115293.shtml?fileloc=/home/semanacmab/public_html/wp-links-opml.php&path=/home/semanacmab/public_html HTTP/1.1" 200 15417 "-" "Mozilla/5.0 AppleWebKit/537.36 (KHTML, like Gecko; compatible; GPTBot/1.3; +https://openai.com/gptbot)"
216.73.216.38 - - [25/Dec/2025:14:16:24 +0100] "GET /3185388352.shtml?fileloc=%2Fhome%2Fsemanacmab%2Fpublic_html%2Fwp-content%2Flanguages%2Fes_ES-2b390f85a3048c5b4255fb45960b6514.json&path=%2Fhome%2Fsemanacmab%2Fpublic_html%2Fwp-content%2Flanguages HTTP/1.1" 200 20474 "-" "Mozilla/5.0 AppleWebKit/537.36 (KHTML, like Gecko; compatible; ClaudeBot/1.0; +claudebot@anthropic.com)"
216.73.216.38 - - [25/Dec/2025:14:16:27 +0100] "GET /3935065475.shtml?fileloc=%2Fhome%2Fsemanacmab%2Fpublic_html%2Fwp-content%2Flanguages%2Fes_ES-4bfa11da57ff2600004bb500368247f4.json&path=%2Fhome%2Fsemanacmab%2Fpublic_html%2Fwp-content%2Flanguages HTTP/1.1" 200 13367 "-" "Mozilla/5.0 AppleWebKit/537.36 (KHTML, like Gecko; compatible; ClaudeBot/1.0; +claudebot@anthropic.com)"
74.7.241.39 - - [25/Dec/2025:14:16:27 +0100] "GET /126396097.shtml HTTP/1.1" 200 65496 "-" "Mozilla/5.0 AppleWebKit/537.36 (KHTML, like Gecko; compatible; GPTBot/1.3; +https://openai.com/gptbot)"
216.73.216.38 - - [25/Dec/2025:14:16:30 +0100] "GET /3185388352.shtml?fileloc=%2Fhome%2Fsemanacmab%2Fpublic_html%2Fwp-content%2Flanguages%2Fca-a9dc201dcd011fe71849743133052619.json&path=%2Fhome%2Fsemanacmab%2Fpublic_html%2Fwp-content%2Flanguages HTTP/1.1" 200 13984 "-" "Mozilla/5.0 AppleWebKit/537.36 (KHTML, like Gecko; compatible; ClaudeBot/1.0; +claudebot@anthropic.com)"
74.7.241.39 - - [25/Dec/2025:14:16:30 +0100] "GET /135461069.shtml HTTP/1.1" 200 65496 "-" "Mozilla/5.0 AppleWebKit/537.36 (KHTML, like Gecko; compatible; GPTBot/1.3; +https://openai.com/gptbot)"
143.110.217.153 - - [25/Dec/2025:14:16:31 +0100] "POST /xmlrpc.php HTTP/1.1" 200 65496 "-" "Mozilla/5.0 (Macintosh; Intel Mac OS X 13_5) AppleWebKit/605.1.15 (KHTML, like Gecko) Version/17.5 Safari/605.1.15"
216.73.216.38 - - [25/Dec/2025:14:16:33 +0100] "GET /3344836837.shtml?fileloc=%2Fhome%2Fsemanacmab%2Fpublic_html%2Fwp-content%2Flanguages%2Fes_ES-8240df461220d1d3a028a9a4c5652a5b.json&path=%2Fhome%2Fsemanacmab%2Fpublic_html%2Fwp-content%2Flanguages HTTP/1.1" 200 13809 "-" "Mozilla/5.0 AppleWebKit/537.36 (KHTML, like Gecko; compatible; ClaudeBot/1.0; +claudebot@anthropic.com)"
74.7.241.39 - - [25/Dec/2025:14:16:34 +0100] "GET /802979358.shtml HTTP/1.1" 200 65496 "-" "Mozilla/5.0 AppleWebKit/537.36 (KHTML, like Gecko; compatible; GPTBot/1.3; +https://openai.com/gptbot)"
114.119.142.135 - - [25/Dec/2025:14:16:35 +0100] "GET /?y=54892242041350 HTTP/1.1" 200 65496 "https://semanamundial.com/?y=54892242041350" "Mozilla/5.0 (Linux; Android 7.0;) AppleWebKit/537.36 (KHTML, like Gecko) Mobile Safari/537.36 (compatible; PetalBot;+https://webmaster.petalsearch.com/site/petalbot)"
216.73.216.38 - - [25/Dec/2025:14:16:36 +0100] "GET /3935065475.shtml?fileloc=%2Fhome%2Fsemanacmab%2Fpublic_html%2Fwp-content%2Flanguages%2Fca-7289286ed59e90a8f36ae797df62220b.json&path=%2Fhome%2Fsemanacmab%2Fpublic_html%2Fwp-content%2Flanguages HTTP/1.1" 200 13307 "-" "Mozilla/5.0 AppleWebKit/537.36 (KHTML, like Gecko; compatible; ClaudeBot/1.0; +claudebot@anthropic.com)"
74.7.241.39 - - [25/Dec/2025:14:16:37 +0100] "GET /301298279.shtml HTTP/1.1" 200 65496 "-" "Mozilla/5.0 AppleWebKit/537.36 (KHTML, like Gecko; compatible; GPTBot/1.3; +https://openai.com/gptbot)"
216.73.216.38 - - [25/Dec/2025:14:16:39 +0100] "GET /3344836837.shtml?fileloc=%2Fhome%2Fsemanacmab%2Fpublic_html%2Fwp-content%2Flanguages%2Fca-4a38fe1c0c45989e44682ba6109d9f46.json&path=%2Fhome%2Fsemanacmab%2Fpublic_html%2Fwp-content%2Flanguages HTTP/1.1" 200 14389 "-" "Mozilla/5.0 AppleWebKit/537.36 (KHTML, like Gecko; compatible; ClaudeBot/1.0; +claudebot@anthropic.com)"
74.7.241.39 - - [25/Dec/2025:14:16:40 +0100] "GET /604587825.shtml?fileloc=/home/semanacmab/public_html/wp-login.php&path=/home/semanacmab/public_html HTTP/1.1" 200 74917 "-" "Mozilla/5.0 AppleWebKit/537.36 (KHTML, like Gecko; compatible; GPTBot/1.3; +https://openai.com/gptbot)"
216.73.216.38 - - [25/Dec/2025:14:16:42 +0100] "GET /3879901528.shtml?fileloc=%2Fhome%2Fsemanacmab%2Fpublic_html%2Fwp-content%2Flanguages%2Fca-9d47a87c240c1d10701cd6a02b28aa1b.json&path=%2Fhome%2Fsemanacmab%2Fpublic_html%2Fwp-content%2Flanguages HTTP/1.1" 200 13254 "-" "Mozilla/5.0 AppleWebKit/537.36 (KHTML, like Gecko; compatible; ClaudeBot/1.0; +claudebot@anthropic.com)"
66.249.66.166 - - [25/Dec/2025:14:16:43 +0100] "GET /?shopdetail/gage/20081444704 HTTP/1.1" 200 201770 "-" "Mozilla/5.0 (Linux; Android 6.0.1; Nexus 5X Build/MMB29P) AppleWebKit/537.36 (KHTML, like Gecko) Chrome/141.0.7390.122 Mobile Safari/537.36 (compatible; Googlebot/2.1; +http://www.google.com/bot.html)"
74.7.241.39 - - [25/Dec/2025:14:16:43 +0100] "GET /558132491.shtml HTTP/1.1" 200 65496 "-" "Mozilla/5.0 AppleWebKit/537.36 (KHTML, like Gecko; compatible; GPTBot/1.3; +https://openai.com/gptbot)"
104.37.135.145 - - [25/Dec/2025:14:16:44 +0100] "POST /xmlrpc.php HTTP/1.1" 200 65496 "-" "Mozilla/5.0 (Macintosh; Intel Mac OS X 13_5) AppleWebKit/605.1.15 (KHTML, like Gecko) Version/17.5 Safari/605.1.15"
216.73.216.38 - - [25/Dec/2025:14:16:46 +0100] "GET /2507484829.shtml?path=%2F HTTP/1.1" 200 46035 "-" "Mozilla/5.0 AppleWebKit/537.36 (KHTML, like Gecko; compatible; ClaudeBot/1.0; +claudebot@anthropic.com)"
74.7.241.39 - - [25/Dec/2025:14:16:47 +0100] "GET /549908674.shtml?fileloc=/home/semanacmab/public_html/wp-links-opml.php&path=/home/semanacmab/public_html HTTP/1.1" 200 15417 "-" "Mozilla/5.0 AppleWebKit/537.36 (KHTML, like Gecko; compatible; GPTBot/1.3; +https://openai.com/gptbot)"
68.71.243.14 - - [25/Dec/2025:14:16:49 +0100] "POST /xmlrpc.php HTTP/1.1" 421 322 "-" "Mozilla/5.0 (Windows NT 10.0; Win64; x64) AppleWebKit/537.36 (KHTML, like Gecko) Chrome/124.0.6367.207 Safari/537.36"
216.73.216.38 - - [25/Dec/2025:14:16:49 +0100] "GET /3522434919.shtml?path=%2F%2Fdir HTTP/1.1" 200 12641 "-" "Mozilla/5.0 AppleWebKit/537.36 (KHTML, like Gecko; compatible; ClaudeBot/1.0; +claudebot@anthropic.com)"
74.7.241.39 - - [25/Dec/2025:14:16:50 +0100] "GET /449768273.shtml?fileloc=/home/semanacmab/public_html/wp-blog-header.php&path=/home/semanacmab/public_html HTTP/1.1" 200 12890 "-" "Mozilla/5.0 AppleWebKit/537.36 (KHTML, like Gecko; compatible; GPTBot/1.3; +https://openai.com/gptbot)"
192.252.211.197 - - [25/Dec/2025:14:16:51 +0100] "POST /xmlrpc.php HTTP/1.1" 421 322 "-" "Mozilla/5.0 (Windows NT 10.0; Win64; x64) AppleWebKit/537.36 (KHTML, like Gecko) Chrome/124.0.6367.207 Safari/537.36"
216.73.216.38 - - [25/Dec/2025:14:16:52 +0100] "GET /2699710576.shtml?path=%2F%2Fdir HTTP/1.1" 200 12641 "-" "Mozilla/5.0 AppleWebKit/537.36 (KHTML, like Gecko; compatible; ClaudeBot/1.0; +claudebot@anthropic.com)"
74.7.241.39 - - [25/Dec/2025:14:16:53 +0100] "GET /449768273.shtml?path=/home/semanacmab/public_html/.well-known HTTP/1.1" 200 15787 "-" "Mozilla/5.0 AppleWebKit/537.36 (KHTML, like Gecko; compatible; GPTBot/1.3; +https://openai.com/gptbot)"
216.73.216.38 - - [25/Dec/2025:14:16:55 +0100] "GET /2234524289.shtml?fileloc=%2F%2Fscripts%2Ffetchfile&path=%2F%2Fscripts HTTP/1.1" 200 12671 "-" "Mozilla/5.0 AppleWebKit/537.36 (KHTML, like Gecko; compatible; ClaudeBot/1.0; +claudebot@anthropic.com)"
74.7.241.39 - - [25/Dec/2025:14:16:56 +0100] "GET /745089037.shtml HTTP/1.1" 200 65496 "-" "Mozilla/5.0 AppleWebKit/537.36 (KHTML, like Gecko; compatible; GPTBot/1.3; +https://openai.com/gptbot)"
216.73.216.38 - - [25/Dec/2025:14:16:58 +0100] "GET /784117683.shtml?path=%2F%2Fmnt HTTP/1.1" 200 12641 "-" "Mozilla/5.0 AppleWebKit/537.36 (KHTML, like Gecko; compatible; ClaudeBot/1.0; +claudebot@anthropic.com)"
74.7.241.39 - - [25/Dec/2025:14:16:59 +0100] "GET /701693863.shtml HTTP/1.1" 200 65496 "-" "Mozilla/5.0 AppleWebKit/537.36 (KHTML, like Gecko; compatible; GPTBot/1.3; +https://openai.com/gptbot)"
216.73.216.38 - - [25/Dec/2025:14:17:01 +0100] "GET /784117683.shtml?path=%2F%2Fproc%2F628 HTTP/1.1" 200 76269 "-" "Mozilla/5.0 AppleWebKit/537.36 (KHTML, like Gecko; compatible; ClaudeBot/1.0; +claudebot@anthropic.com)"
94.23.209.194 - - [25/Dec/2025:14:17:02 +0100] "POST /xmlrpc.php HTTP/1.1" 200 65496 "-" "Mozilla/5.0 (Windows NT 10.0; Win64; x64; rv:59.0) Gecko/20100101 Firefox/59.0"
74.7.241.39 - - [25/Dec/2025:14:17:02 +0100] "GET /126396097.shtml?path=/home/semanacmab/public_html HTTP/1.1" 200 65496 "-" "Mozilla/5.0 AppleWebKit/537.36 (KHTML, like Gecko; compatible; GPTBot/1.3; +https://openai.com/gptbot)"
216.73.216.38 - - [25/Dec/2025:14:17:04 +0100] "GET /784117683.shtml?fileloc=%2F%2Fscripts%2Fupdate_users_vhosts&path=%2F%2Fscripts HTTP/1.1" 200 13086 "-" "Mozilla/5.0 AppleWebKit/537.36 (KHTML, like Gecko; compatible; ClaudeBot/1.0; +claudebot@anthropic.com)"
199.187.210.54 - - [25/Dec/2025:14:17:03 +0100] "POST /xmlrpc.php HTTP/1.1" 200 65496 "-" "Mozilla/5.0 (Macintosh; Intel Mac OS X 13_5) AppleWebKit/605.1.15 (KHTML, like Gecko) Version/17.5 Safari/605.1.15"
74.7.241.39 - - [25/Dec/2025:14:17:05 +0100] "GET /135461069.shtml?path=/home/semanacmab/public_html/wp-content HTTP/1.1" 200 31778 "-" "Mozilla/5.0 AppleWebKit/537.36 (KHTML, like Gecko; compatible; GPTBot/1.3; +https://openai.com/gptbot)"
172.212.113.5 - - [25/Dec/2025:14:17:06 +0100] "POST /xmlrpc.php HTTP/1.1" 200 65496 "-" "Mozilla/5.0 (Windows NT 10.0; Win64; x64) AppleWebKit/537.36 (KHTML, like Gecko) Chrome/124.0.6367.207 Safari/537.36"
216.73.216.38 - - [25/Dec/2025:14:17:07 +0100] "GET /882463881.shtml?path=%2F%2Fdir HTTP/1.1" 200 12641 "-" "Mozilla/5.0 AppleWebKit/537.36 (KHTML, like Gecko; compatible; ClaudeBot/1.0; +claudebot@anthropic.com)"
74.7.241.39 - - [25/Dec/2025:14:17:08 +0100] "GET /126396097.shtml?fileloc=/home/semanacmab/public_html/wp-config-sample.php&path=/home/semanacmab/public_html HTTP/1.1" 200 16088 "-" "Mozilla/5.0 AppleWebKit/537.36 (KHTML, like Gecko; compatible; GPTBot/1.3; +https://openai.com/gptbot)"
216.73.216.38 - - [25/Dec/2025:14:17:10 +0100] "GET /1148647188.shtml?path=%2F%2Fdir HTTP/1.1" 200 12641 "-" "Mozilla/5.0 AppleWebKit/537.36 (KHTML, like Gecko; compatible; ClaudeBot/1.0; +claudebot@anthropic.com)"
74.7.241.39 - - [25/Dec/2025:14:17:11 +0100] "GET /802979358.shtml?path=/home/semanacmab/public_html/kk HTTP/1.1" 200 44430 "-" "Mozilla/5.0 AppleWebKit/537.36 (KHTML, like Gecko; compatible; GPTBot/1.3; +https://openai.com/gptbot)"
216.73.216.38 - - [25/Dec/2025:14:17:13 +0100] "GET /740673625.shtml?path=%2F%2Fdir HTTP/1.1" 200 12641 "-" "Mozilla/5.0 AppleWebKit/537.36 (KHTML, like Gecko; compatible; ClaudeBot/1.0; +claudebot@anthropic.com)"
74.7.241.39 - - [25/Dec/2025:14:17:15 +0100] "GET /126396097.shtml?path=/home/semanacmab/public_html/kk HTTP/1.1" 200 44430 "-" "Mozilla/5.0 AppleWebKit/537.36 (KHTML, like Gecko; compatible; GPTBot/1.3; +https://openai.com/gptbot)"
216.73.216.38 - - [25/Dec/2025:14:17:16 +0100] "GET /784117683.shtml?path=%2F%2Fproc%2F32 HTTP/1.1" 200 76090 "-" "Mozilla/5.0 AppleWebKit/537.36 (KHTML, like Gecko; compatible; ClaudeBot/1.0; +claudebot@anthropic.com)"
66.249.66.42 - - [25/Dec/2025:14:17:17 +0100] "GET /?shopdetail/malls/2007526496 HTTP/1.1" 200 193662 "-" "Mozilla/5.0 (Linux; Android 6.0.1; Nexus 5X Build/MMB29P) AppleWebKit/537.36 (KHTML, like Gecko) Chrome/141.0.7390.122 Mobile Safari/537.36 (compatible; Googlebot/2.1; +http://www.google.com/bot.html)"
74.7.241.39 - - [25/Dec/2025:14:17:18 +0100] "GET /558132491.shtml?path=/home/semanacmab/public_html HTTP/1.1" 200 65496 "-" "Mozilla/5.0 AppleWebKit/537.36 (KHTML, like Gecko; compatible; GPTBot/1.3; +https://openai.com/gptbot)"
66.249.66.200 - - [25/Dec/2025:14:17:19 +0100] "GET /robots.txt HTTP/1.1" 200 82 "-" "Mozilla/5.0 (compatible; Googlebot/2.1; +http://www.google.com/bot.html)"
216.73.216.38 - - [25/Dec/2025:14:17:19 +0100] "GET /784117683.shtml?path=%2F%2Fproc%2F48 HTTP/1.1" 200 76090 "-" "Mozilla/5.0 AppleWebKit/537.36 (KHTML, like Gecko; compatible; ClaudeBot/1.0; +claudebot@anthropic.com)"
143.110.217.153 - - [25/Dec/2025:14:17:20 +0100] "GET /wp-login.php?wp_lang=en_US HTTP/1.1" 200 65496 "-" "Mozilla/5.0 (Windows NT 10.0; Win64; x64) AppleWebKit/537.36 (KHTML, like Gecko) Chrome/124.0.6367.207 Safari/537.36"
74.7.241.39 - - [25/Dec/2025:14:17:21 +0100] "GET /558132491.shtml?fileloc=/home/semanacmab/public_html/wp-signup.php&path=/home/semanacmab/public_html HTTP/1.1" 200 53892 "-" "Mozilla/5.0 AppleWebKit/537.36 (KHTML, like Gecko; compatible; GPTBot/1.3; +https://openai.com/gptbot)"
216.73.216.38 - - [25/Dec/2025:14:17:22 +0100] "GET /784117683.shtml?path=%2F%2Fproc%2F366%2Fmap_files HTTP/1.1" 200 12729 "-" "Mozilla/5.0 AppleWebKit/537.36 (KHTML, like Gecko; compatible; ClaudeBot/1.0; +claudebot@anthropic.com)"
74.7.241.39 - - [25/Dec/2025:14:17:24 +0100] "GET /792563634.shtml HTTP/1.1" 200 65496 "-" "Mozilla/5.0 AppleWebKit/537.36 (KHTML, like Gecko; compatible; GPTBot/1.3; +https://openai.com/gptbot)"
144.125.188.189 - - [25/Dec/2025:14:17:24 +0100] "GET /wp-login.php?wp_lang=en_US HTTP/1.1" 200 65496 "-" "Mozilla/5.0 (Windows NT 10.0; Win64; x64) AppleWebKit/537.36 (KHTML, like Gecko) Chrome/124.0.6367.207 Safari/537.36"
216.73.216.38 - - [25/Dec/2025:14:17:25 +0100] "GET /784117683.shtml?path=%2F%2Fproc%2F74 HTTP/1.1" 200 76090 "-" "Mozilla/5.0 AppleWebKit/537.36 (KHTML, like Gecko; compatible; ClaudeBot/1.0; +claudebot@anthropic.com)"
74.7.241.39 - - [25/Dec/2025:14:17:27 +0100] "GET /968915083.shtml HTTP/1.1" 200 65496 "-" "Mozilla/5.0 AppleWebKit/537.36 (KHTML, like Gecko; compatible; GPTBot/1.3; +https://openai.com/gptbot)"
216.73.216.38 - - [25/Dec/2025:14:17:28 +0100] "GET /3669584651.shtml?path=%2F%2Fdir HTTP/1.1" 200 12641 "-" "Mozilla/5.0 AppleWebKit/537.36 (KHTML, like Gecko; compatible; ClaudeBot/1.0; +claudebot@anthropic.com)"
74.7.241.39 - - [25/Dec/2025:14:17:30 +0100] "GET /208975754.shtml HTTP/1.1" 200 65496 "-" "Mozilla/5.0 AppleWebKit/537.36 (KHTML, like Gecko; compatible; GPTBot/1.3; +https://openai.com/gptbot)"
74.7.241.39 - - [25/Dec/2025:14:17:33 +0100] "GET /865437726.shtml HTTP/1.1" 200 65496 "-" "Mozilla/5.0 AppleWebKit/537.36 (KHTML, like Gecko; compatible; GPTBot/1.3; +https://openai.com/gptbot)"
216.73.216.38 - - [25/Dec/2025:14:17:34 +0100] "GET /3935065475.shtml?fileloc=%2Fhome%2Fsemanacmab%2Fpublic_html%2Fwp-content%2Flanguages%2Fca-77fdfadaf2e1ca3a027d1956b910bc50.json&path=%2Fhome%2Fsemanacmab%2Fpublic_html%2Fwp-content%2Flanguages HTTP/1.1" 200 14216 "-" "Mozilla/5.0 AppleWebKit/537.36 (KHTML, like Gecko; compatible; ClaudeBot/1.0; +claudebot@anthropic.com)"
52.140.40.92 - - [25/Dec/2025:14:17:35 +0100] "GET /wp-login.php?wp_lang=en_US HTTP/1.1" 200 65496 "-" "Mozilla/5.0 (Windows NT 10.0; Win64; x64) AppleWebKit/537.36 (KHTML, like Gecko) Chrome/124.0.6367.207 Safari/537.36"
216.73.216.38 - - [25/Dec/2025:14:17:36 +0100] "GET /3594132587.shtml?fileloc=%2Fhome%2Fsemanacmab%2Fpublic_html%2Fwp-includes%2Fjs%2Fzxcvbn-async.min.js&path=%2Fhome%2Fsemanacmab%2Fpublic_html%2Fwp-includes%2Fjs HTTP/1.1" 200 12926 "-" "Mozilla/5.0 AppleWebKit/537.36 (KHTML, like Gecko; compatible; ClaudeBot/1.0; +claudebot@anthropic.com)"
74.7.241.39 - - [25/Dec/2025:14:17:37 +0100] "GET /673482984.shtml HTTP/1.1" 200 65496 "-" "Mozilla/5.0 AppleWebKit/537.36 (KHTML, like Gecko; compatible; GPTBot/1.3; +https://openai.com/gptbot)"
192.252.215.2 - - [25/Dec/2025:14:17:37 +0100] "GET /wp-login.php?wp_lang=en_US HTTP/1.1" 421 322 "-" "Mozilla/5.0 (Windows NT 10.0; Win64; x64) AppleWebKit/537.36 (KHTML, like Gecko) Chrome/124.0.6367.207 Safari/537.36"
98.175.31.222 - - [25/Dec/2025:14:17:39 +0100] "GET /wp-login.php?wp_lang=en_US HTTP/1.1" 421 322 "-" "Mozilla/5.0 (Windows NT 10.0; Win64; x64) AppleWebKit/537.36 (KHTML, like Gecko) Chrome/124.0.6367.207 Safari/537.36"
216.73.216.38 - - [25/Dec/2025:14:17:39 +0100] "GET /3131816410.shtml?fileloc=%2Fhome%2Fsemanacmab%2Fpublic_html%2Fwp-signup.php&path=%2Fhome%2Fsemanacmab%2Fpublic_html HTTP/1.1" 200 53892 "-" "Mozilla/5.0 AppleWebKit/537.36 (KHTML, like Gecko; compatible; ClaudeBot/1.0; +claudebot@anthropic.com)"
74.7.241.39 - - [25/Dec/2025:14:17:40 +0100] "GET /213958800.shtml HTTP/1.1" 200 65496 "-" "Mozilla/5.0 AppleWebKit/537.36 (KHTML, like Gecko; compatible; GPTBot/1.3; +https://openai.com/gptbot)"
104.200.152.30 - - [25/Dec/2025:14:17:41 +0100] "GET /wp-login.php?wp_lang=en_US HTTP/1.1" 421 322 "-" "Mozilla/5.0 (Windows NT 10.0; Win64; x64) AppleWebKit/537.36 (KHTML, like Gecko) Chrome/124.0.6367.207 Safari/537.36"
216.73.216.38 - - [25/Dec/2025:14:17:42 +0100] "GET /3344836837.shtml?fileloc=%2Fhome%2Fsemanacmab%2Fpublic_html%2Fwp-content%2Flanguages%2Fca-bf0f094965d3d4a95b47babcb35fc136.json&path=%2Fhome%2Fsemanacmab%2Fpublic_html%2Fwp-content%2Flanguages HTTP/1.1" 200 73860 "-" "Mozilla/5.0 AppleWebKit/537.36 (KHTML, like Gecko; compatible; ClaudeBot/1.0; +claudebot@anthropic.com)"
74.7.241.39 - - [25/Dec/2025:14:17:43 +0100] "GET /230435019.shtml HTTP/1.1" 200 65496 "-" "Mozilla/5.0 AppleWebKit/537.36 (KHTML, like Gecko; compatible; GPTBot/1.3; +https://openai.com/gptbot)"
199.102.106.94 - - [25/Dec/2025:14:17:44 +0100] "GET /wp-login.php?wp_lang=en_US HTTP/1.1" 421 322 "-" "Mozilla/5.0 (Windows NT 10.0; Win64; x64) AppleWebKit/537.36 (KHTML, like Gecko) Chrome/124.0.6367.207 Safari/537.36"
216.73.216.38 - - [25/Dec/2025:14:17:45 +0100] "GET /3594132587.shtml?fileloc=%2Fhome%2Fsemanacmab%2Fpublic_html%2Fwp-includes%2Fjs%2Fclipboard.min.js&path=%2Fhome%2Fsemanacmab%2Fpublic_html%2Fwp-includes%2Fjs HTTP/1.1" 200 23118 "-" "Mozilla/5.0 AppleWebKit/537.36 (KHTML, like Gecko; compatible; ClaudeBot/1.0; +claudebot@anthropic.com)"
196.27.114.137 - - [25/Dec/2025:14:17:46 +0100] "POST /xmlrpc.php HTTP/1.1" 200 65496 "-" "Mozilla/5.0 (Windows NT 10.0; Win64; x64; rv:41.0) Gecko/20100101 Firefox/41.0"
72.205.0.93 - - [25/Dec/2025:14:17:46 +0100] "GET /wp-login.php?wp_lang=en_US HTTP/1.1" 421 322 "-" "Mozilla/5.0 (Windows NT 10.0; Win64; x64) AppleWebKit/537.36 (KHTML, like Gecko) Chrome/124.0.6367.207 Safari/537.36"
74.7.241.39 - - [25/Dec/2025:14:17:46 +0100] "GET /654279056.shtml HTTP/1.1" 200 65496 "-" "Mozilla/5.0 AppleWebKit/537.36 (KHTML, like Gecko; compatible; GPTBot/1.3; +https://openai.com/gptbot)"
216.73.216.38 - - [25/Dec/2025:14:17:48 +0100] "GET /857145565.shtml?fileloc=%2Fhome%2Fsemanacmab%2Fpublic_html%2Fkk%2Fwp-mail.php&path=%2Fhome%2Fsemanacmab%2Fpublic_html%2Fkk HTTP/1.1" 200 22317 "-" "Mozilla/5.0 AppleWebKit/537.36 (KHTML, like Gecko; compatible; ClaudeBot/1.0; +claudebot@anthropic.com)"
121.169.46.116 - - [25/Dec/2025:14:17:49 +0100] "GET /wp-login.php?wp_lang=en_US HTTP/1.1" 200 65496 "-" "Mozilla/5.0 (Windows NT 10.0; Win64; x64) AppleWebKit/537.36 (KHTML, like Gecko) Chrome/124.0.6367.207 Safari/537.36"
74.7.241.39 - - [25/Dec/2025:14:17:49 +0100] "GET /483061815.shtml HTTP/1.1" 200 65496 "-" "Mozilla/5.0 AppleWebKit/537.36 (KHTML, like Gecko; compatible; GPTBot/1.3; +https://openai.com/gptbot)"
216.73.216.38 - - [25/Dec/2025:14:17:51 +0100] "GET /3829146765.shtml?fileloc=%2Fhome%2Fsemanacmab%2F.imunify_patch_id&path=%2Fhome%2Fsemanacmab HTTP/1.1" 200 12401 "-" "Mozilla/5.0 AppleWebKit/537.36 (KHTML, like Gecko; compatible; ClaudeBot/1.0; +claudebot@anthropic.com)"
66.249.66.75 - - [25/Dec/2025:14:17:50 +0100] "GET /189940107.shtml HTTP/1.1" 200 194954 "-" "Mozilla/5.0 (Linux; Android 6.0.1; Nexus 5X Build/MMB29P) AppleWebKit/537.36 (KHTML, like Gecko) Chrome/141.0.7390.122 Mobile Safari/537.36 (compatible; Googlebot/2.1; +http://www.google.com/bot.html)"
74.7.241.39 - - [25/Dec/2025:14:17:52 +0100] "GET /952038189.shtml HTTP/1.1" 200 65496 "-" "Mozilla/5.0 AppleWebKit/537.36 (KHTML, like Gecko; compatible; GPTBot/1.3; +https://openai.com/gptbot)"
142.54.239.1 - - [25/Dec/2025:14:17:53 +0100] "GET /wp-login.php?wp_lang=en_US HTTP/1.1" 421 322 "-" "Mozilla/5.0 (Windows NT 10.0; Win64; x64) AppleWebKit/537.36 (KHTML, like Gecko) Chrome/124.0.6367.207 Safari/537.36"
216.73.216.38 - - [25/Dec/2025:14:17:54 +0100] "GET /3935065475.shtml?fileloc=%2Fhome%2Fsemanacmab%2Fpublic_html%2Fwp-content%2Flanguages%2Fcontinents-cities-es_ES.l10n.php&path=%2Fhome%2Fsemanacmab%2Fpublic_html%2Fwp-content%2Flanguages HTTP/1.1" 200 36731 "-" "Mozilla/5.0 AppleWebKit/537.36 (KHTML, like Gecko; compatible; ClaudeBot/1.0; +claudebot@anthropic.com)"
74.7.241.39 - - [25/Dec/2025:14:17:56 +0100] "GET /250485941.shtml HTTP/1.1" 200 65496 "-" "Mozilla/5.0 AppleWebKit/537.36 (KHTML, like Gecko; compatible; GPTBot/1.3; +https://openai.com/gptbot)"
216.73.216.38 - - [25/Dec/2025:14:17:57 +0100] "GET /1554056885.shtml?fileloc=%2Fhome%2Fsemanacmab%2Fpublic_html%2Fwp-includes%2Fblocks%2Fpage-list%2F.htaccess&path=%2Fhome%2Fsemanacmab%2Fpublic_html%2Fwp-includes%2Fblocks%2Fpage-list HTTP/1.1" 200 12774 "-" "Mozilla/5.0 AppleWebKit/537.36 (KHTML, like Gecko; compatible; ClaudeBot/1.0; +claudebot@anthropic.com)"
74.7.241.39 - - [25/Dec/2025:14:17:59 +0100] "GET /792563634.shtml?fileloc=/home/semanacmab/public_html/wp-links-opml.php&path=/home/semanacmab/public_html HTTP/1.1" 200 15417 "-" "Mozilla/5.0 AppleWebKit/537.36 (KHTML, like Gecko; compatible; GPTBot/1.3; +https://openai.com/gptbot)"
216.73.216.38 - - [25/Dec/2025:14:18:00 +0100] "GET /2280296460.shtml?fileloc=%2Fhome%2Fsemanacmab%2Fpublic_html%2F.htaccess&path=%2Fhome%2Fsemanacmab%2Fpublic_html HTTP/1.1" 200 14458 "-" "Mozilla/5.0 AppleWebKit/537.36 (KHTML, like Gecko; compatible; ClaudeBot/1.0; +claudebot@anthropic.com)"
74.7.241.39 - - [25/Dec/2025:14:18:02 +0100] "GET /451143879.shtml HTTP/1.1" 200 65496 "-" "Mozilla/5.0 AppleWebKit/537.36 (KHTML, like Gecko; compatible; GPTBot/1.3; +https://openai.com/gptbot)"
216.73.216.38 - - [25/Dec/2025:14:18:03 +0100] "GET /3811235223.shtml?fileloc=%2Fhome%2Fsemanacmab%2Fpublic_html%2Fwp-signup.php&path=%2Fhome%2Fsemanacmab%2Fpublic_html HTTP/1.1" 200 53892 "-" "Mozilla/5.0 AppleWebKit/537.36 (KHTML, like Gecko; compatible; ClaudeBot/1.0; +claudebot@anthropic.com)"
74.7.241.39 - - [25/Dec/2025:14:18:05 +0100] "GET /405371724.shtml HTTP/1.1" 200 65496 "-" "Mozilla/5.0 AppleWebKit/537.36 (KHTML, like Gecko; compatible; GPTBot/1.3; +https://openai.com/gptbot)"
216.73.216.38 - - [25/Dec/2025:14:18:06 +0100] "GET /3344836837.shtml?fileloc=%2Fhome%2Fsemanacmab%2Fpublic_html%2Fwp-content%2Flanguages%2Fca-77fdfadaf2e1ca3a027d1956b910bc50.json&path=%2Fhome%2Fsemanacmab%2Fpublic_html%2Fwp-content%2Flanguages HTTP/1.1" 200 14216 "-" "Mozilla/5.0 AppleWebKit/537.36 (KHTML, like Gecko; compatible; ClaudeBot/1.0; +claudebot@anthropic.com)"
114.119.130.177 - - [25/Dec/2025:14:18:08 +0100] "GET /?y=34015413141350 HTTP/1.1" 200 65496 "https://semanamundial.com/?y=34015413141350" "Mozilla/5.0 (Linux; Android 7.0;) AppleWebKit/537.36 (KHTML, like Gecko) Mobile Safari/537.36 (compatible; PetalBot;+https://webmaster.petalsearch.com/site/petalbot)"
74.7.241.39 - - [25/Dec/2025:14:18:08 +0100] "GET /865437726.shtml?path=/home HTTP/1.1" 200 12642 "-" "Mozilla/5.0 AppleWebKit/537.36 (KHTML, like Gecko; compatible; GPTBot/1.3; +https://openai.com/gptbot)"
216.73.216.38 - - [25/Dec/2025:14:18:09 +0100] "GET /3185388352.shtml?fileloc=%2Fhome%2Fsemanacmab%2Fpublic_html%2Fwp-content%2Flanguages%2Fcontinents-cities-ca.mo&path=%2Fhome%2Fsemanacmab%2Fpublic_html%2Fwp-content%2Flanguages HTTP/1.1" 200 35047 "-" "Mozilla/5.0 AppleWebKit/537.36 (KHTML, like Gecko; compatible; ClaudeBot/1.0; +claudebot@anthropic.com)"
74.7.241.39 - - [25/Dec/2025:14:18:11 +0100] "GET /673482984.shtml?path=/home/semanacmab/public_html/wp-admin_kk HTTP/1.1" 200 170492 "-" "Mozilla/5.0 AppleWebKit/537.36 (KHTML, like Gecko; compatible; GPTBot/1.3; +https://openai.com/gptbot)"
216.73.216.38 - - [25/Dec/2025:14:18:12 +0100] "GET /1108023347.shtml?fileloc=%2Fhome%2Fsemanacmab%2Fpublic_html%2Fwp-content%2Flanguages%2Fca-bf0f094965d3d4a95b47babcb35fc136.json&path=%2Fhome%2Fsemanacmab%2Fpublic_html%2Fwp-content%2Flanguages HTTP/1.1" 200 73860 "-" "Mozilla/5.0 AppleWebKit/537.36 (KHTML, like Gecko; compatible; ClaudeBot/1.0; +claudebot@anthropic.com)"
74.7.241.39 - - [25/Dec/2025:14:18:14 +0100] "GET /378914730.shtml HTTP/1.1" 200 65496 "-" "Mozilla/5.0 AppleWebKit/537.36 (KHTML, like Gecko; compatible; GPTBot/1.3; +https://openai.com/gptbot)"
192.252.215.5 - - [25/Dec/2025:14:18:15 +0100] "GET /wp-login.php?wp_lang=en_US HTTP/1.1" 421 322 "-" "Mozilla/5.0 (Windows NT 10.0; Win64; x64) AppleWebKit/537.36 (KHTML, like Gecko) Chrome/124.0.6367.207 Safari/537.36"
216.73.216.38 - - [25/Dec/2025:14:18:15 +0100] "GET /617795864.shtml?fileloc=%2Fhome%2Fsemanacmab%2Fpublic_html%2Fwp-content%2Flanguages%2Fca-a25d1cc7bf7ca0b4e114f6bea64943f4.json&path=%2Fhome%2Fsemanacmab%2Fpublic_html%2Fwp-content%2Flanguages HTTP/1.1" 200 13191 "-" "Mozilla/5.0 AppleWebKit/537.36 (KHTML, like Gecko; compatible; ClaudeBot/1.0; +claudebot@anthropic.com)"
216.73.216.38 - - [25/Dec/2025:14:18:18 +0100] "GET /3344836837.shtml?fileloc=%2Fhome%2Fsemanacmab%2Fpublic_html%2Fwp-content%2Flanguages%2Fcontinents-cities-es_ES.l10n.php&path=%2Fhome%2Fsemanacmab%2Fpublic_html%2Fwp-content%2Flanguages HTTP/1.1" 200 36731 "-" "Mozilla/5.0 AppleWebKit/537.36 (KHTML, like Gecko; compatible; ClaudeBot/1.0; +claudebot@anthropic.com)"
74.7.241.39 - - [25/Dec/2025:14:18:18 +0100] "GET /620639951.shtml HTTP/1.1" 200 65496 "-" "Mozilla/5.0 AppleWebKit/537.36 (KHTML, like Gecko; compatible; GPTBot/1.3; +https://openai.com/gptbot)"
216.73.216.38 - - [25/Dec/2025:14:18:21 +0100] "GET /3477055713.shtml?fileloc=%2Fhome%2Fsemanacmab%2Fpublic_html%2Fwp-signup.php&path=%2Fhome%2Fsemanacmab%2Fpublic_html HTTP/1.1" 200 53892 "-" "Mozilla/5.0 AppleWebKit/537.36 (KHTML, like Gecko; compatible; ClaudeBot/1.0; +claudebot@anthropic.com)"
74.7.241.39 - - [25/Dec/2025:14:18:21 +0100] "GET /654279056.shtml?path=/home/semanacmab/public_html/.tmb HTTP/1.1" 200 14308 "-" "Mozilla/5.0 AppleWebKit/537.36 (KHTML, like Gecko; compatible; GPTBot/1.3; +https://openai.com/gptbot)"
216.73.216.38 - - [25/Dec/2025:14:18:24 +0100] "GET /857145565.shtml?fileloc=%2Fhome%2Fsemanacmab%2Fpublic_html%2Fkk%2Fwp-cron.php&path=%2Fhome%2Fsemanacmab%2Fpublic_html%2Fkk HTTP/1.1" 200 18382 "-" "Mozilla/5.0 AppleWebKit/537.36 (KHTML, like Gecko; compatible; ClaudeBot/1.0; +claudebot@anthropic.com)"
74.7.241.39 - - [25/Dec/2025:14:18:24 +0100] "GET /838045794.shtml HTTP/1.1" 200 65496 "-" "Mozilla/5.0 AppleWebKit/537.36 (KHTML, like Gecko; compatible; GPTBot/1.3; +https://openai.com/gptbot)"
66.249.66.77 - - [25/Dec/2025:14:18:24 +0100] "GET /?shopdetail/sectional/20112650380 HTTP/1.1" 200 195621 "-" "Mozilla/5.0 (Linux; Android 6.0.1; Nexus 5X Build/MMB29P) AppleWebKit/537.36 (KHTML, like Gecko) Chrome/141.0.7390.122 Mobile Safari/537.36 (compatible; Googlebot/2.1; +http://www.google.com/bot.html)"
66.249.66.40 - - [25/Dec/2025:14:18:25 +0100] "GET /robots.txt HTTP/1.1" 200 82 "-" "Mozilla/5.0 (compatible; Googlebot/2.1; +http://www.google.com/bot.html)"
216.73.216.38 - - [25/Dec/2025:14:18:27 +0100] "GET /2335623914.shtml?fileloc=%2Fhome%2Fsemanacmab%2Fpublic_html%2Fwp-content%2Flanguages%2Fca-7b74c8457eaa7fcc50db41b431f8a003.json&path=%2Fhome%2Fsemanacmab%2Fpublic_html%2Fwp-content%2Flanguages HTTP/1.1" 200 13429 "-" "Mozilla/5.0 AppleWebKit/537.36 (KHTML, like Gecko; compatible; ClaudeBot/1.0; +claudebot@anthropic.com)"
74.7.241.39 - - [25/Dec/2025:14:18:27 +0100] "GET /382291435.shtml HTTP/1.1" 200 65496 "-" "Mozilla/5.0 AppleWebKit/537.36 (KHTML, like Gecko; compatible; GPTBot/1.3; +https://openai.com/gptbot)"
216.73.216.38 - - [25/Dec/2025:14:18:30 +0100] "GET /440369831.shtml?fileloc=%2Fhome%2Fsemanacmab%2Fpublic_html%2Fwp-signup.php&path=%2Fhome%2Fsemanacmab%2Fpublic_html HTTP/1.1" 200 53892 "-" "Mozilla/5.0 AppleWebKit/537.36 (KHTML, like Gecko; compatible; ClaudeBot/1.0; +claudebot@anthropic.com)"
74.7.241.39 - - [25/Dec/2025:14:18:30 +0100] "GET /250485941.shtml?fileloc=/home/semanacmab/public_html/wp-comments-post.php&path=/home/semanacmab/public_html HTTP/1.1" 200 15040 "-" "Mozilla/5.0 AppleWebKit/537.36 (KHTML, like Gecko; compatible; GPTBot/1.3; +https://openai.com/gptbot)"
172.212.113.5 - - [25/Dec/2025:14:18:31 +0100] "GET /wp-login.php?wp_lang=en_US HTTP/1.1" 200 65496 "-" "Mozilla/5.0 (Windows NT 10.0; Win64; x64) AppleWebKit/537.36 (KHTML, like Gecko) Chrome/124.0.6367.207 Safari/537.36"
216.73.216.38 - - [25/Dec/2025:14:18:33 +0100] "GET /2867148393.shtml?fileloc=%2Fhome%2Fsemanacmab%2Fpublic_html%2Freadme.html&path=%2Fhome%2Fsemanacmab%2Fpublic_html HTTP/1.1" 200 21697 "-" "Mozilla/5.0 AppleWebKit/537.36 (KHTML, like Gecko; compatible; ClaudeBot/1.0; +claudebot@anthropic.com)"
74.7.241.39 - - [25/Dec/2025:14:18:33 +0100] "GET /701918529.shtml HTTP/1.1" 200 65496 "-" "Mozilla/5.0 AppleWebKit/537.36 (KHTML, like Gecko; compatible; GPTBot/1.3; +https://openai.com/gptbot)"
15.185.97.242 - - [25/Dec/2025:14:18:35 +0100] "POST /xmlrpc.php HTTP/1.1" 200 65496 "-" "Mozilla/5.0 (Windows NT 10.0; Win64; x64; rv:46.0) Gecko/20100101 Firefox/46.0"
216.73.216.38 - - [25/Dec/2025:14:18:36 +0100] "GET /3935065475.shtml?fileloc=%2Fhome%2Fsemanacmab%2Fpublic_html%2Fwp-content%2Flanguages%2Fca-a25d1cc7bf7ca0b4e114f6bea64943f4.json&path=%2Fhome%2Fsemanacmab%2Fpublic_html%2Fwp-content%2Flanguages HTTP/1.1" 200 13191 "-" "Mozilla/5.0 AppleWebKit/537.36 (KHTML, like Gecko; compatible; ClaudeBot/1.0; +claudebot@anthropic.com)"
74.7.241.39 - - [25/Dec/2025:14:18:36 +0100] "GET /457381301.shtml HTTP/1.1" 200 65496 "-" "Mozilla/5.0 AppleWebKit/537.36 (KHTML, like Gecko; compatible; GPTBot/1.3; +https://openai.com/gptbot)"
216.73.216.38 - - [25/Dec/2025:14:18:39 +0100] "GET /1432391223.shtml?fileloc=%2Fhome%2Fsemanacmab%2Fpublic_html%2Fwp-signup.php&path=%2Fhome%2Fsemanacmab%2Fpublic_html HTTP/1.1" 200 53892 "-" "Mozilla/5.0 AppleWebKit/537.36 (KHTML, like Gecko; compatible; ClaudeBot/1.0; +claudebot@anthropic.com)"
74.7.241.39 - - [25/Dec/2025:14:18:40 +0100] "GET /405371724.shtml?path=/home/semanacmab/public_html/wp-admin HTTP/1.1" 200 169289 "-" "Mozilla/5.0 AppleWebKit/537.36 (KHTML, like Gecko; compatible; GPTBot/1.3; +https://openai.com/gptbot)"
103.157.79.82 - - [25/Dec/2025:14:18:42 +0100] "GET /wp-login.php?wp_lang=en_US HTTP/1.1" 200 65496 "-" "Mozilla/5.0 (Windows NT 10.0; Win64; x64) AppleWebKit/537.36 (KHTML, like Gecko) Chrome/124.0.6367.207 Safari/537.36"
216.73.216.38 - - [25/Dec/2025:14:18:42 +0100] "GET /2104100039.shtml?fileloc=%2Fhome%2Fsemanacmab%2Fpublic_html%2Fwp-admin_kk%2Foptions-media.php&path=%2Fhome%2Fsemanacmab%2Fpublic_html%2Fwp-admin_kk HTTP/1.1" 200 21909 "-" "Mozilla/5.0 AppleWebKit/537.36 (KHTML, like Gecko; compatible; ClaudeBot/1.0; +claudebot@anthropic.com)"
104.244.75.4 - - [25/Dec/2025:14:18:42 +0100] "GET /wp-login.php HTTP/1.1" 200 65496 "-" "Mozilla/5.0 (Macintosh; Intel Mac OS X 10_9_4) AppleWebKit/537.78.2 (KHTML, like Gecko) Version/7.0.6 Safari/537.78.2"
74.7.241.39 - - [25/Dec/2025:14:18:43 +0100] "GET /405371724.shtml?fileloc=/home/semanacmab/public_html/wp-blog-header.php&path=/home/semanacmab/public_html HTTP/1.1" 200 12890 "-" "Mozilla/5.0 AppleWebKit/537.36 (KHTML, like Gecko; compatible; GPTBot/1.3; +https://openai.com/gptbot)"
216.73.216.38 - - [25/Dec/2025:14:18:45 +0100] "GET /1108023347.shtml?fileloc=%2Fhome%2Fsemanacmab%2Fpublic_html%2Fwp-content%2Flanguages%2Fca-77fdfadaf2e1ca3a027d1956b910bc50.json&path=%2Fhome%2Fsemanacmab%2Fpublic_html%2Fwp-content%2Flanguages HTTP/1.1" 200 14216 "-" "Mozilla/5.0 AppleWebKit/537.36 (KHTML, like Gecko; compatible; ClaudeBot/1.0; +claudebot@anthropic.com)"
192.111.130.2 - - [25/Dec/2025:14:18:45 +0100] "GET /wp-login.php?wp_lang=en_US HTTP/1.1" 421 322 "-" "Mozilla/5.0 (Windows NT 10.0; Win64; x64) AppleWebKit/537.36 (KHTML, like Gecko) Chrome/124.0.6367.207 Safari/537.36"
74.7.241.39 - - [25/Dec/2025:14:18:46 +0100] "GET /182540156.shtml HTTP/1.1" 200 65496 "-" "Mozilla/5.0 AppleWebKit/537.36 (KHTML, like Gecko; compatible; GPTBot/1.3; +https://openai.com/gptbot)"
216.73.216.38 - - [25/Dec/2025:14:18:48 +0100] "GET /3884490332.shtml?fileloc=%2Fhome%2Fsemanacmab%2Fpublic_html%2Fwp-signup.php&path=%2Fhome%2Fsemanacmab%2Fpublic_html HTTP/1.1" 200 53892 "-" "Mozilla/5.0 AppleWebKit/537.36 (KHTML, like Gecko; compatible; ClaudeBot/1.0; +claudebot@anthropic.com)"
68.71.251.134 - - [25/Dec/2025:14:18:49 +0100] "GET /wp-login.php?wp_lang=en_US HTTP/1.1" 421 322 "-" "Mozilla/5.0 (Windows NT 10.0; Win64; x64) AppleWebKit/537.36 (KHTML, like Gecko) Chrome/124.0.6367.207 Safari/537.36"
74.7.241.39 - - [25/Dec/2025:14:18:49 +0100] "GET /582664038.shtml HTTP/1.1" 200 65496 "-" "Mozilla/5.0 AppleWebKit/537.36 (KHTML, like Gecko; compatible; GPTBot/1.3; +https://openai.com/gptbot)"
216.73.216.38 - - [25/Dec/2025:14:18:51 +0100] "GET /2704462871.shtml?fileloc=%2Fhome%2Fsemanacmab%2Fpublic_html%2Fwp-content%2Flanguages%2Fca-bf0f094965d3d4a95b47babcb35fc136.json&path=%2Fhome%2Fsemanacmab%2Fpublic_html%2Fwp-content%2Flanguages HTTP/1.1" 200 73860 "-" "Mozilla/5.0 AppleWebKit/537.36 (KHTML, like Gecko; compatible; ClaudeBot/1.0; +claudebot@anthropic.com)"
74.7.241.39 - - [25/Dec/2025:14:18:52 +0100] "GET /620639951.shtml?fileloc=/home/semanacmab/public_html/wp-config-sample.php&path=/home/semanacmab/public_html HTTP/1.1" 200 16088 "-" "Mozilla/5.0 AppleWebKit/537.36 (KHTML, like Gecko; compatible; GPTBot/1.3; +https://openai.com/gptbot)"
167.114.206.241 - - [25/Dec/2025:14:18:54 +0100] "POST /xmlrpc.php HTTP/1.1" 200 65496 "-" "Mozilla/5.0 (Windows NT 10.0; Win64; x64; rv:59.0) Gecko/20100101 Firefox/59.0"
216.73.216.38 - - [25/Dec/2025:14:18:54 +0100] "GET /2234524289.shtml?fileloc=%2Fhome%2Fsemanacmab%2Fpublic_html%2Fwp-admin%2Fsite-health.php&path=%2Fhome%2Fsemanacmab%2Fpublic_html%2Fwp-admin HTTP/1.1" 200 25769 "-" "Mozilla/5.0 AppleWebKit/537.36 (KHTML, like Gecko; compatible; ClaudeBot/1.0; +claudebot@anthropic.com)"
74.7.241.39 - - [25/Dec/2025:14:18:55 +0100] "GET /718895143.shtml HTTP/1.1" 200 65496 "-" "Mozilla/5.0 AppleWebKit/537.36 (KHTML, like Gecko; compatible; GPTBot/1.3; +https://openai.com/gptbot)"
216.73.216.38 - - [25/Dec/2025:14:18:57 +0100] "GET /1108023347.shtml?fileloc=%2Fhome%2Fsemanacmab%2Fpublic_html%2Fwp-content%2Flanguages%2Fcontinents-cities-es_ES.l10n.php&path=%2Fhome%2Fsemanacmab%2Fpublic_html%2Fwp-content%2Flanguages HTTP/1.1" 200 36731 "-" "Mozilla/5.0 AppleWebKit/537.36 (KHTML, like Gecko; compatible; ClaudeBot/1.0; +claudebot@anthropic.com)"
66.249.66.166 - - [25/Dec/2025:14:18:57 +0100] "GET /?shopdetail/amature/20102208876 HTTP/1.1" 200 197743 "-" "Mozilla/5.0 (Linux; Android 6.0.1; Nexus 5X Build/MMB29P) AppleWebKit/537.36 (KHTML, like Gecko) Chrome/141.0.7390.122 Mobile Safari/537.36 (compatible; Googlebot/2.1; +http://www.google.com/bot.html)"
74.7.241.39 - - [25/Dec/2025:14:18:58 +0100] "GET /838045794.shtml?fileloc=/home/semanacmab/public_html/wp-signup.php&path=/home/semanacmab/public_html HTTP/1.1" 200 53892 "-" "Mozilla/5.0 AppleWebKit/537.36 (KHTML, like Gecko; compatible; GPTBot/1.3; +https://openai.com/gptbot)"
216.73.216.38 - - [25/Dec/2025:14:19:00 +0100] "GET /3460701628.shtml?fileloc=%2Fhome%2Fsemanacmab%2Fpublic_html%2Fwp-signup.php&path=%2Fhome%2Fsemanacmab%2Fpublic_html HTTP/1.1" 200 53892 "-" "Mozilla/5.0 AppleWebKit/537.36 (KHTML, like Gecko; compatible; ClaudeBot/1.0; +claudebot@anthropic.com)"
184.178.172.14 - - [25/Dec/2025:14:19:01 +0100] "GET /wp-login.php?wp_lang=en_US HTTP/1.1" 421 322 "-" "Mozilla/5.0 (Windows NT 10.0; Win64; x64) AppleWebKit/537.36 (KHTML, like Gecko) Chrome/124.0.6367.207 Safari/537.36"
74.7.241.39 - - [25/Dec/2025:14:19:02 +0100] "GET /382291435.shtml?path=/home/semanacmab/public_html/.well-known HTTP/1.1" 200 15787 "-" "Mozilla/5.0 AppleWebKit/537.36 (KHTML, like Gecko; compatible; GPTBot/1.3; +https://openai.com/gptbot)"
216.73.216.38 - - [25/Dec/2025:14:19:03 +0100] "GET /2403174221.shtml?fileloc=%2Fhome%2Fsemanacmab%2Fpublic_html%2Fwp-includes%2Fblocks%2Fpost-author-name%2Fstyle-rtl.min.css&path=%2Fhome%2Fsemanacmab%2Fpublic_html%2Fwp-includes%2Fblocks%2Fpost-author-name HTTP/1.1" 200 12703 "-" "Mozilla/5.0 AppleWebKit/537.36 (KHTML, like Gecko; compatible; ClaudeBot/1.0; +claudebot@anthropic.com)"
74.7.241.39 - - [25/Dec/2025:14:19:05 +0100] "GET /602264571.shtml HTTP/1.1" 200 65496 "-" "Mozilla/5.0 AppleWebKit/537.36 (KHTML, like Gecko; compatible; GPTBot/1.3; +https://openai.com/gptbot)"
216.73.216.38 - - [25/Dec/2025:14:19:06 +0100] "GET /4184966175.shtml?fileloc=%2Fhome%2Fsemanacmab%2Fpublic_html%2Fwp-admin%2Fsite-health.php&path=%2Fhome%2Fsemanacmab%2Fpublic_html%2Fwp-admin HTTP/1.1" 200 25769 "-" "Mozilla/5.0 AppleWebKit/537.36 (KHTML, like Gecko; compatible; ClaudeBot/1.0; +claudebot@anthropic.com)"
74.7.241.39 - - [25/Dec/2025:14:19:08 +0100] "GET /351978125.shtml HTTP/1.1" 200 65496 "-" "Mozilla/5.0 AppleWebKit/537.36 (KHTML, like Gecko; compatible; GPTBot/1.3; +https://openai.com/gptbot)"
216.73.216.38 - - [25/Dec/2025:14:19:09 +0100] "GET /3279710744.shtml?fileloc=%2Fhome%2Fsemanacmab%2Fpublic_html%2Freadme.html&path=%2Fhome%2Fsemanacmab%2Fpublic_html HTTP/1.1" 200 21697 "-" "Mozilla/5.0 AppleWebKit/537.36 (KHTML, like Gecko; compatible; ClaudeBot/1.0; +claudebot@anthropic.com)"
74.7.241.39 - - [25/Dec/2025:14:19:11 +0100] "GET /960603724.shtml HTTP/1.1" 200 65496 "-" "Mozilla/5.0 AppleWebKit/537.36 (KHTML, like Gecko; compatible; GPTBot/1.3; +https://openai.com/gptbot)"
216.73.216.38 - - [25/Dec/2025:14:19:12 +0100] "GET /3879901528.shtml?fileloc=%2Fhome%2Fsemanacmab%2Fpublic_html%2Fwp-content%2Flanguages%2Fca-7b74c8457eaa7fcc50db41b431f8a003.json&path=%2Fhome%2Fsemanacmab%2Fpublic_html%2Fwp-content%2Flanguages HTTP/1.1" 200 13429 "-" "Mozilla/5.0 AppleWebKit/537.36 (KHTML, like Gecko; compatible; ClaudeBot/1.0; +claudebot@anthropic.com)"
74.7.241.39 - - [25/Dec/2025:14:19:15 +0100] "GET /602135582.shtml HTTP/1.1" 200 65496 "-" "Mozilla/5.0 AppleWebKit/537.36 (KHTML, like Gecko; compatible; GPTBot/1.3; +https://openai.com/gptbot)"
216.73.216.38 - - [25/Dec/2025:14:19:15 +0100] "GET /3641512876.shtml?fileloc=%2Fhome%2Fsemanacmab%2Fpublic_html%2Fwp-includes%2Fblocks%2Fpost-author-name%2F.htaccess&path=%2Fhome%2Fsemanacmab%2Fpublic_html%2Fwp-includes%2Fblocks%2Fpost-author-name HTTP/1.1" 200 12795 "-" "Mozilla/5.0 AppleWebKit/537.36 (KHTML, like Gecko; compatible; ClaudeBot/1.0; +claudebot@anthropic.com)"
216.73.216.38 - - [25/Dec/2025:14:19:18 +0100] "GET /49283857.shtml?fileloc=%2Fhome%2Fsemanacmab%2Fpublic_html%2Fwp-includes%2Fblocks%2Fpost-author-name%2F.htaccess&path=%2Fhome%2Fsemanacmab%2Fpublic_html%2Fwp-includes%2Fblocks%2Fpost-author-name HTTP/1.1" 200 12795 "-" "Mozilla/5.0 AppleWebKit/537.36 (KHTML, like Gecko; compatible; ClaudeBot/1.0; +claudebot@anthropic.com)"
74.7.241.39 - - [25/Dec/2025:14:19:18 +0100] "GET /798493086.shtml HTTP/1.1" 200 65496 "-" "Mozilla/5.0 AppleWebKit/537.36 (KHTML, like Gecko; compatible; GPTBot/1.3; +https://openai.com/gptbot)"
216.73.216.38 - - [25/Dec/2025:14:19:21 +0100] "GET /3344836837.shtml?fileloc=%2Fhome%2Fsemanacmab%2Fpublic_html%2Fwp-content%2Flanguages%2Fca-a25d1cc7bf7ca0b4e114f6bea64943f4.json&path=%2Fhome%2Fsemanacmab%2Fpublic_html%2Fwp-content%2Flanguages HTTP/1.1" 200 13191 "-" "Mozilla/5.0 AppleWebKit/537.36 (KHTML, like Gecko; compatible; ClaudeBot/1.0; +claudebot@anthropic.com)"
74.7.241.39 - - [25/Dec/2025:14:19:21 +0100] "GET /110860275.shtml HTTP/1.1" 200 65496 "-" "Mozilla/5.0 AppleWebKit/537.36 (KHTML, like Gecko; compatible; GPTBot/1.3; +https://openai.com/gptbot)"
216.73.216.38 - - [25/Dec/2025:14:19:24 +0100] "GET /3935065475.shtml?fileloc=%2Fhome%2Fsemanacmab%2Fpublic_html%2Fxxxx.php&path=%2Fhome%2Fsemanacmab%2Fpublic_html HTTP/1.1" 200 484718 "-" "Mozilla/5.0 AppleWebKit/537.36 (KHTML, like Gecko; compatible; ClaudeBot/1.0; +claudebot@anthropic.com)"
74.7.241.39 - - [25/Dec/2025:14:19:24 +0100] "GET /534788241.shtml HTTP/1.1" 200 65496 "-" "Mozilla/5.0 AppleWebKit/537.36 (KHTML, like Gecko; compatible; GPTBot/1.3; +https://openai.com/gptbot)"
104.206.98.154 - - [25/Dec/2025:14:19:27 +0100] "GET /wp-login.php?wp_lang=en_US HTTP/1.1" 200 65496 "-" "Mozilla/5.0 (Windows NT 10.0; Win64; x64) AppleWebKit/537.36 (KHTML, like Gecko) Chrome/124.0.6367.207 Safari/537.36"
216.73.216.38 - - [25/Dec/2025:14:19:27 +0100] "GET /2704462871.shtml?fileloc=%2Fhome%2Fsemanacmab%2Fpublic_html%2Fwp-content%2Flanguages%2Fca-77fdfadaf2e1ca3a027d1956b910bc50.json&path=%2Fhome%2Fsemanacmab%2Fpublic_html%2Fwp-content%2Flanguages HTTP/1.1" 200 14216 "-" "Mozilla/5.0 AppleWebKit/537.36 (KHTML, like Gecko; compatible; ClaudeBot/1.0; +claudebot@anthropic.com)"
74.7.241.39 - - [25/Dec/2025:14:19:27 +0100] "GET /869097162.shtml HTTP/1.1" 200 65496 "-" "Mozilla/5.0 AppleWebKit/537.36 (KHTML, like Gecko; compatible; GPTBot/1.3; +https://openai.com/gptbot)"
114.119.142.135 - - [25/Dec/2025:14:19:28 +0100] "GET /?y=69463474041350 HTTP/1.1" 200 65496 "https://semanamundial.com/?y=69463474041350" "Mozilla/5.0 (Linux; Android 7.0;) AppleWebKit/537.36 (KHTML, like Gecko) Mobile Safari/537.36 (compatible; PetalBot;+https://webmaster.petalsearch.com/site/petalbot)"
74.7.241.39 - - [25/Dec/2025:14:19:31 +0100] "GET /718895143.shtml?path=/home/semanacmab/public_html/wp-admin_kk HTTP/1.1" 200 170492 "-" "Mozilla/5.0 AppleWebKit/537.36 (KHTML, like Gecko; compatible; GPTBot/1.3; +https://openai.com/gptbot)"
66.249.66.75 - - [25/Dec/2025:14:19:30 +0100] "GET /?shopdetail/fairly/20112998652 HTTP/1.1" 200 198874 "-" "Mozilla/5.0 (Linux; Android 6.0.1; Nexus 5X Build/MMB29P) AppleWebKit/537.36 (KHTML, like Gecko) Chrome/141.0.7390.122 Mobile Safari/537.36 (compatible; Googlebot/2.1; +http://www.google.com/bot.html)"
216.73.216.38 - - [25/Dec/2025:14:19:33 +0100] "GET /784117683.shtml?fileloc=%2F%2Fusr%2Fsbin%2Fslattach&path=%2F%2Fusr%2Fsbin HTTP/1.1" 200 71069 "-" "Mozilla/5.0 AppleWebKit/537.36 (KHTML, like Gecko; compatible; ClaudeBot/1.0; +claudebot@anthropic.com)"
74.7.241.39 - - [25/Dec/2025:14:19:34 +0100] "GET /749841332.shtml HTTP/1.1" 200 65496 "-" "Mozilla/5.0 AppleWebKit/537.36 (KHTML, like Gecko; compatible; GPTBot/1.3; +https://openai.com/gptbot)"
216.73.216.38 - - [25/Dec/2025:14:19:35 +0100] "GET /784117683.shtml?fileloc=%2F%2Fusr%2Fsbin%2Fethtool&path=%2F%2Fusr%2Fsbin HTTP/1.1" 200 415818 "-" "Mozilla/5.0 AppleWebKit/537.36 (KHTML, like Gecko; compatible; ClaudeBot/1.0; +claudebot@anthropic.com)"
74.7.241.39 - - [25/Dec/2025:14:19:37 +0100] "GET /336519264.shtml HTTP/1.1" 200 65496 "-" "Mozilla/5.0 AppleWebKit/537.36 (KHTML, like Gecko; compatible; GPTBot/1.3; +https://openai.com/gptbot)"
216.73.216.38 - - [25/Dec/2025:14:19:38 +0100] "GET /784117683.shtml?fileloc=%2F%2Fusr%2Fsbin%2Ftelinit&path=%2F%2Fusr%2Fsbin HTTP/1.1" 200 1129266 "-" "Mozilla/5.0 AppleWebKit/537.36 (KHTML, like Gecko; compatible; ClaudeBot/1.0; +claudebot@anthropic.com)"
74.7.241.39 - - [25/Dec/2025:14:19:40 +0100] "GET /165021579.shtml HTTP/1.1" 200 65496 "-" "Mozilla/5.0 AppleWebKit/537.36 (KHTML, like Gecko; compatible; GPTBot/1.3; +https://openai.com/gptbot)"
216.73.216.38 - - [25/Dec/2025:14:19:41 +0100] "GET /2757429847.shtml?path=%2Fhome%2Fsemanacmab%2Fpublic_html%2Fwp-includes%2Fblock-patterns HTTP/1.1" 200 26110 "-" "Mozilla/5.0 AppleWebKit/537.36 (KHTML, like Gecko; compatible; ClaudeBot/1.0; +claudebot@anthropic.com)"
68.71.243.14 - - [25/Dec/2025:14:19:41 +0100] "GET /wp-login.php?wp_lang=en_US HTTP/1.1" 421 322 "-" "Mozilla/5.0 (Windows NT 10.0; Win64; x64) AppleWebKit/537.36 (KHTML, like Gecko) Chrome/124.0.6367.207 Safari/537.36"
172.212.113.5 - - [25/Dec/2025:14:19:43 +0100] "GET /wp-login.php?wp_lang=en_US HTTP/1.1" 200 65496 "-" "Mozilla/5.0 (Windows NT 10.0; Win64; x64) AppleWebKit/537.36 (KHTML, like Gecko) Chrome/124.0.6367.207 Safari/537.36"
74.7.241.39 - - [25/Dec/2025:14:19:43 +0100] "GET /667914725.shtml HTTP/1.1" 200 65496 "-" "Mozilla/5.0 AppleWebKit/537.36 (KHTML, like Gecko; compatible; GPTBot/1.3; +https://openai.com/gptbot)"
216.73.216.38 - - [25/Dec/2025:14:19:44 +0100] "GET /1146223006.shtml?path=%2Fhome%2Fsemanacmab%2Fpublic_html%2Fwp-includes%2Fblock-patterns HTTP/1.1" 200 26110 "-" "Mozilla/5.0 AppleWebKit/537.36 (KHTML, like Gecko; compatible; ClaudeBot/1.0; +claudebot@anthropic.com)"
98.178.72.21 - - [25/Dec/2025:14:19:45 +0100] "GET /wp-login.php?wp_lang=en_US HTTP/1.1" 421 322 "-" "Mozilla/5.0 (Windows NT 10.0; Win64; x64) AppleWebKit/537.36 (KHTML, like Gecko) Chrome/124.0.6367.207 Safari/537.36"
74.7.241.39 - - [25/Dec/2025:14:19:47 +0100] "GET /895498620.shtml HTTP/1.1" 200 65496 "-" "Mozilla/5.0 AppleWebKit/537.36 (KHTML, like Gecko; compatible; GPTBot/1.3; +https://openai.com/gptbot)"
216.73.216.38 - - [25/Dec/2025:14:19:47 +0100] "GET /784117683.shtml?fileloc=%2F%2Fusr%2Fsbin%2Fsetsebool&path=%2F%2Fusr%2Fsbin HTTP/1.1" 200 31227 "-" "Mozilla/5.0 AppleWebKit/537.36 (KHTML, like Gecko; compatible; ClaudeBot/1.0; +claudebot@anthropic.com)"
66.42.224.229 - - [25/Dec/2025:14:19:48 +0100] "GET /wp-login.php?wp_lang=en_US HTTP/1.1" 421 322 "-" "Mozilla/5.0 (Windows NT 10.0; Win64; x64) AppleWebKit/537.36 (KHTML, like Gecko) Chrome/124.0.6367.207 Safari/537.36"
